-- Table structure for table `EVENTS`
--

CREATE TEMPORARY TABLE `EVENTS` (
  `EVENT_CATALOG` varchar(64) NOT NULL DEFAULT '',
  `EVENT_SCHEMA` varchar(64) NOT NULL DEFAULT '',
  `EVENT_NAME` varchar(64) NOT NULL DEFAULT '',
  `DEFINER` varchar(77) NOT NULL DEFAULT '',
  `TIME_ZONE` varchar(64) NOT NULL DEFAULT '',
  `EVENT_BODY` varchar(8) NOT NULL DEFAULT '',
  `EVENT_DEFINITION` longtext NOT NULL,
  `EVENT_TYPE` varchar(9) NOT NULL DEFAULT '',
  `EXECUTE_AT` datetime DEFAULT NULL,
  `INTERVAL_VALUE` varchar(256) DEFAULT NULL,
  `INTERVAL_FIELD` varchar(18) DEFAULT NULL,
  `SQL_MODE` varchar(8192) NOT NULL DEFAULT '',
  `STARTS` datetime DEFAULT NULL,
  `ENDS` datetime DEFAULT NULL,
  `STATUS` varchar(18) NOT NULL DEFAULT '',
  `ON_COMPLETION` varchar(12) NOT NULL DEFAULT '',
  `CREATED` datetime NOT NULL DEFAULT '0000-00-00 00:00:00',
  `LAST_ALTERED` datetime NOT NULL DEFAULT '0000-00-00 00:00:00',
  `LAST_EXECUTED` datetime DEFAULT NULL,
  `EVENT_COMMENT` varchar(64) NOT NULL DEFAULT '',
  `ORIGINATOR` bigint(10) NOT NULL DEFAULT '0',
  `CHARACTER_SET_CLIENT` varchar(32) NOT NULL DEFAULT '',
  `COLLATION_CONNECTION` varchar(32) NOT NULL DEFAULT '',
  `DATABASE_COLLATION` varchar(32) NOT NULL DEFAULT ''
) ENGINE=MyISAM DEFAULT CHARSET=utf8;

--
-- Dumping data for table `EVENTS`
--


-- --------------------------------------------------------

--
-- Table structure for table `FILES`
--

CREATE TEMPORARY TABLE `FILES` (
  `FILE_ID` bigint(4) NOT NULL DEFAULT '0',
  `FILE_NAME` varchar(64) DEFAULT NULL,
  `FILE_TYPE` varchar(20) NOT NULL DEFAULT '',
  `TABLESPACE_NAME` varchar(64) DEFAULT NULL,
  `TABLE_CATALOG` varchar(64) NOT NULL DEFAULT '',
  `TABLE_SCHEMA` varchar(64) DEFAULT NULL,
  `TABLE_NAME` varchar(64) DEFAULT NULL,
  `LOGFILE_GROUP_NAME` varchar(64) DEFAULT NULL,
  `LOGFILE_GROUP_NUMBER` bigint(4) DEFAULT NULL,
  `ENGINE` varchar(64) NOT NULL DEFAULT '',
  `FULLTEXT_KEYS` varchar(64) DEFAULT NULL,
  `DELETED_ROWS` bigint(4) DEFAULT NULL,
  `UPDATE_COUNT` bigint(4) DEFAULT NULL,
  `FREE_EXTENTS` bigint(4) DEFAULT NULL,
  `TOTAL_EXTENTS` bigint(4) DEFAULT NULL,
  `EXTENT_SIZE` bigint(4) NOT NULL DEFAULT '0',
  `INITIAL_SIZE` bigint(21) unsigned DEFAULT NULL,
  `MAXIMUM_SIZE` bigint(21) unsigned DEFAULT NULL,
  `AUTOEXTEND_SIZE` bigint(21) unsigned DEFAULT NULL,
  `CREATION_TIME` datetime DEFAULT NULL,
  `LAST_UPDATE_TIME` datetime DEFAULT NULL,
  `LAST_ACCESS_TIME` datetime DEFAULT NULL,
  `RECOVER_TIME` bigint(4) DEFAULT NULL,
  `TRANSACTION_COUNTER` bigint(4) DEFAULT NULL,
  `VERSION` bigint(21) unsigned DEFAULT NULL,
  `ROW_FORMAT` varchar(10) DEFAULT NULL,
  `TABLE_ROWS` bigint(21) unsigned DEFAULT NULL,
  `AVG_ROW_LENGTH` bigint(21) unsigned DEFAULT NULL,
  `DATA_LENGTH` bigint(21) unsigned DEFAULT NULL,
  `MAX_DATA_LENGTH` bigint(21) unsigned DEFAULT NULL,
  `INDEX_LENGTH` bigint(21) unsigned DEFAULT NULL,
  `DATA_FREE` bigint(21) unsigned DEFAULT NULL,
  `CREATE_TIME` datetime DEFAULT NULL,
  `UPDATE_TIME` datetime DEFAULT NULL,
  `CHECK_TIME` datetime DEFAULT NULL,
  `CHECKSUM` bigint(21) unsigned DEFAULT NULL,
  `STATUS` varchar(20) NOT NULL DEFAULT '',
  `EXTRA` varchar(255) DEFAULT NULL
) ENGINE=MEMORY DEFAULT CHARSET=utf8;

--
-- Dumping data for table `FILES`
--


-- --------------------------------------------------------

--
-- Table structure for table `GLOBAL_STATUS`
--

CREATE TEMPORARY TABLE `GLOBAL_STATUS` (
  `VARIABLE_NAME` varchar(64) NOT NULL DEFAULT '',
  `VARIABLE_VALUE` varchar(1024) DEFAULT NULL
) ENGINE=MEMORY DEFAULT CHARSET=utf8;

--
-- Dumping data for table `GLOBAL_STATUS`
--

INSERT INTO `GLOBAL_STATUS` VALUES('ABORTED_CLIENTS', '681924');
INSERT INTO `GLOBAL_STATUS` VALUES('ABORTED_CONNECTS', '14720');
INSERT INTO `GLOBAL_STATUS` VALUES('BINLOG_CACHE_DISK_USE', '250565');
INSERT INTO `GLOBAL_STATUS` VALUES('BINLOG_CACHE_USE', '19558628');
INSERT INTO `GLOBAL_STATUS` VALUES('BINLOG_STMT_CACHE_DISK_USE', '446206');
INSERT INTO `GLOBAL_STATUS` VALUES('BINLOG_STMT_CACHE_USE', '90702463');
INSERT INTO `GLOBAL_STATUS` VALUES('BYTES_RECEIVED', '2383012378421');
INSERT INTO `GLOBAL_STATUS` VALUES('BYTES_SENT', '13347860671829');
INSERT INTO `GLOBAL_STATUS` VALUES('COM_ADMIN_COMMANDS', '17204419');
INSERT INTO `GLOBAL_STATUS` VALUES('COM_ASSIGN_TO_KEYCACHE', '0');
INSERT INTO `GLOBAL_STATUS` VALUES('COM_ALTER_DB', '9');
INSERT INTO `GLOBAL_STATUS` VALUES('COM_ALTER_DB_UPGRADE', '0');
INSERT INTO `GLOBAL_STATUS` VALUES('COM_ALTER_EVENT', '0');
INSERT INTO `GLOBAL_STATUS` VALUES('COM_ALTER_FUNCTION', '0');
INSERT INTO `GLOBAL_STATUS` VALUES('COM_ALTER_PROCEDURE', '0');
INSERT INTO `GLOBAL_STATUS` VALUES('COM_ALTER_SERVER', '0');
INSERT INTO `GLOBAL_STATUS` VALUES('COM_ALTER_TABLE', '167488');
INSERT INTO `GLOBAL_STATUS` VALUES('COM_ALTER_TABLESPACE', '0');
INSERT INTO `GLOBAL_STATUS` VALUES('COM_ANALYZE', '0');
INSERT INTO `GLOBAL_STATUS` VALUES('COM_BEGIN', '1069820');
INSERT INTO `GLOBAL_STATUS` VALUES('COM_BINLOG', '0');
INSERT INTO `GLOBAL_STATUS` VALUES('COM_CALL_PROCEDURE', '250024');
INSERT INTO `GLOBAL_STATUS` VALUES('COM_CHANGE_DB', '48223111');
INSERT INTO `GLOBAL_STATUS` VALUES('COM_CHANGE_MASTER', '0');
INSERT INTO `GLOBAL_STATUS` VALUES('COM_CHECK', '1246');
INSERT INTO `GLOBAL_STATUS` VALUES('COM_CHECKSUM', '0');
INSERT INTO `GLOBAL_STATUS` VALUES('COM_COMMIT', '1073479');
INSERT INTO `GLOBAL_STATUS` VALUES('COM_CREATE_DB', '112288');
INSERT INTO `GLOBAL_STATUS` VALUES('COM_CREATE_EVENT', '0');
INSERT INTO `GLOBAL_STATUS` VALUES('COM_CREATE_FUNCTION', '0');
INSERT INTO `GLOBAL_STATUS` VALUES('COM_CREATE_INDEX', '13');
INSERT INTO `GLOBAL_STATUS` VALUES('COM_CREATE_PROCEDURE', '34');
INSERT INTO `GLOBAL_STATUS` VALUES('COM_CREATE_SERVER', '0');
INSERT INTO `GLOBAL_STATUS` VALUES('COM_CREATE_TABLE', '1612871');
INSERT INTO `GLOBAL_STATUS` VALUES('COM_CREATE_TRIGGER', '2');
INSERT INTO `GLOBAL_STATUS` VALUES('COM_CREATE_UDF', '0');
INSERT INTO `GLOBAL_STATUS` VALUES('COM_CREATE_USER', '0');
INSERT INTO `GLOBAL_STATUS` VALUES('COM_CREATE_VIEW', '9');
INSERT INTO `GLOBAL_STATUS` VALUES('COM_DEALLOC_SQL', '233537');
INSERT INTO `GLOBAL_STATUS` VALUES('COM_DELETE', '14655600');
INSERT INTO `GLOBAL_STATUS` VALUES('COM_DELETE_MULTI', '441317');
INSERT INTO `GLOBAL_STATUS` VALUES('COM_DO', '0');
INSERT INTO `GLOBAL_STATUS` VALUES('COM_DROP_DB', '112137');
INSERT INTO `GLOBAL_STATUS` VALUES('COM_DROP_EVENT', '0');
INSERT INTO `GLOBAL_STATUS` VALUES('COM_DROP_FUNCTION', '0');
INSERT INTO `GLOBAL_STATUS` VALUES('COM_DROP_INDEX', '2');
INSERT INTO `GLOBAL_STATUS` VALUES('COM_DROP_PROCEDURE', '40');
INSERT INTO `GLOBAL_STATUS` VALUES('COM_DROP_SERVER', '0');
INSERT INTO `GLOBAL_STATUS` VALUES('COM_DROP_TABLE', '2284007');
INSERT INTO `GLOBAL_STATUS` VALUES('COM_DROP_TRIGGER', '0');
INSERT INTO `GLOBAL_STATUS` VALUES('COM_DROP_USER', '157');
INSERT INTO `GLOBAL_STATUS` VALUES('COM_DROP_VIEW', '25');
INSERT INTO `GLOBAL_STATUS` VALUES('COM_EMPTY_QUERY', '4');
INSERT INTO `GLOBAL_STATUS` VALUES('COM_EXECUTE_SQL', '233537');
INSERT INTO `GLOBAL_STATUS` VALUES('COM_FLUSH', '221765');
INSERT INTO `GLOBAL_STATUS` VALUES('COM_GRANT', '165');
INSERT INTO `GLOBAL_STATUS` VALUES('COM_HA_CLOSE', '0');
INSERT INTO `GLOBAL_STATUS` VALUES('COM_HA_OPEN', '0');
INSERT INTO `GLOBAL_STATUS` VALUES('COM_HA_READ', '0');
INSERT INTO `GLOBAL_STATUS` VALUES('COM_HELP', '0');
INSERT INTO `GLOBAL_STATUS` VALUES('COM_INSERT', '131906888');
INSERT INTO `GLOBAL_STATUS` VALUES('COM_INSERT_SELECT', '19721');
INSERT INTO `GLOBAL_STATUS` VALUES('COM_INSTALL_PLUGIN', '0');
INSERT INTO `GLOBAL_STATUS` VALUES('COM_KILL', '6818');
INSERT INTO `GLOBAL_STATUS` VALUES('COM_LOAD', '751');
INSERT INTO `GLOBAL_STATUS` VALUES('COM_LOCK_TABLES', '7014');
INSERT INTO `GLOBAL_STATUS` VALUES('COM_OPTIMIZE', '5944');
INSERT INTO `GLOBAL_STATUS` VALUES('COM_PRELOAD_KEYS', '0');
INSERT INTO `GLOBAL_STATUS` VALUES('COM_PREPARE_SQL', '233537');
INSERT INTO `GLOBAL_STATUS` VALUES('COM_PURGE', '949');
INSERT INTO `GLOBAL_STATUS` VALUES('COM_PURGE_BEFORE_DATE', '0');
INSERT INTO `GLOBAL_STATUS` VALUES('COM_RELEASE_SAVEPOINT', '3794');
INSERT INTO `GLOBAL_STATUS` VALUES('COM_RENAME_TABLE', '132');
INSERT INTO `GLOBAL_STATUS` VALUES('COM_RENAME_USER', '0');
INSERT INTO `GLOBAL_STATUS` VALUES('COM_REPAIR', '13');
INSERT INTO `GLOBAL_STATUS` VALUES('COM_REPLACE', '2566443');
INSERT INTO `GLOBAL_STATUS` VALUES('COM_REPLACE_SELECT', '43');
INSERT INTO `GLOBAL_STATUS` VALUES('COM_RESET', '0');
INSERT INTO `GLOBAL_STATUS` VALUES('COM_RESIGNAL', '0');
INSERT INTO `GLOBAL_STATUS` VALUES('COM_REVOKE', '157');
INSERT INTO `GLOBAL_STATUS` VALUES('COM_REVOKE_ALL', '0');
INSERT INTO `GLOBAL_STATUS` VALUES('COM_ROLLBACK', '5909');
INSERT INTO `GLOBAL_STATUS` VALUES('COM_ROLLBACK_TO_SAVEPOINT', '0');
INSERT INTO `GLOBAL_STATUS` VALUES('COM_SAVEPOINT', '3794');
INSERT INTO `GLOBAL_STATUS` VALUES('COM_SELECT', '625299077');
INSERT INTO `GLOBAL_STATUS` VALUES('COM_SET_OPTION', '85294447');
INSERT INTO `GLOBAL_STATUS` VALUES('COM_SIGNAL', '0');
INSERT INTO `GLOBAL_STATUS` VALUES('COM_SHOW_AUTHORS', '0');
INSERT INTO `GLOBAL_STATUS` VALUES('COM_SHOW_BINLOG_EVENTS', '0');
INSERT INTO `GLOBAL_STATUS` VALUES('COM_SHOW_BINLOGS', '2694');
INSERT INTO `GLOBAL_STATUS` VALUES('COM_SHOW_CHARSETS', '12174');
INSERT INTO `GLOBAL_STATUS` VALUES('COM_SHOW_CLIENT_STATISTICS', '0');
INSERT INTO `GLOBAL_STATUS` VALUES('COM_SHOW_COLLATIONS', '12847');
INSERT INTO `GLOBAL_STATUS` VALUES('COM_SHOW_CONTRIBUTORS', '0');
INSERT INTO `GLOBAL_STATUS` VALUES('COM_SHOW_CREATE_DB', '14');
INSERT INTO `GLOBAL_STATUS` VALUES('COM_SHOW_CREATE_EVENT', '0');
INSERT INTO `GLOBAL_STATUS` VALUES('COM_SHOW_CREATE_FUNC', '0');
INSERT INTO `GLOBAL_STATUS` VALUES('COM_SHOW_CREATE_PROC', '1664');
INSERT INTO `GLOBAL_STATUS` VALUES('COM_SHOW_CREATE_TABLE', '106214');
INSERT INTO `GLOBAL_STATUS` VALUES('COM_SHOW_CREATE_TRIGGER', '0');
INSERT INTO `GLOBAL_STATUS` VALUES('COM_SHOW_DATABASES', '13612');
INSERT INTO `GLOBAL_STATUS` VALUES('COM_SHOW_ENGINE_LOGS', '0');
INSERT INTO `GLOBAL_STATUS` VALUES('COM_SHOW_ENGINE_MUTEX', '0');
INSERT INTO `GLOBAL_STATUS` VALUES('COM_SHOW_ENGINE_STATUS', '0');
INSERT INTO `GLOBAL_STATUS` VALUES('COM_SHOW_EVENTS', '9');
INSERT INTO `GLOBAL_STATUS` VALUES('COM_SHOW_ERRORS', '0');
INSERT INTO `GLOBAL_STATUS` VALUES('COM_SHOW_FIELDS', '25060997');
INSERT INTO `GLOBAL_STATUS` VALUES('COM_SHOW_FUNCTION_STATUS', '68');
INSERT INTO `GLOBAL_STATUS` VALUES('COM_SHOW_GRANTS', '7574');
INSERT INTO `GLOBAL_STATUS` VALUES('COM_SHOW_INDEX_STATISTICS', '0');
INSERT INTO `GLOBAL_STATUS` VALUES('COM_SHOW_KEYS', '96395');
INSERT INTO `GLOBAL_STATUS` VALUES('COM_SHOW_MASTER_STATUS', '962');
INSERT INTO `GLOBAL_STATUS` VALUES('COM_SHOW_OPEN_TABLES', '0');
INSERT INTO `GLOBAL_STATUS` VALUES('COM_SHOW_PLUGINS', '2');
INSERT INTO `GLOBAL_STATUS` VALUES('COM_SHOW_PRIVILEGES', '0');
INSERT INTO `GLOBAL_STATUS` VALUES('COM_SHOW_PROCEDURE_STATUS', '71');
INSERT INTO `GLOBAL_STATUS` VALUES('COM_SHOW_PROCESSLIST', '241341');
INSERT INTO `GLOBAL_STATUS` VALUES('COM_SHOW_PROFILE', '0');
INSERT INTO `GLOBAL_STATUS` VALUES('COM_SHOW_PROFILES', '18452');
INSERT INTO `GLOBAL_STATUS` VALUES('COM_SHOW_RELAYLOG_EVENTS', '0');
INSERT INTO `GLOBAL_STATUS` VALUES('COM_SHOW_SLAVE_HOSTS', '39');
INSERT INTO `GLOBAL_STATUS` VALUES('COM_SHOW_SLAVE_STATUS', '183777');
INSERT INTO `GLOBAL_STATUS` VALUES('COM_SHOW_SLAVE_STATUS_NOLOCK', '0');
INSERT INTO `GLOBAL_STATUS` VALUES('COM_SHOW_STATUS', '1452119');
INSERT INTO `GLOBAL_STATUS` VALUES('COM_SHOW_STORAGE_ENGINES', '5567');
INSERT INTO `GLOBAL_STATUS` VALUES('COM_SHOW_TABLE_STATISTICS', '0');
INSERT INTO `GLOBAL_STATUS` VALUES('COM_SHOW_TABLE_STATUS', '2150214');
INSERT INTO `GLOBAL_STATUS` VALUES('COM_SHOW_TABLES', '11820644');
INSERT INTO `GLOBAL_STATUS` VALUES('COM_SHOW_TEMPORARY_TABLES', '0');
INSERT INTO `GLOBAL_STATUS` VALUES('COM_SHOW_THREAD_STATISTICS', '0');
INSERT INTO `GLOBAL_STATUS` VALUES('COM_SHOW_TRIGGERS', '26108');
INSERT INTO `GLOBAL_STATUS` VALUES('COM_SHOW_USER_STATISTICS', '0');
INSERT INTO `GLOBAL_STATUS` VALUES('COM_SHOW_VARIABLES', '347878');
INSERT INTO `GLOBAL_STATUS` VALUES('COM_SHOW_WARNINGS', '2048');
INSERT INTO `GLOBAL_STATUS` VALUES('COM_SLAVE_START', '0');
INSERT INTO `GLOBAL_STATUS` VALUES('COM_SLAVE_STOP', '0');
INSERT INTO `GLOBAL_STATUS` VALUES('COM_STMT_CLOSE', '2279834');
INSERT INTO `GLOBAL_STATUS` VALUES('COM_STMT_EXECUTE', '2355583');
INSERT INTO `GLOBAL_STATUS` VALUES('COM_STMT_FETCH', '0');
INSERT INTO `GLOBAL_STATUS` VALUES('COM_STMT_PREPARE', '2293160');
INSERT INTO `GLOBAL_STATUS` VALUES('COM_STMT_REPREPARE', '0');
INSERT INTO `GLOBAL_STATUS` VALUES('COM_STMT_RESET', '573315');
INSERT INTO `GLOBAL_STATUS` VALUES('COM_STMT_SEND_LONG_DATA', '0');
INSERT INTO `GLOBAL_STATUS` VALUES('COM_TRUNCATE', '755751');
INSERT INTO `GLOBAL_STATUS` VALUES('COM_UNINSTALL_PLUGIN', '0');
INSERT INTO `GLOBAL_STATUS` VALUES('COM_UNLOCK_TABLES', '7665');
INSERT INTO `GLOBAL_STATUS` VALUES('COM_UPDATE', '134572704');
INSERT INTO `GLOBAL_STATUS` VALUES('COM_UPDATE_MULTI', '73583');
INSERT INTO `GLOBAL_STATUS` VALUES('COM_XA_COMMIT', '0');
INSERT INTO `GLOBAL_STATUS` VALUES('COM_XA_END', '0');
INSERT INTO `GLOBAL_STATUS` VALUES('COM_XA_PREPARE', '0');
INSERT INTO `GLOBAL_STATUS` VALUES('COM_XA_RECOVER', '0');
INSERT INTO `GLOBAL_STATUS` VALUES('COM_XA_ROLLBACK', '0');
INSERT INTO `GLOBAL_STATUS` VALUES('COM_XA_START', '0');
INSERT INTO `GLOBAL_STATUS` VALUES('COMPRESSION', 'OFF');
INSERT INTO `GLOBAL_STATUS` VALUES('CONNECTIONS', '45387805');
INSERT INTO `GLOBAL_STATUS` VALUES('CREATED_TMP_DISK_TABLES', '64452742');
INSERT INTO `GLOBAL_STATUS` VALUES('CREATED_TMP_FILES', '548663');
INSERT INTO `GLOBAL_STATUS` VALUES('CREATED_TMP_TABLES', '98921242');
INSERT INTO `GLOBAL_STATUS` VALUES('DELAYED_ERRORS', '0');
INSERT INTO `GLOBAL_STATUS` VALUES('DELAYED_INSERT_THREADS', '0');
INSERT INTO `GLOBAL_STATUS` VALUES('DELAYED_WRITES', '14241');
INSERT INTO `GLOBAL_STATUS` VALUES('FLASHCACHE_ENABLED', 'OFF');
INSERT INTO `GLOBAL_STATUS` VALUES('FLUSH_COMMANDS', '1');
INSERT INTO `GLOBAL_STATUS` VALUES('HANDLER_COMMIT', '247566580');
INSERT INTO `GLOBAL_STATUS` VALUES('HANDLER_DELETE', '26329005');
INSERT INTO `GLOBAL_STATUS` VALUES('HANDLER_DISCOVER', '0');
INSERT INTO `GLOBAL_STATUS` VALUES('HANDLER_PREPARE', '44601848');
INSERT INTO `GLOBAL_STATUS` VALUES('HANDLER_READ_FIRST', '43044992');
INSERT INTO `GLOBAL_STATUS` VALUES('HANDLER_READ_KEY', '16533824275');
INSERT INTO `GLOBAL_STATUS` VALUES('HANDLER_READ_LAST', '1559997');
INSERT INTO `GLOBAL_STATUS` VALUES('HANDLER_READ_NEXT', '2734828008539');
INSERT INTO `GLOBAL_STATUS` VALUES('HANDLER_READ_PREV', '8050100237');
INSERT INTO `GLOBAL_STATUS` VALUES('HANDLER_READ_RND', '17061397440');
INSERT INTO `GLOBAL_STATUS` VALUES('HANDLER_READ_RND_NEXT', '285384604496');
INSERT INTO `GLOBAL_STATUS` VALUES('HANDLER_ROLLBACK', '79293');
INSERT INTO `GLOBAL_STATUS` VALUES('HANDLER_SAVEPOINT', '7332');
INSERT INTO `GLOBAL_STATUS` VALUES('HANDLER_SAVEPOINT_ROLLBACK', '0');
INSERT INTO `GLOBAL_STATUS` VALUES('HANDLER_UPDATE', '1051263724');
INSERT INTO `GLOBAL_STATUS` VALUES('HANDLER_WRITE', '5133974483');
INSERT INTO `GLOBAL_STATUS` VALUES('INNODB_ADAPTIVE_HASH_CELLS', '276671');
INSERT INTO `GLOBAL_STATUS` VALUES('INNODB_ADAPTIVE_HASH_HEAP_BUFFERS', '207');
INSERT INTO `GLOBAL_STATUS` VALUES('INNODB_ADAPTIVE_HASH_HASH_SEARCHES', '11126766626');
INSERT INTO `GLOBAL_STATUS` VALUES('INNODB_ADAPTIVE_HASH_NON_HASH_SEARCHES', '1410884058');
INSERT INTO `GLOBAL_STATUS` VALUES('INNODB_BACKGROUND_LOG_SYNC', '3419328');
INSERT INTO `GLOBAL_STATUS` VALUES('INNODB_BUFFER_POOL_PAGES_DATA', '7983');
INSERT INTO `GLOBAL_STATUS` VALUES('INNODB_BUFFER_POOL_BYTES_DATA', '130793472');
INSERT INTO `GLOBAL_STATUS` VALUES('INNODB_BUFFER_POOL_PAGES_DIRTY', '301');
INSERT INTO `GLOBAL_STATUS` VALUES('INNODB_BUFFER_POOL_BYTES_DIRTY', '4931584');
INSERT INTO `GLOBAL_STATUS` VALUES('INNODB_BUFFER_POOL_PAGES_FLUSHED', '57498882');
INSERT INTO `GLOBAL_STATUS` VALUES('INNODB_BUFFER_POOL_PAGES_LRU_FLUSHED', '276510');
INSERT INTO `GLOBAL_STATUS` VALUES('INNODB_BUFFER_POOL_PAGES_FREE', '0');
INSERT INTO `GLOBAL_STATUS` VALUES('INNODB_BUFFER_POOL_PAGES_MADE_NOT_YOUNG', '0');
INSERT INTO `GLOBAL_STATUS` VALUES('INNODB_BUFFER_POOL_PAGES_MADE_YOUNG', '118130462');
INSERT INTO `GLOBAL_STATUS` VALUES('INNODB_BUFFER_POOL_PAGES_MISC', '208');
INSERT INTO `GLOBAL_STATUS` VALUES('INNODB_BUFFER_POOL_PAGES_OLD', '2926');
INSERT INTO `GLOBAL_STATUS` VALUES('INNODB_BUFFER_POOL_PAGES_TOTAL', '8191');
INSERT INTO `GLOBAL_STATUS` VALUES('INNODB_BUFFER_POOL_READ_AHEAD_RND', '0');
INSERT INTO `GLOBAL_STATUS` VALUES('INNODB_BUFFER_POOL_READ_AHEAD', '6697830');
INSERT INTO `GLOBAL_STATUS` VALUES('INNODB_BUFFER_POOL_READ_AHEAD_EVICTED', '636597');
INSERT INTO `GLOBAL_STATUS` VALUES('INNODB_BUFFER_POOL_READ_REQUESTS', '38953495930');
INSERT INTO `GLOBAL_STATUS` VALUES('INNODB_BUFFER_POOL_READS', '52865508');
INSERT INTO `GLOBAL_STATUS` VALUES('INNODB_BUFFER_POOL_WAIT_FREE', '46');
INSERT INTO `GLOBAL_STATUS` VALUES('INNODB_BUFFER_POOL_WRITE_REQUESTS', '494143157');
INSERT INTO `GLOBAL_STATUS` VALUES('INNODB_CHECKPOINT_AGE', '499426');
INSERT INTO `GLOBAL_STATUS` VALUES('INNODB_CHECKPOINT_MAX_AGE', '108005254');
INSERT INTO `GLOBAL_STATUS` VALUES('INNODB_CHECKPOINT_TARGET_AGE', '104630090');
INSERT INTO `GLOBAL_STATUS` VALUES('INNODB_DATA_FSYNCS', '10298684');
INSERT INTO `GLOBAL_STATUS` VALUES('INNODB_DATA_PENDING_FSYNCS', '0');
INSERT INTO `GLOBAL_STATUS` VALUES('INNODB_DATA_PENDING_READS', '0');
INSERT INTO `GLOBAL_STATUS` VALUES('INNODB_DATA_PENDING_WRITES', '0');
INSERT INTO `GLOBAL_STATUS` VALUES('INNODB_DATA_READ', '983190179840');
INSERT INTO `GLOBAL_STATUS` VALUES('INNODB_DATA_READS', '60032802');
INSERT INTO `GLOBAL_STATUS` VALUES('INNODB_DATA_WRITES', '63540158');
INSERT INTO `GLOBAL_STATUS` VALUES('INNODB_DATA_WRITTEN', '1953514233344');
INSERT INTO `GLOBAL_STATUS` VALUES('INNODB_DBLWR_PAGES_WRITTEN', '57498882');
INSERT INTO `GLOBAL_STATUS` VALUES('INNODB_DBLWR_WRITES', '764388');
INSERT INTO `GLOBAL_STATUS` VALUES('INNODB_DEADLOCKS', '488');
INSERT INTO `GLOBAL_STATUS` VALUES('INNODB_DICT_TABLES', '23948');
INSERT INTO `GLOBAL_STATUS` VALUES('INNODB_HAVE_ATOMIC_BUILTINS', 'ON');
INSERT INTO `GLOBAL_STATUS` VALUES('INNODB_HISTORY_LIST_LENGTH', '1502');
INSERT INTO `GLOBAL_STATUS` VALUES('INNODB_IBUF_DISCARDED_DELETE_MARKS', '4246');
INSERT INTO `GLOBAL_STATUS` VALUES('INNODB_IBUF_DISCARDED_DELETES', '0');
INSERT INTO `GLOBAL_STATUS` VALUES('INNODB_IBUF_DISCARDED_INSERTS', '7');
INSERT INTO `GLOBAL_STATUS` VALUES('INNODB_IBUF_FREE_LIST', '42');
INSERT INTO `GLOBAL_STATUS` VALUES('INNODB_IBUF_MERGED_DELETE_MARKS', '193955');
INSERT INTO `GLOBAL_STATUS` VALUES('INNODB_IBUF_MERGED_DELETES', '24786');
INSERT INTO `GLOBAL_STATUS` VALUES('INNODB_IBUF_MERGED_INSERTS', '566006');
INSERT INTO `GLOBAL_STATUS` VALUES('INNODB_IBUF_MERGES', '457339');
INSERT INTO `GLOBAL_STATUS` VALUES('INNODB_IBUF_SEGMENT_SIZE', '44');
INSERT INTO `GLOBAL_STATUS` VALUES('INNODB_IBUF_SIZE', '1');
INSERT INTO `GLOBAL_STATUS` VALUES('INNODB_LOG_WAITS', '0');
INSERT INTO `GLOBAL_STATUS` VALUES('INNODB_LOG_WRITE_REQUESTS', '156886359');
INSERT INTO `GLOBAL_STATUS` VALUES('INNODB_LOG_WRITES', '3828411');
INSERT INTO `GLOBAL_STATUS` VALUES('INNODB_LSN_CURRENT', '223124339851');
INSERT INTO `GLOBAL_STATUS` VALUES('INNODB_LSN_FLUSHED', '223124339851');
INSERT INTO `GLOBAL_STATUS` VALUES('INNODB_LSN_LAST_CHECKPOINT', '223123840425');
INSERT INTO `GLOBAL_STATUS` VALUES('INNODB_MASTER_THREAD_1_SECOND_LOOPS', '3401164');
INSERT INTO `GLOBAL_STATUS` VALUES('INNODB_MASTER_THREAD_10_SECOND_LOOPS', '340020');
INSERT INTO `GLOBAL_STATUS` VALUES('INNODB_MASTER_THREAD_BACKGROUND_LOOPS', '1427');
INSERT INTO `GLOBAL_STATUS` VALUES('INNODB_MASTER_THREAD_MAIN_FLUSH_LOOPS', '1426');
INSERT INTO `GLOBAL_STATUS` VALUES('INNODB_MASTER_THREAD_SLEEPS', '3401149');
INSERT INTO `GLOBAL_STATUS` VALUES('INNODB_MAX_TRX_ID', '462167533');
INSERT INTO `GLOBAL_STATUS` VALUES('INNODB_MEM_ADAPTIVE_HASH', '5625456');
INSERT INTO `GLOBAL_STATUS` VALUES('INNODB_MEM_DICTIONARY', '192828571');
INSERT INTO `GLOBAL_STATUS` VALUES('INNODB_MEM_TOTAL', '137756672');
INSERT INTO `GLOBAL_STATUS` VALUES('INNODB_MUTEX_OS_WAITS', '159100');
INSERT INTO `GLOBAL_STATUS` VALUES('INNODB_MUTEX_SPIN_ROUNDS', '11612680');
INSERT INTO `GLOBAL_STATUS` VALUES('INNODB_MUTEX_SPIN_WAITS', '8011826');
INSERT INTO `GLOBAL_STATUS` VALUES('INNODB_OLDEST_VIEW_LOW_LIMIT_TRX_ID', '462167495');
INSERT INTO `GLOBAL_STATUS` VALUES('INNODB_OS_LOG_FSYNCS', '4166156');
INSERT INTO `GLOBAL_STATUS` VALUES('INNODB_OS_LOG_PENDING_FSYNCS', '0');
INSERT INTO `GLOBAL_STATUS` VALUES('INNODB_OS_LOG_PENDING_WRITES', '0');
INSERT INTO `GLOBAL_STATUS` VALUES('INNODB_OS_LOG_WRITTEN', '69216653824');
INSERT INTO `GLOBAL_STATUS` VALUES('INNODB_PAGE_SIZE', '16384');
INSERT INTO `GLOBAL_STATUS` VALUES('INNODB_PAGES_CREATED', '2445338');
INSERT INTO `GLOBAL_STATUS` VALUES('INNODB_PAGES_READ', '60009033');
INSERT INTO `GLOBAL_STATUS` VALUES('INNODB_PAGES_WRITTEN', '57498882');
INSERT INTO `GLOBAL_STATUS` VALUES('INNODB_PURGE_TRX_ID', '462167488');
INSERT INTO `GLOBAL_STATUS` VALUES('INNODB_PURGE_UNDO_NO', '0');
INSERT INTO `GLOBAL_STATUS` VALUES('INNODB_ROW_LOCK_CURRENT_WAITS', '0');
INSERT INTO `GLOBAL_STATUS` VALUES('INNODB_CURRENT_ROW_LOCKS', '0');
INSERT INTO `GLOBAL_STATUS` VALUES('INNODB_ROW_LOCK_TIME', '429770');
INSERT INTO `GLOBAL_STATUS` VALUES('INNODB_ROW_LOCK_TIME_AVG', '20');
INSERT INTO `GLOBAL_STATUS` VALUES('INNODB_ROW_LOCK_TIME_MAX', '8440');
INSERT INTO `GLOBAL_STATUS` VALUES('INNODB_ROW_LOCK_WAITS', '20964');
INSERT INTO `GLOBAL_STATUS` VALUES('INNODB_ROWS_DELETED', '7280554');
INSERT INTO `GLOBAL_STATUS` VALUES('INNODB_ROWS_INSERTED', '54035502');
INSERT INTO `GLOBAL_STATUS` VALUES('INNODB_ROWS_READ', '28532653939');
INSERT INTO `GLOBAL_STATUS` VALUES('INNODB_ROWS_UPDATED', '14616871');
INSERT INTO `GLOBAL_STATUS` VALUES('INNODB_READ_VIEWS_MEMORY', '4264');
INSERT INTO `GLOBAL_STATUS` VALUES('INNODB_DESCRIPTORS_MEMORY', '8000');
INSERT INTO `GLOBAL_STATUS` VALUES('INNODB_S_LOCK_OS_WAITS', '802770');
INSERT INTO `GLOBAL_STATUS` VALUES('INNODB_S_LOCK_SPIN_ROUNDS', '31132342');
INSERT INTO `GLOBAL_STATUS` VALUES('INNODB_S_LOCK_SPIN_WAITS', '1686365');
INSERT INTO `GLOBAL_STATUS` VALUES('INNODB_TRUNCATED_STATUS_WRITES', '0');
INSERT INTO `GLOBAL_STATUS` VALUES('INNODB_X_LOCK_OS_WAITS', '184508');
INSERT INTO `GLOBAL_STATUS` VALUES('INNODB_X_LOCK_SPIN_ROUNDS', '8409041');
INSERT INTO `GLOBAL_STATUS` VALUES('INNODB_X_LOCK_SPIN_WAITS', '311638');
INSERT INTO `GLOBAL_STATUS` VALUES('KEY_BLOCKS_NOT_FLUSHED', '0');
INSERT INTO `GLOBAL_STATUS` VALUES('KEY_BLOCKS_UNUSED', '74131');
INSERT INTO `GLOBAL_STATUS` VALUES('KEY_BLOCKS_USED', '371664');
INSERT INTO `GLOBAL_STATUS` VALUES('KEY_READ_REQUESTS', '207649661016');
INSERT INTO `GLOBAL_STATUS` VALUES('KEY_READS', '22604516');
INSERT INTO `GLOBAL_STATUS` VALUES('KEY_WRITE_REQUESTS', '716365619');
INSERT INTO `GLOBAL_STATUS` VALUES('KEY_WRITES', '282719847');
INSERT INTO `GLOBAL_STATUS` VALUES('LAST_QUERY_COST', '0.000000');
INSERT INTO `GLOBAL_STATUS` VALUES('MAX_USED_CONNECTIONS', '248');
INSERT INTO `GLOBAL_STATUS` VALUES('NOT_FLUSHED_DELAYED_ROWS', '0');
INSERT INTO `GLOBAL_STATUS` VALUES('OPEN_FILES', '14810');
INSERT INTO `GLOBAL_STATUS` VALUES('OPEN_STREAMS', '0');
INSERT INTO `GLOBAL_STATUS` VALUES('OPEN_TABLE_DEFINITIONS', '8861');
INSERT INTO `GLOBAL_STATUS` VALUES('OPEN_TABLES', '9996');
INSERT INTO `GLOBAL_STATUS` VALUES('OPENED_FILES', '294949825');
INSERT INTO `GLOBAL_STATUS` VALUES('OPENED_TABLE_DEFINITIONS', '10103569');
INSERT INTO `GLOBAL_STATUS` VALUES('OPENED_TABLES', '11795427');
INSERT INTO `GLOBAL_STATUS` VALUES('PERFORMANCE_SCHEMA_COND_CLASSES_LOST', '0');
INSERT INTO `GLOBAL_STATUS` VALUES('PERFORMANCE_SCHEMA_COND_INSTANCES_LOST', '0');
INSERT INTO `GLOBAL_STATUS` VALUES('PERFORMANCE_SCHEMA_FILE_CLASSES_LOST', '0');
INSERT INTO `GLOBAL_STATUS` VALUES('PERFORMANCE_SCHEMA_FILE_HANDLES_LOST', '0');
INSERT INTO `GLOBAL_STATUS` VALUES('PERFORMANCE_SCHEMA_FILE_INSTANCES_LOST', '0');
INSERT INTO `GLOBAL_STATUS` VALUES('PERFORMANCE_SCHEMA_LOCKER_LOST', '0');
INSERT INTO `GLOBAL_STATUS` VALUES('PERFORMANCE_SCHEMA_MUTEX_CLASSES_LOST', '0');
INSERT INTO `GLOBAL_STATUS` VALUES('PERFORMANCE_SCHEMA_MUTEX_INSTANCES_LOST', '0');
INSERT INTO `GLOBAL_STATUS` VALUES('PERFORMANCE_SCHEMA_RWLOCK_CLASSES_LOST', '0');
INSERT INTO `GLOBAL_STATUS` VALUES('PERFORMANCE_SCHEMA_RWLOCK_INSTANCES_LOST', '0');
INSERT INTO `GLOBAL_STATUS` VALUES('PERFORMANCE_SCHEMA_TABLE_HANDLES_LOST', '0');
INSERT INTO `GLOBAL_STATUS` VALUES('PERFORMANCE_SCHEMA_TABLE_INSTANCES_LOST', '0');
INSERT INTO `GLOBAL_STATUS` VALUES('PERFORMANCE_SCHEMA_THREAD_CLASSES_LOST', '0');
INSERT INTO `GLOBAL_STATUS` VALUES('PERFORMANCE_SCHEMA_THREAD_INSTANCES_LOST', '0');
INSERT INTO `GLOBAL_STATUS` VALUES('PREPARED_STMT_COUNT', '0');
INSERT INTO `GLOBAL_STATUS` VALUES('QCACHE_FREE_BLOCKS', '3885');
INSERT INTO `GLOBAL_STATUS` VALUES('QCACHE_FREE_MEMORY', '11851080');
INSERT INTO `GLOBAL_STATUS` VALUES('QCACHE_HITS', '1469528968');
INSERT INTO `GLOBAL_STATUS` VALUES('QCACHE_INSERTS', '555844900');
INSERT INTO `GLOBAL_STATUS` VALUES('QCACHE_LOWMEM_PRUNES', '290664200');
INSERT INTO `GLOBAL_STATUS` VALUES('QCACHE_NOT_CACHED', '70153347');
INSERT INTO `GLOBAL_STATUS` VALUES('QCACHE_QUERIES_IN_CACHE', '13443');
INSERT INTO `GLOBAL_STATUS` VALUES('QCACHE_TOTAL_BLOCKS', '36037');
INSERT INTO `GLOBAL_STATUS` VALUES('QUERIES', '2630806266');
INSERT INTO `GLOBAL_STATUS` VALUES('QUESTIONS', '2605943832');
INSERT INTO `GLOBAL_STATUS` VALUES('RPL_STATUS', 'AUTH_MASTER');
INSERT INTO `GLOBAL_STATUS` VALUES('SELECT_FULL_JOIN', '5749290');
INSERT INTO `GLOBAL_STATUS` VALUES('SELECT_FULL_RANGE_JOIN', '784480');
INSERT INTO `GLOBAL_STATUS` VALUES('SELECT_RANGE', '56970623');
INSERT INTO `GLOBAL_STATUS` VALUES('SELECT_RANGE_CHECK', '260595');
INSERT INTO `GLOBAL_STATUS` VALUES('SELECT_SCAN', '103408743');
INSERT INTO `GLOBAL_STATUS` VALUES('SLAVE_HEARTBEAT_PERIOD', '0.000');
INSERT INTO `GLOBAL_STATUS` VALUES('SLAVE_OPEN_TEMP_TABLES', '0');
INSERT INTO `GLOBAL_STATUS` VALUES('SLAVE_RECEIVED_HEARTBEATS', '0');
INSERT INTO `GLOBAL_STATUS` VALUES('SLAVE_RETRIED_TRANSACTIONS', '0');
INSERT INTO `GLOBAL_STATUS` VALUES('SLAVE_RUNNING', 'OFF');
INSERT INTO `GLOBAL_STATUS` VALUES('SLOW_LAUNCH_THREADS', '2');
INSERT INTO `GLOBAL_STATUS` VALUES('SLOW_QUERIES', '836811');
INSERT INTO `GLOBAL_STATUS` VALUES('SORT_MERGE_PASSES', '46853');
INSERT INTO `GLOBAL_STATUS` VALUES('SORT_RANGE', '88947655');
INSERT INTO `GLOBAL_STATUS` VALUES('SORT_ROWS', '18831003660');
INSERT INTO `GLOBAL_STATUS` VALUES('SORT_SCAN', '56742841');
INSERT INTO `GLOBAL_STATUS` VALUES('SSL_ACCEPT_RENEGOTIATES', '0');
INSERT INTO `GLOBAL_STATUS` VALUES('SSL_ACCEPTS', '0');
INSERT INTO `GLOBAL_STATUS` VALUES('SSL_CALLBACK_CACHE_HITS', '0');
INSERT INTO `GLOBAL_STATUS` VALUES('SSL_CIPHER', '');
INSERT INTO `GLOBAL_STATUS` VALUES('SSL_CIPHER_LIST', '');
INSERT INTO `GLOBAL_STATUS` VALUES('SSL_CLIENT_CONNECTS', '0');
INSERT INTO `GLOBAL_STATUS` VALUES('SSL_CONNECT_RENEGOTIATES', '0');
INSERT INTO `GLOBAL_STATUS` VALUES('SSL_CTX_VERIFY_DEPTH', '0');
INSERT INTO `GLOBAL_STATUS` VALUES('SSL_CTX_VERIFY_MODE', '0');
INSERT INTO `GLOBAL_STATUS` VALUES('SSL_DEFAULT_TIMEOUT', '0');
INSERT INTO `GLOBAL_STATUS` VALUES('SSL_FINISHED_ACCEPTS', '0');
INSERT INTO `GLOBAL_STATUS` VALUES('SSL_FINISHED_CONNECTS', '0');
INSERT INTO `GLOBAL_STATUS` VALUES('SSL_SESSION_CACHE_HITS', '0');
INSERT INTO `GLOBAL_STATUS` VALUES('SSL_SESSION_CACHE_MISSES', '0');
INSERT INTO `GLOBAL_STATUS` VALUES('SSL_SESSION_CACHE_MODE', 'NONE');
INSERT INTO `GLOBAL_STATUS` VALUES('SSL_SESSION_CACHE_OVERFLOWS', '0');
INSERT INTO `GLOBAL_STATUS` VALUES('SSL_SESSION_CACHE_SIZE', '0');
INSERT INTO `GLOBAL_STATUS` VALUES('SSL_SESSION_CACHE_TIMEOUTS', '0');
INSERT INTO `GLOBAL_STATUS` VALUES('SSL_SESSIONS_REUSED', '0');
INSERT INTO `GLOBAL_STATUS` VALUES('SSL_USED_SESSION_CACHE_ENTRIES', '0');
INSERT INTO `GLOBAL_STATUS` VALUES('SSL_VERIFY_DEPTH', '0');
INSERT INTO `GLOBAL_STATUS` VALUES('SSL_VERIFY_MODE', '0');
INSERT INTO `GLOBAL_STATUS` VALUES('SSL_VERSION', '');
INSERT INTO `GLOBAL_STATUS` VALUES('TABLE_LOCKS_IMMEDIATE', '1047460967');
INSERT INTO `GLOBAL_STATUS` VALUES('TABLE_LOCKS_WAITED', '267043');
INSERT INTO `GLOBAL_STATUS` VALUES('TC_LOG_MAX_PAGES_USED', '0');
INSERT INTO `GLOBAL_STATUS` VALUES('TC_LOG_PAGE_SIZE', '0');
INSERT INTO `GLOBAL_STATUS` VALUES('TC_LOG_PAGE_WAITS', '74');
INSERT INTO `GLOBAL_STATUS` VALUES('THREADPOOL_IDLE_THREADS', '0');
INSERT INTO `GLOBAL_STATUS` VALUES('THREADPOOL_THREADS', '0');
INSERT INTO `GLOBAL_STATUS` VALUES('THREADS_CACHED', '40');
INSERT INTO `GLOBAL_STATUS` VALUES('THREADS_CONNECTED', '69');
INSERT INTO `GLOBAL_STATUS` VALUES('THREADS_CREATED', '2232');
INSERT INTO `GLOBAL_STATUS` VALUES('THREADS_RUNNING', '34');
INSERT INTO `GLOBAL_STATUS` VALUES('UPTIME', '3413990');
INSERT INTO `GLOBAL_STATUS` VALUES('UPTIME_SINCE_FLUSH_STATUS', '3413990');
INSERT INTO `GLOBAL_STATUS` VALUES('BINLOG_COMMITS', '110261050');
INSERT INTO `GLOBAL_STATUS` VALUES('BINLOG_GROUP_COMMITS', '110248321');

-- --------------------------------------------------------

--
-- Table structure for table `GLOBAL_TEMPORARY_TABLES`
--

CREATE TEMPORARY TABLE `GLOBAL_TEMPORARY_TABLES` (
  `SESSION_ID` bigint(4) NOT NULL DEFAULT '0',
  `TABLE_SCHEMA` varchar(64) NOT NULL DEFAULT '',
  `TABLE_NAME` varchar(64) NOT NULL DEFAULT '',
  `ENGINE` varchar(64) NOT NULL DEFAULT '',
  `NAME` varchar(512) NOT NULL DEFAULT '',
  `TABLE_ROWS` bigint(21) unsigned NOT NULL DEFAULT '0',
  `AVG_ROW_LENGTH` bigint(21) unsigned NOT NULL DEFAULT '0',
  `DATA_LENGTH` bigint(21) unsigned NOT NULL DEFAULT '0',
  `INDEX_LENGTH` bigint(21) unsigned NOT NULL DEFAULT '0',
  `CREATE_TIME` datetime DEFAULT NULL,
  `UPDATE_TIME` datetime DEFAULT NULL
) ENGINE=MEMORY DEFAULT CHARSET=utf8;

--
-- Dumping data for table `GLOBAL_TEMPORARY_TABLES`
--


-- --------------------------------------------------------

--
-- Table structure for table `GLOBAL_VARIABLES`
--

CREATE TEMPORARY TABLE `GLOBAL_VARIABLES` (
  `VARIABLE_NAME` varchar(64) NOT NULL DEFAULT '',
  `VARIABLE_VALUE` varchar(1024) DEFAULT NULL
) ENGINE=MEMORY DEFAULT CHARSET=utf8;

--
-- Dumping data for table `GLOBAL_VARIABLES`
--

INSERT INTO `GLOBAL_VARIABLES` VALUES('MAX_PREPARED_STMT_COUNT', '16382');
INSERT INTO `GLOBAL_VARIABLES` VALUES('EXPIRE_LOGS_DAYS', '0');
INSERT INTO `GLOBAL_VARIABLES` VALUES('HAVE_CRYPT', 'YES');
INSERT INTO `GLOBAL_VARIABLES` VALUES('PERFORMANCE_SCHEMA_EVENTS_WAITS_HISTORY_LONG_SIZE', '10000');
INSERT INTO `GLOBAL_VARIABLES` VALUES('INNODB_VERSION', '5.5.37-35.0-35.0');
INSERT INTO `GLOBAL_VARIABLES` VALUES('MAX_SORT_LENGTH', '1024');
INSERT INTO `GLOBAL_VARIABLES` VALUES('MAX_SLOWLOG_FILES', '0');
INSERT INTO `GLOBAL_VARIABLES` VALUES('PERFORMANCE_SCHEMA_MAX_COND_INSTANCES', '1000');
INSERT INTO `GLOBAL_VARIABLES` VALUES('PROFILING_HISTORY_SIZE', '15');
INSERT INTO `GLOBAL_VARIABLES` VALUES('MAX_SLOWLOG_SIZE', '0');
INSERT INTO `GLOBAL_VARIABLES` VALUES('LONG_QUERY_TIME', '10.000000');
INSERT INTO `GLOBAL_VARIABLES` VALUES('THREAD_STACK', '262144');
INSERT INTO `GLOBAL_VARIABLES` VALUES('DELAYED_INSERT_TIMEOUT', '300');
INSERT INTO `GLOBAL_VARIABLES` VALUES('INNODB_LAZY_DROP_TABLE', '0');
INSERT INTO `GLOBAL_VARIABLES` VALUES('DATETIME_FORMAT', '%Y-%m-%d %H:%i:%s');
INSERT INTO `GLOBAL_VARIABLES` VALUES('PERFORMANCE_SCHEMA_MAX_RWLOCK_INSTANCES', '1000000');
INSERT INTO `GLOBAL_VARIABLES` VALUES('FOREIGN_KEY_CHECKS', 'ON');
INSERT INTO `GLOBAL_VARIABLES` VALUES('PERFORMANCE_SCHEMA_MAX_RWLOCK_CLASSES', '30');
INSERT INTO `GLOBAL_VARIABLES` VALUES('BASEDIR', '/usr/local/mysql-5.5.37');
INSERT INTO `GLOBAL_VARIABLES` VALUES('PERFORMANCE_SCHEMA_MAX_MUTEX_CLASSES', '200');
INSERT INTO `GLOBAL_VARIABLES` VALUES('UPDATABLE_VIEWS_WITH_LIMIT', 'YES');
INSERT INTO `GLOBAL_VARIABLES` VALUES('BACK_LOG', '50');
INSERT INTO `GLOBAL_VARIABLES` VALUES('SLOW_LAUNCH_TIME', '2');
INSERT INTO `GLOBAL_VARIABLES` VALUES('PERFORMANCE_SCHEMA_MAX_FILE_HANDLES', '32768');
INSERT INTO `GLOBAL_VARIABLES` VALUES('MAX_USER_CONNECTIONS', '200');
INSERT INTO `GLOBAL_VARIABLES` VALUES('SYNC_MASTER_INFO', '0');
INSERT INTO `GLOBAL_VARIABLES` VALUES('RELAY_LOG_INDEX', '/var/lib/mysql_logs/4/p3nlhdb5501-08-relay-bin.index');
INSERT INTO `GLOBAL_VARIABLES` VALUES('LOWER_CASE_TABLE_NAMES', '0');
INSERT INTO `GLOBAL_VARIABLES` VALUES('SQL_QUOTE_SHOW_CREATE', 'ON');
INSERT INTO `GLOBAL_VARIABLES` VALUES('MYISAM_REPAIR_THREADS', '1');
INSERT INTO `GLOBAL_VARIABLES` VALUES('QUERY_PREALLOC_SIZE', '8192');
INSERT INTO `GLOBAL_VARIABLES` VALUES('OLD_PASSWORDS', 'OFF');
INSERT INTO `GLOBAL_VARIABLES` VALUES('WAIT_TIMEOUT', '60');
INSERT INTO `GLOBAL_VARIABLES` VALUES('FT_STOPWORD_FILE', '(built-in)');
INSERT INTO `GLOBAL_VARIABLES` VALUES('PERFORMANCE_SCHEMA_MAX_TABLE_HANDLES', '100000');
INSERT INTO `GLOBAL_VARIABLES` VALUES('CHARACTER_SETS_DIR', '/usr/local/mysql-5.5.37/share/mysql/charsets/');
INSERT INTO `GLOBAL_VARIABLES` VALUES('QUERY_RESPONSE_TIME_STATS', 'OFF');
INSERT INTO `GLOBAL_VARIABLES` VALUES('CONCURRENT_INSERT', 'AUTO');
INSERT INTO `GLOBAL_VARIABLES` VALUES('LOG_SLOW_SP_STATEMENTS', 'ON');
INSERT INTO `GLOBAL_VARIABLES` VALUES('CHARACTER_SET_RESULTS', 'latin1');
INSERT INTO `GLOBAL_VARIABLES` VALUES('MYISAM_SORT_BUFFER_SIZE', '134217728');
INSERT INTO `GLOBAL_VARIABLES` VALUES('CHARACTER_SET_CONNECTION', 'latin1');
INSERT INTO `GLOBAL_VARIABLES` VALUES('INNODB_ROLLBACK_SEGMENTS', '128');
INSERT INTO `GLOBAL_VARIABLES` VALUES('REPORT_USER', '');
INSERT INTO `GLOBAL_VARIABLES` VALUES('LARGE_FILES_SUPPORT', 'ON');
INSERT INTO `GLOBAL_VARIABLES` VALUES('SYSTEM_TIME_ZONE', 'MST');
INSERT INTO `GLOBAL_VARIABLES` VALUES('SQL_SAFE_UPDATES', 'OFF');
INSERT INTO `GLOBAL_VARIABLES` VALUES('EVENT_SCHEDULER', 'OFF');
INSERT INTO `GLOBAL_VARIABLES` VALUES('NET_BUFFER_LENGTH', '8192');
INSERT INTO `GLOBAL_VARIABLES` VALUES('LOG', 'ON');
INSERT INTO `GLOBAL_VARIABLES` VALUES('SKIP_SHOW_DATABASE', 'OFF');
INSERT INTO `GLOBAL_VARIABLES` VALUES('MAX_BINLOG_CACHE_SIZE', '18446744073709547520');
INSERT INTO `GLOBAL_VARIABLES` VALUES('GROUP_CONCAT_MAX_LEN', '1024');
INSERT INTO `GLOBAL_VARIABLES` VALUES('SSL_CAPATH', '');
INSERT INTO `GLOBAL_VARIABLES` VALUES('RANGE_ALLOC_BLOCK_SIZE', '4096');
INSERT INTO `GLOBAL_VARIABLES` VALUES('FT_MAX_WORD_LEN', '84');
INSERT INTO `GLOBAL_VARIABLES` VALUES('TMPDIR', '/var/lib/mysql_logs/mysqltmp/');
INSERT INTO `GLOBAL_VARIABLES` VALUES('LC_MESSAGES_DIR', '/usr/local/mysql-5.5.37/share/mysql/');
INSERT INTO `GLOBAL_VARIABLES` VALUES('INNODB_LOG_FILE_SIZE', '67108864');
INSERT INTO `GLOBAL_VARIABLES` VALUES('REPORT_HOST', '');
INSERT INTO `GLOBAL_VARIABLES` VALUES('TRANSACTION_PREALLOC_SIZE', '4096');
INSERT INTO `GLOBAL_VARIABLES` VALUES('HAVE_GEOMETRY', 'YES');
INSERT INTO `GLOBAL_VARIABLES` VALUES('MYISAM_RECOVER_OPTIONS', 'FORCE');
INSERT INTO `GLOBAL_VARIABLES` VALUES('LOG_QUERIES_NOT_USING_INDEXES', 'OFF');
INSERT INTO `GLOBAL_VARIABLES` VALUES('THREAD_STATISTICS', 'OFF');
INSERT INTO `GLOBAL_VARIABLES` VALUES('PLUGIN_DIR', '/usr/local/mysql-5.5.37/lib64/mysql/plugin/');
INSERT INTO `GLOBAL_VARIABLES` VALUES('LOW_PRIORITY_UPDATES', 'OFF');
INSERT INTO `GLOBAL_VARIABLES` VALUES('AUTOMATIC_SP_PRIVILEGES', 'ON');
INSERT INTO `GLOBAL_VARIABLES` VALUES('REPORT_PASSWORD', '');
INSERT INTO `GLOBAL_VARIABLES` VALUES('DELAYED_INSERT_LIMIT', '100');
INSERT INTO `GLOBAL_VARIABLES` VALUES('MAX_INSERT_DELAYED_THREADS', '20');
INSERT INTO `GLOBAL_VARIABLES` VALUES('COMPLETION_TYPE', 'NO_CHAIN');
INSERT INTO `GLOBAL_VARIABLES` VALUES('SQL_BIG_SELECTS', 'ON');
INSERT INTO `GLOBAL_VARIABLES` VALUES('ENFORCE_STORAGE_ENGINE', '');
INSERT INTO `GLOBAL_VARIABLES` VALUES('TRANSACTION_ALLOC_BLOCK_SIZE', '8192');
INSERT INTO `GLOBAL_VARIABLES` VALUES('PERFORMANCE_SCHEMA_MAX_THREAD_CLASSES', '50');
INSERT INTO `GLOBAL_VARIABLES` VALUES('SLOW_QUERY_LOG_TIMESTAMP_ALWAYS', 'OFF');
INSERT INTO `GLOBAL_VARIABLES` VALUES('AUTO_INCREMENT_OFFSET', '1');
INSERT INTO `GLOBAL_VARIABLES` VALUES('INNODB_THREAD_CONCURRENCY_TIMER_BASED', 'OFF');
INSERT INTO `GLOBAL_VARIABLES` VALUES('JOIN_BUFFER_SIZE', '4194304');
INSERT INTO `GLOBAL_VARIABLES` VALUES('PID_FILE', '/var/run/mysql/4.pid');
INSERT INTO `GLOBAL_VARIABLES` VALUES('CONNECT_TIMEOUT', '60');
INSERT INTO `GLOBAL_VARIABLES` VALUES('LOG_SLOW_RATE_LIMIT', '1');
INSERT INTO `GLOBAL_VARIABLES` VALUES('SQL_LOW_PRIORITY_UPDATES', 'OFF');
INSERT INTO `GLOBAL_VARIABLES` VALUES('INNODB_RECOVERY_STATS', 'OFF');
INSERT INTO `GLOBAL_VARIABLES` VALUES('INIT_FILE', '');
INSERT INTO `GLOBAL_VARIABLES` VALUES('INNODB_IO_CAPACITY', '200');
INSERT INTO `GLOBAL_VARIABLES` VALUES('LARGE_PAGES', 'OFF');
INSERT INTO `GLOBAL_VARIABLES` VALUES('PROTOCOL_VERSION', '10');
INSERT INTO `GLOBAL_VARIABLES` VALUES('LARGE_PAGE_SIZE', '0');
INSERT INTO `GLOBAL_VARIABLES` VALUES('HAVE_SYMLINK', 'YES');
INSERT INTO `GLOBAL_VARIABLES` VALUES('INIT_SLAVE', '');
INSERT INTO `GLOBAL_VARIABLES` VALUES('INNODB_LOCKS_UNSAFE_FOR_BINLOG', 'OFF');
INSERT INTO `GLOBAL_VARIABLES` VALUES('EXPAND_FAST_INDEX_CREATION', 'OFF');
INSERT INTO `GLOBAL_VARIABLES` VALUES('INNODB_TABLE_LOCKS', 'ON');
INSERT INTO `GLOBAL_VARIABLES` VALUES('MAX_BINLOG_SIZE', '1073741824');
INSERT INTO `GLOBAL_VARIABLES` VALUES('INNODB_AUTOEXTEND_INCREMENT', '8');
INSERT INTO `GLOBAL_VARIABLES` VALUES('SOCKET', '/var/run/mysql/4.sock');
INSERT INTO `GLOBAL_VARIABLES` VALUES('MYISAM_DATA_POINTER_SIZE', '6');
INSERT INTO `GLOBAL_VARIABLES` VALUES('MAX_CONNECTIONS', '1000');
INSERT INTO `GLOBAL_VARIABLES` VALUES('INNODB_THREAD_SLEEP_DELAY', '10000');
INSERT INTO `GLOBAL_VARIABLES` VALUES('LOG_WARNINGS_SUPPRESS', '');
INSERT INTO `GLOBAL_VARIABLES` VALUES('INNODB_READ_AHEAD', 'linear');
INSERT INTO `GLOBAL_VARIABLES` VALUES('READ_BUFFER_SIZE', '4194304');
INSERT INTO `GLOBAL_VARIABLES` VALUES('SLAVE_TRANSACTION_RETRIES', '10');
INSERT INTO `GLOBAL_VARIABLES` VALUES('PERFORMANCE_SCHEMA_MAX_THREAD_INSTANCES', '1000');
INSERT INTO `GLOBAL_VARIABLES` VALUES('GENERAL_LOG', 'ON');
INSERT INTO `GLOBAL_VARIABLES` VALUES('LOWER_CASE_FILE_SYSTEM', 'OFF');
INSERT INTO `GLOBAL_VARIABLES` VALUES('INNODB_REPLICATION_DELAY', '0');
INSERT INTO `GLOBAL_VARIABLES` VALUES('MAX_RELAY_LOG_SIZE', '0');
INSERT INTO `GLOBAL_VARIABLES` VALUES('QUERY_CACHE_MIN_RES_UNIT', '4096');
INSERT INTO `GLOBAL_VARIABLES` VALUES('OPTIMIZER_SEARCH_DEPTH', '62');
INSERT INTO `GLOBAL_VARIABLES` VALUES('SORT_BUFFER_SIZE', '4194304');
INSERT INTO `GLOBAL_VARIABLES` VALUES('INIT_CONNECT', '');
INSERT INTO `GLOBAL_VARIABLES` VALUES('INNODB_ROLLBACK_ON_TIMEOUT', 'OFF');
INSERT INTO `GLOBAL_VARIABLES` VALUES('KEY_CACHE_AGE_THRESHOLD', '300');
INSERT INTO `GLOBAL_VARIABLES` VALUES('INNODB_USE_GLOBAL_FLUSH_LOG_AT_TRX_COMMIT', 'ON');
INSERT INTO `GLOBAL_VARIABLES` VALUES('NET_RETRY_COUNT', '10');
INSERT INTO `GLOBAL_VARIABLES` VALUES('INNODB_ADDITIONAL_MEM_POOL_SIZE', '10485760');
INSERT INTO `GLOBAL_VARIABLES` VALUES('MAX_LONG_DATA_SIZE', '134217728');
INSERT INTO `GLOBAL_VARIABLES` VALUES('READ_RND_BUFFER_SIZE', '4194304');
INSERT INTO `GLOBAL_VARIABLES` VALUES('SLAVE_MAX_ALLOWED_PACKET', '1073741824');
INSERT INTO `GLOBAL_VARIABLES` VALUES('INNODB_FILE_FORMAT', 'Antelope');
INSERT INTO `GLOBAL_VARIABLES` VALUES('FT_QUERY_EXPANSION_LIMIT', '20');
INSERT INTO `GLOBAL_VARIABLES` VALUES('BIG_TABLES', 'OFF');
INSERT INTO `GLOBAL_VARIABLES` VALUES('PERFORMANCE_SCHEMA_MAX_FILE_CLASSES', '50');
INSERT INTO `GLOBAL_VARIABLES` VALUES('REPLICATE_WILD_DO_TABLE', '');
INSERT INTO `GLOBAL_VARIABLES` VALUES('VERSION_COMPILE_OS', 'Linux');
INSERT INTO `GLOBAL_VARIABLES` VALUES('DATE_FORMAT', '%Y-%m-%d');
INSERT INTO `GLOBAL_VARIABLES` VALUES('HAVE_RESPONSE_TIME_DISTRIBUTION', 'YES');
INSERT INTO `GLOBAL_VARIABLES` VALUES('READ_ONLY', 'OFF');
INSERT INTO `GLOBAL_VARIABLES` VALUES('MAX_LENGTH_FOR_SORT_DATA', '1024');
INSERT INTO `GLOBAL_VARIABLES` VALUES('OPTIMIZER_SWITCH', 'index_merge=on,index_merge_union=on,index_merge_sort_union=on,index_merge_intersection=on,engine_condition_pushdown=on');
INSERT INTO `GLOBAL_VARIABLES` VALUES('INNODB_DATA_FILE_PATH', 'ibdata1:10M:autoextend');
INSERT INTO `GLOBAL_VARIABLES` VALUES('FLUSH', 'OFF');
INSERT INTO `GLOBAL_VARIABLES` VALUES('REPLICATE_IGNORE_TABLE', '');
INSERT INTO `GLOBAL_VARIABLES` VALUES('INNODB_SHOW_VERBOSE_LOCKS', '0');
INSERT INTO `GLOBAL_VARIABLES` VALUES('BINLOG_DIRECT_NON_TRANSACTIONAL_UPDATES', 'OFF');
INSERT INTO `GLOBAL_VARIABLES` VALUES('MAX_HEAP_TABLE_SIZE', '16777216');
INSERT INTO `GLOBAL_VARIABLES` VALUES('INNODB_STRICT_MODE', 'OFF');
INSERT INTO `GLOBAL_VARIABLES` VALUES('INNODB_BUFFER_POOL_SHM_CHECKSUM', 'ON');
INSERT INTO `GLOBAL_VARIABLES` VALUES('SQL_MAX_JOIN_SIZE', '18446744073709551615');
INSERT INTO `GLOBAL_VARIABLES` VALUES('SQL_LOG_BIN', 'ON');
INSERT INTO `GLOBAL_VARIABLES` VALUES('SKIP_NAME_RESOLVE', 'ON');
INSERT INTO `GLOBAL_VARIABLES` VALUES('PERFORMANCE_SCHEMA_MAX_COND_CLASSES', '80');
INSERT INTO `GLOBAL_VARIABLES` VALUES('DELAY_KEY_WRITE', 'ON');
INSERT INTO `GLOBAL_VARIABLES` VALUES('LOG_SLOW_VERBOSITY', '');
INSERT INTO `GLOBAL_VARIABLES` VALUES('BINLOG_CACHE_SIZE', '32768');
INSERT INTO `GLOBAL_VARIABLES` VALUES('REPLICATE_DO_DB', '');
INSERT INTO `GLOBAL_VARIABLES` VALUES('COLLATION_SERVER', 'latin1_swedish_ci');
INSERT INTO `GLOBAL_VARIABLES` VALUES('MAX_BINLOG_FILES', '0');
INSERT INTO `GLOBAL_VARIABLES` VALUES('FLUSH_TIME', '0');
INSERT INTO `GLOBAL_VARIABLES` VALUES('HAVE_PARTITIONING', 'YES');
INSERT INTO `GLOBAL_VARIABLES` VALUES('NET_WRITE_TIMEOUT', '60');
INSERT INTO `GLOBAL_VARIABLES` VALUES('LOG_SLOW_RATE_TYPE', 'session');
INSERT INTO `GLOBAL_VARIABLES` VALUES('QUERY_CACHE_LIMIT', '1048576');
INSERT INTO `GLOBAL_VARIABLES` VALUES('INNODB_KILL_IDLE_TRANSACTION', '0');
INSERT INTO `GLOBAL_VARIABLES` VALUES('LOG_BIN', 'ON');
INSERT INTO `GLOBAL_VARIABLES` VALUES('INNODB_AUTOINC_LOCK_MODE', '1');
INSERT INTO `GLOBAL_VARIABLES` VALUES('PERFORMANCE_SCHEMA_EVENTS_WAITS_HISTORY_SIZE', '10');
INSERT INTO `GLOBAL_VARIABLES` VALUES('INNODB_COMMIT_CONCURRENCY', '0');
INSERT INTO `GLOBAL_VARIABLES` VALUES('MAX_SEEKS_FOR_KEY', '18446744073709551615');
INSERT INTO `GLOBAL_VARIABLES` VALUES('INNODB_MIRRORED_LOG_GROUPS', '1');
INSERT INTO `GLOBAL_VARIABLES` VALUES('METADATA_LOCKS_CACHE_SIZE', '1024');
INSERT INTO `GLOBAL_VARIABLES` VALUES('INNODB_PURGE_BATCH_SIZE', '20');
INSERT INTO `GLOBAL_VARIABLES` VALUES('BULK_INSERT_BUFFER_SIZE', '8388608');
INSERT INTO `GLOBAL_VARIABLES` VALUES('VERSION', '5.5.37-35.0-log');
INSERT INTO `GLOBAL_VARIABLES` VALUES('QUERY_CACHE_SIZE', '67108864');
INSERT INTO `GLOBAL_VARIABLES` VALUES('INNODB_SUPPORT_XA', 'OFF');
INSERT INTO `GLOBAL_VARIABLES` VALUES('AUTOCOMMIT', 'ON');
INSERT INTO `GLOBAL_VARIABLES` VALUES('INNODB_SYNC_SPIN_LOOPS', '30');
INSERT INTO `GLOBAL_VARIABLES` VALUES('VERSION_COMMENT', 'Percona Server (GPL), Release rel30.2, Revision 36.0');
INSERT INTO `GLOBAL_VARIABLES` VALUES('INNODB_BLOCKING_BUFFER_POOL_RESTORE', 'OFF');
INSERT INTO `GLOBAL_VARIABLES` VALUES('DELAYED_QUEUE_SIZE', '1000');
INSERT INTO `GLOBAL_VARIABLES` VALUES('INNODB_SHOW_LOCKS_HELD', '10');
INSERT INTO `GLOBAL_VARIABLES` VALUES('THREAD_POOL_STALL_LIMIT', '500');
INSERT INTO `GLOBAL_VARIABLES` VALUES('INNODB_ADAPTIVE_HASH_INDEX', 'ON');
INSERT INTO `GLOBAL_VARIABLES` VALUES('QUERY_ALLOC_BLOCK_SIZE', '8192');
INSERT INTO `GLOBAL_VARIABLES` VALUES('INNODB_IBUF_ACCEL_RATE', '100');
INSERT INTO `GLOBAL_VARIABLES` VALUES('MIN_EXAMINED_ROW_LIMIT', '0');
INSERT INTO `GLOBAL_VARIABLES` VALUES('DIV_PRECISION_INCREMENT', '4');
INSERT INTO `GLOBAL_VARIABLES` VALUES('LICENSE', 'GPL');
INSERT INTO `GLOBAL_VARIABLES` VALUES('INNODB_IBUF_MAX_SIZE', '67092480');
INSERT INTO `GLOBAL_VARIABLES` VALUES('QUERY_CACHE_WLOCK_INVALIDATE', 'OFF');
INSERT INTO `GLOBAL_VARIABLES` VALUES('INNODB_DATA_HOME_DIR', '/var/lib/mysql_data/4');
INSERT INTO `GLOBAL_VARIABLES` VALUES('QUERY_CACHE_STRIP_COMMENTS', 'OFF');
INSERT INTO `GLOBAL_VARIABLES` VALUES('INNODB_READ_IO_THREADS', '4');
INSERT INTO `GLOBAL_VARIABLES` VALUES('THREAD_POOL_MAX_THREADS', '100000');
INSERT INTO `GLOBAL_VARIABLES` VALUES('INNODB_MAX_BITMAP_FILE_SIZE', '104857600');
INSERT INTO `GLOBAL_VARIABLES` VALUES('SLAVE_COMPRESSED_PROTOCOL', 'OFF');
INSERT INTO `GLOBAL_VARIABLES` VALUES('INNODB_BUFFER_POOL_INSTANCES', '1');
INSERT INTO `GLOBAL_VARIABLES` VALUES('SLOW_QUERY_LOG_FILE', '/var/lib/mysql_data/4/p3nlhdb5501-08-slow.log');
INSERT INTO `GLOBAL_VARIABLES` VALUES('INNODB_FORCE_RECOVERY', '0');
INSERT INTO `GLOBAL_VARIABLES` VALUES('REPLICATE_WILD_IGNORE_TABLE', '');
INSERT INTO `GLOBAL_VARIABLES` VALUES('INNODB_LOG_FILES_IN_GROUP', '2');
INSERT INTO `GLOBAL_VARIABLES` VALUES('SKIP_NETWORKING', 'OFF');
INSERT INTO `GLOBAL_VARIABLES` VALUES('FT_BOOLEAN_SYNTAX', '+ -><()~*:""&|');
INSERT INTO `GLOBAL_VARIABLES` VALUES('HAVE_DYNAMIC_LOADING', 'YES');
INSERT INTO `GLOBAL_VARIABLES` VALUES('MAX_CONNECT_ERRORS', '10000');
INSERT INTO `GLOBAL_VARIABLES` VALUES('SYNC_BINLOG', '0');
INSERT INTO `GLOBAL_VARIABLES` VALUES('INNODB_FILE_FORMAT_CHECK', 'ON');
INSERT INTO `GLOBAL_VARIABLES` VALUES('INNODB_PRINT_ALL_DEADLOCKS', 'OFF');
INSERT INTO `GLOBAL_VARIABLES` VALUES('OPTIMIZER_PRUNE_LEVEL', '1');
INSERT INTO `GLOBAL_VARIABLES` VALUES('INNODB_OPEN_FILES', '300');
INSERT INTO `GLOBAL_VARIABLES` VALUES('TABLE_OPEN_CACHE', '10000');
INSERT INTO `GLOBAL_VARIABLES` VALUES('INNODB_IMPORT_TABLE_FROM_XTRABACKUP', '0');
INSERT INTO `GLOBAL_VARIABLES` VALUES('TIMED_MUTEXES', 'OFF');
INSERT INTO `GLOBAL_VARIABLES` VALUES('INNODB_READ_AHEAD_THRESHOLD', '56');
INSERT INTO `GLOBAL_VARIABLES` VALUES('INNODB_ADAPTIVE_FLUSHING_METHOD', 'estimate');
INSERT INTO `GLOBAL_VARIABLES` VALUES('INNODB_FAST_CHECKSUM', 'OFF');
INSERT INTO `GLOBAL_VARIABLES` VALUES('KEY_BUFFER_SIZE', '536870912');
INSERT INTO `GLOBAL_VARIABLES` VALUES('CHARACTER_SET_DATABASE', 'latin1');
INSERT INTO `GLOBAL_VARIABLES` VALUES('HAVE_NDBCLUSTER', 'NO');
INSERT INTO `GLOBAL_VARIABLES` VALUES('THREAD_POOL_OVERSUBSCRIBE', '3');
INSERT INTO `GLOBAL_VARIABLES` VALUES('VERSION_COMPILE_MACHINE', 'x86_64');
INSERT INTO `GLOBAL_VARIABLES` VALUES('INNODB_STATS_METHOD', 'nulls_equal');
INSERT INTO `GLOBAL_VARIABLES` VALUES('TABLE_DEFINITION_CACHE', '400');
INSERT INTO `GLOBAL_VARIABLES` VALUES('INNODB_FAST_SHUTDOWN', '1');
INSERT INTO `GLOBAL_VARIABLES` VALUES('OPTIMIZER_FIX', 'ON');
INSERT INTO `GLOBAL_VARIABLES` VALUES('INNODB_RECOVERY_UPDATE_RELAY_LOG', 'OFF');
INSERT INTO `GLOBAL_VARIABLES` VALUES('LOG_WARNINGS', '1');
INSERT INTO `GLOBAL_VARIABLES` VALUES('INNODB_THREAD_CONCURRENCY', '0');
INSERT INTO `GLOBAL_VARIABLES` VALUES('TMP_TABLE_SIZE', '8388608');
INSERT INTO `GLOBAL_VARIABLES` VALUES('SLAVE_NET_TIMEOUT', '3600');
INSERT INTO `GLOBAL_VARIABLES` VALUES('THREAD_HANDLING', 'one-thread-per-connection');
INSERT INTO `GLOBAL_VARIABLES` VALUES('INNODB_STATS_SAMPLE_PAGES', '8');
INSERT INTO `GLOBAL_VARIABLES` VALUES('QUERY_CACHE_TYPE', 'ON');
INSERT INTO `GLOBAL_VARIABLES` VALUES('LOCAL_INFILE', 'ON');
INSERT INTO `GLOBAL_VARIABLES` VALUES('SQL_BIG_TABLES', 'OFF');
INSERT INTO `GLOBAL_VARIABLES` VALUES('HAVE_RTREE_KEYS', 'YES');
INSERT INTO `GLOBAL_VARIABLES` VALUES('LOCK_WAIT_TIMEOUT', '31536000');
INSERT INTO `GLOBAL_VARIABLES` VALUES('INNODB_BUFFER_POOL_RESTORE_AT_STARTUP', '0');
INSERT INTO `GLOBAL_VARIABLES` VALUES('MAX_SP_RECURSION_DEPTH', '0');
INSERT INTO `GLOBAL_VARIABLES` VALUES('OLD_ALTER_TABLE', 'OFF');
INSERT INTO `GLOBAL_VARIABLES` VALUES('REPORT_PORT', '3306');
INSERT INTO `GLOBAL_VARIABLES` VALUES('INNODB_PAGE_SIZE', '16384');
INSERT INTO `GLOBAL_VARIABLES` VALUES('SSL_CIPHER', '');
INSERT INTO `GLOBAL_VARIABLES` VALUES('EXTRA_MAX_CONNECTIONS', '1');
INSERT INTO `GLOBAL_VARIABLES` VALUES('SLAVE_EXEC_MODE', 'STRICT');
INSERT INTO `GLOBAL_VARIABLES` VALUES('RELAY_LOG_RECOVERY', 'OFF');
INSERT INTO `GLOBAL_VARIABLES` VALUES('NEW', 'OFF');
INSERT INTO `GLOBAL_VARIABLES` VALUES('MAX_DELAYED_THREADS', '20');
INSERT INTO `GLOBAL_VARIABLES` VALUES('SQL_MODE', '');
INSERT INTO `GLOBAL_VARIABLES` VALUES('SLOW_QUERY_LOG_USE_GLOBAL_CONTROL', '');
INSERT INTO `GLOBAL_VARIABLES` VALUES('DATADIR', '/var/lib/mysql_data/4/');
INSERT INTO `GLOBAL_VARIABLES` VALUES('INNODB_FLUSH_LOG_AT_TRX_COMMIT', '0');
INSERT INTO `GLOBAL_VARIABLES` VALUES('BINLOG_FORMAT', 'MIXED');
INSERT INTO `GLOBAL_VARIABLES` VALUES('THREAD_POOL_HIGH_PRIO_MODE', 'transactions');
INSERT INTO `GLOBAL_VARIABLES` VALUES('HOSTNAME', 'p3nlhdb5501-08.shr.prod.phx3.secureserver.net');
INSERT INTO `GLOBAL_VARIABLES` VALUES('INNODB_RANDOM_READ_AHEAD', 'OFF');
INSERT INTO `GLOBAL_VARIABLES` VALUES('KEEP_FILES_ON_CREATE', 'OFF');
INSERT INTO `GLOBAL_VARIABLES` VALUES('HAVE_INNODB', 'YES');
INSERT INTO `GLOBAL_VARIABLES` VALUES('SECURE_FILE_PRIV', '');
INSERT INTO `GLOBAL_VARIABLES` VALUES('PORT', '3306');
INSERT INTO `GLOBAL_VARIABLES` VALUES('ENGINE_CONDITION_PUSHDOWN', 'ON');
INSERT INTO `GLOBAL_VARIABLES` VALUES('CHARACTER_SET_CLIENT', 'latin1');
INSERT INTO `GLOBAL_VARIABLES` VALUES('SSL_CA', '');
INSERT INTO `GLOBAL_VARIABLES` VALUES('LOG_BIN_TRUST_FUNCTION_CREATORS', 'OFF');
INSERT INTO `GLOBAL_VARIABLES` VALUES('AUTO_INCREMENT_INCREMENT', '1');
INSERT INTO `GLOBAL_VARIABLES` VALUES('INNODB_MAX_CHANGED_PAGES', '1000000');
INSERT INTO `GLOBAL_VARIABLES` VALUES('NET_READ_TIMEOUT', '30');
INSERT INTO `GLOBAL_VARIABLES` VALUES('HAVE_OPENSSL', 'DISABLED');
INSERT INTO `GLOBAL_VARIABLES` VALUES('SQL_SLAVE_SKIP_COUNTER', '0');
INSERT INTO `GLOBAL_VARIABLES` VALUES('MAX_BINLOG_STMT_CACHE_SIZE', '18446744073709547520');
INSERT INTO `GLOBAL_VARIABLES` VALUES('SQL_LOG_OFF', 'OFF');
INSERT INTO `GLOBAL_VARIABLES` VALUES('INNODB_BUFFER_POOL_POPULATE', 'OFF');
INSERT INTO `GLOBAL_VARIABLES` VALUES('KEY_CACHE_BLOCK_SIZE', '1024');
INSERT INTO `GLOBAL_VARIABLES` VALUES('INNODB_SPIN_WAIT_DELAY', '6');
INSERT INTO `GLOBAL_VARIABLES` VALUES('HAVE_CSV', 'YES');
INSERT INTO `GLOBAL_VARIABLES` VALUES('INNODB_ADAPTIVE_HASH_INDEX_PARTITIONS', '1');
INSERT INTO `GLOBAL_VARIABLES` VALUES('FAST_INDEX_CREATION', 'ON');
INSERT INTO `GLOBAL_VARIABLES` VALUES('DEFAULT_STORAGE_ENGINE', 'MyISAM');
INSERT INTO `GLOBAL_VARIABLES` VALUES('PRELOAD_BUFFER_SIZE', '32768');
INSERT INTO `GLOBAL_VARIABLES` VALUES('INNODB_LOCK_WAIT_TIMEOUT', '50');
INSERT INTO `GLOBAL_VARIABLES` VALUES('THREAD_POOL_IDLE_TIMEOUT', '60');
INSERT INTO `GLOBAL_VARIABLES` VALUES('INNODB_OLD_BLOCKS_TIME', '0');
INSERT INTO `GLOBAL_VARIABLES` VALUES('KEY_CACHE_DIVISION_LIMIT', '100');
INSERT INTO `GLOBAL_VARIABLES` VALUES('RPL_RECOVERY_RANK', '0');
INSERT INTO `GLOBAL_VARIABLES` VALUES('SQL_AUTO_IS_NULL', 'OFF');
INSERT INTO `GLOBAL_VARIABLES` VALUES('UNIQUE_CHECKS', 'ON');
INSERT INTO `GLOBAL_VARIABLES` VALUES('REPLICATE_DO_TABLE', '');
INSERT INTO `GLOBAL_VARIABLES` VALUES('USERSTAT', 'ON');
INSERT INTO `GLOBAL_VARIABLES` VALUES('TX_ISOLATION', 'READ-COMMITTED');
INSERT INTO `GLOBAL_VARIABLES` VALUES('LOCKED_IN_MEMORY', 'OFF');
INSERT INTO `GLOBAL_VARIABLES` VALUES('LOG_ERROR', '/var/lib/mysql_logs/4/error.log');
INSERT INTO `GLOBAL_VARIABLES` VALUES('INNODB_LOCKING_FAKE_CHANGES', 'ON');
INSERT INTO `GLOBAL_VARIABLES` VALUES('INNODB_FILE_FORMAT_MAX', 'Antelope');
INSERT INTO `GLOBAL_VARIABLES` VALUES('HAVE_COMPRESS', 'YES');
INSERT INTO `GLOBAL_VARIABLES` VALUES('SSL_KEY', '');
INSERT INTO `GLOBAL_VARIABLES` VALUES('IGNORE_BUILTIN_INNODB', 'OFF');
INSERT INTO `GLOBAL_VARIABLES` VALUES('OPEN_FILES_LIMIT', '65535');
INSERT INTO `GLOBAL_VARIABLES` VALUES('CHARACTER_SET_FILESYSTEM', 'binary');
INSERT INTO `GLOBAL_VARIABLES` VALUES('SLAVE_SKIP_ERRORS', 'OFF');
INSERT INTO `GLOBAL_VARIABLES` VALUES('CHARACTER_SET_SYSTEM', 'utf8');
INSERT INTO `GLOBAL_VARIABLES` VALUES('TIME_FORMAT', '%H:%i:%s');
INSERT INTO `GLOBAL_VARIABLES` VALUES('RELAY_LOG_PURGE', 'ON');
INSERT INTO `GLOBAL_VARIABLES` VALUES('INNODB_WRITE_IO_THREADS', '4');
INSERT INTO `GLOBAL_VARIABLES` VALUES('INNODB_USE_SYS_STATS_TABLE', 'OFF');
INSERT INTO `GLOBAL_VARIABLES` VALUES('HAVE_QUERY_CACHE', 'YES');
INSERT INTO `GLOBAL_VARIABLES` VALUES('INNODB_FAKE_CHANGES', 'OFF');
INSERT INTO `GLOBAL_VARIABLES` VALUES('SYNC_RELAY_LOG', '0');
INSERT INTO `GLOBAL_VARIABLES` VALUES('INNODB_LOG_BUFFER_SIZE', '8388608');
INSERT INTO `GLOBAL_VARIABLES` VALUES('SKIP_EXTERNAL_LOCKING', 'ON');
INSERT INTO `GLOBAL_VARIABLES` VALUES('INNODB_STATS_UPDATE_NEED_LOCK', '1');
INSERT INTO `GLOBAL_VARIABLES` VALUES('LC_TIME_NAMES', 'en_US');
INSERT INTO `GLOBAL_VARIABLES` VALUES('INNODB_MAX_PURGE_LAG', '0');
INSERT INTO `GLOBAL_VARIABLES` VALUES('PERFORMANCE_SCHEMA_MAX_FILE_INSTANCES', '10000');
INSERT INTO `GLOBAL_VARIABLES` VALUES('MYISAM_MAX_SORT_FILE_SIZE', '9223372036853727232');
INSERT INTO `GLOBAL_VARIABLES` VALUES('LOG_SLOW_QUERIES', 'OFF');
INSERT INTO `GLOBAL_VARIABLES` VALUES('SLAVE_TYPE_CONVERSIONS', '');
INSERT INTO `GLOBAL_VARIABLES` VALUES('INNODB_BUFFER_POOL_SHM_KEY', '0');
INSERT INTO `GLOBAL_VARIABLES` VALUES('SQL_NOTES', 'ON');
INSERT INTO `GLOBAL_VARIABLES` VALUES('LC_MESSAGES', 'en_US');
INSERT INTO `GLOBAL_VARIABLES` VALUES('MAX_TMP_TABLES', '32');
INSERT INTO `GLOBAL_VARIABLES` VALUES('RELAY_LOG_INFO_FILE', '/var/lib/mysql_data/4/relay-log.info');
INSERT INTO `GLOBAL_VARIABLES` VALUES('INNODB_CHECKPOINT_AGE_TARGET', '0');
INSERT INTO `GLOBAL_VARIABLES` VALUES('INNODB_IBUF_ACTIVE_CONTRACT', '1');
INSERT INTO `GLOBAL_VARIABLES` VALUES('SLOW_QUERY_LOG_TIMESTAMP_PRECISION', 'second');
INSERT INTO `GLOBAL_VARIABLES` VALUES('LOG_SLOW_SLAVE_STATEMENTS', 'OFF');
INSERT INTO `GLOBAL_VARIABLES` VALUES('MAX_ALLOWED_PACKET', '134217728');
INSERT INTO `GLOBAL_VARIABLES` VALUES('INNODB_USE_ATOMIC_WRITES', 'OFF');
INSERT INTO `GLOBAL_VARIABLES` VALUES('CHARACTER_SET_SERVER', 'latin1');
INSERT INTO `GLOBAL_VARIABLES` VALUES('INNODB_DICT_SIZE_LIMIT', '0');
INSERT INTO `GLOBAL_VARIABLES` VALUES('MULTI_RANGE_COUNT', '256');
INSERT INTO `GLOBAL_VARIABLES` VALUES('INNODB_DOUBLEWRITE', 'ON');
INSERT INTO `GLOBAL_VARIABLES` VALUES('OLD', 'OFF');
INSERT INTO `GLOBAL_VARIABLES` VALUES('HAVE_FLASHCACHE', 'YES');
INSERT INTO `GLOBAL_VARIABLES` VALUES('DEFAULT_WEEK_FORMAT', '0');
INSERT INTO `GLOBAL_VARIABLES` VALUES('MYISAM_STATS_METHOD', 'nulls_unequal');
INSERT INTO `GLOBAL_VARIABLES` VALUES('LOG_OUTPUT', 'FILE');
INSERT INTO `GLOBAL_VARIABLES` VALUES('BINLOG_STMT_CACHE_SIZE', '32768');
INSERT INTO `GLOBAL_VARIABLES` VALUES('PERFORMANCE_SCHEMA_MAX_TABLE_INSTANCES', '50000');
INSERT INTO `GLOBAL_VARIABLES` VALUES('INNODB_FLUSH_METHOD', 'O_DIRECT');
INSERT INTO `GLOBAL_VARIABLES` VALUES('INNODB_USE_NATIVE_AIO', 'ON');
INSERT INTO `GLOBAL_VARIABLES` VALUES('MYISAM_MMAP_SIZE', '18446744073709551615');
INSERT INTO `GLOBAL_VARIABLES` VALUES('INNODB_CHECKSUMS', 'ON');
INSERT INTO `GLOBAL_VARIABLES` VALUES('STORAGE_ENGINE', 'MyISAM');
INSERT INTO `GLOBAL_VARIABLES` VALUES('TIME_ZONE', 'SYSTEM');
INSERT INTO `GLOBAL_VARIABLES` VALUES('HAVE_SSL', 'DISABLED');
INSERT INTO `GLOBAL_VARIABLES` VALUES('INNODB_TRACK_CHANGED_PAGES', 'OFF');
INSERT INTO `GLOBAL_VARIABLES` VALUES('INTERACTIVE_TIMEOUT', '60');
INSERT INTO `GLOBAL_VARIABLES` VALUES('INNODB_CONCURRENCY_TICKETS', '500');
INSERT INTO `GLOBAL_VARIABLES` VALUES('QUERY_RESPONSE_TIME_RANGE_BASE', '10');
INSERT INTO `GLOBAL_VARIABLES` VALUES('FT_MIN_WORD_LEN', '4');
INSERT INTO `GLOBAL_VARIABLES` VALUES('LOG_SLAVE_UPDATES', 'OFF');
INSERT INTO `GLOBAL_VARIABLES` VALUES('THREAD_POOL_HIGH_PRIO_TICKETS', '4294967295');
INSERT INTO `GLOBAL_VARIABLES` VALUES('MAX_JOIN_SIZE', '18446744073709551615');
INSERT INTO `GLOBAL_VARIABLES` VALUES('SERVER_ID', '1');
INSERT INTO `GLOBAL_VARIABLES` VALUES('COLLATION_DATABASE', 'latin1_swedish_ci');
INSERT INTO `GLOBAL_VARIABLES` VALUES('SQL_BUFFER_RESULT', 'OFF');
INSERT INTO `GLOBAL_VARIABLES` VALUES('INNODB_STATS_AUTO_UPDATE', '1');
INSERT INTO `GLOBAL_VARIABLES` VALUES('INNODB_BUFFER_POOL_SIZE', '134217728');
INSERT INTO `GLOBAL_VARIABLES` VALUES('INNODB_FILE_PER_TABLE', 'ON');
INSERT INTO `GLOBAL_VARIABLES` VALUES('SYNC_RELAY_LOG_INFO', '0');
INSERT INTO `GLOBAL_VARIABLES` VALUES('INNODB_LOG_GROUP_HOME_DIR', '/var/lib/mysql_data/4');
INSERT INTO `GLOBAL_VARIABLES` VALUES('SSL_CERT', '');
INSERT INTO `GLOBAL_VARIABLES` VALUES('INNODB_LARGE_PREFIX', 'OFF');
INSERT INTO `GLOBAL_VARIABLES` VALUES('MAX_ERROR_COUNT', '64');
INSERT INTO `GLOBAL_VARIABLES` VALUES('LOG_SLOW_FILTER', '');
INSERT INTO `GLOBAL_VARIABLES` VALUES('INNODB_STATS_ON_METADATA', 'ON');
INSERT INTO `GLOBAL_VARIABLES` VALUES('MYISAM_USE_MMAP', 'OFF');
INSERT INTO `GLOBAL_VARIABLES` VALUES('INNODB_LOG_BLOCK_SIZE', '512');
INSERT INTO `GLOBAL_VARIABLES` VALUES('SYNC_FRM', 'ON');
INSERT INTO `GLOBAL_VARIABLES` VALUES('SLOW_QUERY_LOG_ALWAYS_WRITE_TIME', '10.000000');
INSERT INTO `GLOBAL_VARIABLES` VALUES('SLAVE_LOAD_TMPDIR', '/var/lib/mysql_logs/mysqltmp/');
INSERT INTO `GLOBAL_VARIABLES` VALUES('INNODB_CHANGE_BUFFERING', 'all');
INSERT INTO `GLOBAL_VARIABLES` VALUES('INNODB_ADAPTIVE_FLUSHING', 'ON');
INSERT INTO `GLOBAL_VARIABLES` VALUES('PERFORMANCE_SCHEMA', 'OFF');
INSERT INTO `GLOBAL_VARIABLES` VALUES('STORED_PROGRAM_CACHE', '256');
INSERT INTO `GLOBAL_VARIABLES` VALUES('SECURE_AUTH', 'OFF');
INSERT INTO `GLOBAL_VARIABLES` VALUES('EXTRA_PORT', '0');
INSERT INTO `GLOBAL_VARIABLES` VALUES('MAX_WRITE_LOCK_COUNT', '18446744073709551615');
INSERT INTO `GLOBAL_VARIABLES` VALUES('RELAY_LOG', '/var/lib/mysql_logs/4/p3nlhdb5501-08-relay-bin');
INSERT INTO `GLOBAL_VARIABLES` VALUES('SQL_SELECT_LIMIT', '18446744073709551615');
INSERT INTO `GLOBAL_VARIABLES` VALUES('THREAD_POOL_SIZE', '24');
INSERT INTO `GLOBAL_VARIABLES` VALUES('INNODB_CORRUPT_TABLE_ACTION', 'assert');
INSERT INTO `GLOBAL_VARIABLES` VALUES('THREAD_CACHE_SIZE', '100');
INSERT INTO `GLOBAL_VARIABLES` VALUES('INNODB_FLUSH_NEIGHBOR_PAGES', 'area');
INSERT INTO `GLOBAL_VARIABLES` VALUES('INNODB_DOUBLEWRITE_FILE', '');
INSERT INTO `GLOBAL_VARIABLES` VALUES('INNODB_USE_SYS_MALLOC', 'ON');
INSERT INTO `GLOBAL_VARIABLES` VALUES('LOG_SLOW_ADMIN_STATEMENTS', 'OFF');
INSERT INTO `GLOBAL_VARIABLES` VALUES('INNODB_FORCE_LOAD_CORRUPTED', 'OFF');
INSERT INTO `GLOBAL_VARIABLES` VALUES('INNODB_MERGE_SORT_BLOCK_SIZE', '1048576');
INSERT INTO `GLOBAL_VARIABLES` VALUES('INNODB_MAX_DIRTY_PAGES_PCT', '75');
INSERT INTO `GLOBAL_VARIABLES` VALUES('PROFILING', 'OFF');
INSERT INTO `GLOBAL_VARIABLES` VALUES('HAVE_PROFILING', 'YES');
INSERT INTO `GLOBAL_VARIABLES` VALUES('COLLATION_CONNECTION', 'latin1_swedish_ci');
INSERT INTO `GLOBAL_VARIABLES` VALUES('THREAD_CONCURRENCY', '10');
INSERT INTO `GLOBAL_VARIABLES` VALUES('REPLICATE_IGNORE_DB', '');
INSERT INTO `GLOBAL_VARIABLES` VALUES('INNODB_OLD_BLOCKS_PCT', '37');
INSERT INTO `GLOBAL_VARIABLES` VALUES('GENERAL_LOG_FILE', '/var/lib/mysql_logs/4/p3nlhdb5501-08.log');
INSERT INTO `GLOBAL_VARIABLES` VALUES('INNODB_PURGE_THREADS', '1');
INSERT INTO `GLOBAL_VARIABLES` VALUES('SQL_WARNINGS', 'OFF');
INSERT INTO `GLOBAL_VARIABLES` VALUES('SLOW_QUERY_LOG', 'OFF');
INSERT INTO `GLOBAL_VARIABLES` VALUES('PERFORMANCE_SCHEMA_MAX_MUTEX_INSTANCES', '1000000');
INSERT INTO `GLOBAL_VARIABLES` VALUES('RELAY_LOG_SPACE_LIMIT', '0');

-- --------------------------------------------------------

--
-- Table structure for table `KEY_COLUMN_USAGE`
--

CREATE TEMPORARY TABLE `KEY_COLUMN_USAGE` (
  `CONSTRAINT_CATALOG` varchar(512) NOT NULL DEFAULT '',
  `CONSTRAINT_SCHEMA` varchar(64) NOT NULL DEFAULT '',
  `CONSTRAINT_NAME` varchar(64) NOT NULL DEFAULT '',
  `TABLE_CATALOG` varchar(512) NOT NULL DEFAULT '',
  `TABLE_SCHEMA` varchar(64) NOT NULL DEFAULT '',
  `TABLE_NAME` varchar(64) NOT NULL DEFAULT '',
  `COLUMN_NAME` varchar(64) NOT NULL DEFAULT '',
  `ORDINAL_POSITION` bigint(10) NOT NULL DEFAULT '0',
  `POSITION_IN_UNIQUE_CONSTRAINT` bigint(10) DEFAULT NULL,
  `REFERENCED_TABLE_SCHEMA` varchar(64) DEFAULT NULL,
  `REFERENCED_TABLE_NAME` varchar(64) DEFAULT NULL,
  `REFERENCED_COLUMN_NAME` varchar(64) DEFAULT NULL
) ENGINE=MEMORY DEFAULT CHARSET=utf8;

--
-- Dumping data for table `KEY_COLUMN_USAGE`
--

INSERT INTO `KEY_COLUMN_USAGE` VALUES('def', 'swatimobecourtDB', 'PRIMARY', 'def', 'swatimobecourtDB', 'admin', 'admin_id', 1, NULL, NULL, NULL, NULL);
INSERT INTO `KEY_COLUMN_USAGE` VALUES('def', 'swatimobecourtDB', 'PRIMARY', 'def', 'swatimobecourtDB', 'banner', 'id', 1, NULL, NULL, NULL, NULL);
INSERT INTO `KEY_COLUMN_USAGE` VALUES('def', 'swatimobecourtDB', 'PRIMARY', 'def', 'swatimobecourtDB', 'calendar', 'id', 1, NULL, NULL, NULL, NULL);
INSERT INTO `KEY_COLUMN_USAGE` VALUES('def', 'swatimobecourtDB', 'PRIMARY', 'def', 'swatimobecourtDB', 'calendar_urls', 'id', 1, NULL, NULL, NULL, NULL);
INSERT INTO `KEY_COLUMN_USAGE` VALUES('def', 'swatimobecourtDB', 'PRIMARY', 'def', 'swatimobecourtDB', 'chat', 'id', 1, NULL, NULL, NULL, NULL);
INSERT INTO `KEY_COLUMN_USAGE` VALUES('def', 'swatimobecourtDB', 'PRIMARY', 'def', 'swatimobecourtDB', 'contact', 'id', 1, NULL, NULL, NULL, NULL);
INSERT INTO `KEY_COLUMN_USAGE` VALUES('def', 'swatimobecourtDB', 'PRIMARY', 'def', 'swatimobecourtDB', 'country', 'country_id', 1, NULL, NULL, NULL, NULL);
INSERT INTO `KEY_COLUMN_USAGE` VALUES('def', 'swatimobecourtDB', 'PRIMARY', 'def', 'swatimobecourtDB', 'court_case', 'case_id', 1, NULL, NULL, NULL, NULL);
INSERT INTO `KEY_COLUMN_USAGE` VALUES('def', 'swatimobecourtDB', 'PRIMARY', 'def', 'swatimobecourtDB', 'documents', 'doc_id', 1, NULL, NULL, NULL, NULL);
INSERT INTO `KEY_COLUMN_USAGE` VALUES('def', 'swatimobecourtDB', 'PRIMARY', 'def', 'swatimobecourtDB', 'dossiers', 'dos_id', 1, NULL, NULL, NULL, NULL);
INSERT INTO `KEY_COLUMN_USAGE` VALUES('def', 'swatimobecourtDB', 'PRIMARY', 'def', 'swatimobecourtDB', 'draft_msg', 'draft_id', 1, NULL, NULL, NULL, NULL);
INSERT INTO `KEY_COLUMN_USAGE` VALUES('def', 'swatimobecourtDB', 'PRIMARY', 'def', 'swatimobecourtDB', 'event_calendar', 'id', 1, NULL, NULL, NULL, NULL);
INSERT INTO `KEY_COLUMN_USAGE` VALUES('def', 'swatimobecourtDB', 'PRIMARY', 'def', 'swatimobecourtDB', 'events', 'event_id', 1, NULL, NULL, NULL, NULL);
INSERT INTO `KEY_COLUMN_USAGE` VALUES('def', 'swatimobecourtDB', 'PRIMARY', 'def', 'swatimobecourtDB', 'form_1', 'form1_id', 1, NULL, NULL, NULL, NULL);
INSERT INTO `KEY_COLUMN_USAGE` VALUES('def', 'swatimobecourtDB', 'PRIMARY', 'def', 'swatimobecourtDB', 'form_2', 'from2_id', 1, NULL, NULL, NULL, NULL);
INSERT INTO `KEY_COLUMN_USAGE` VALUES('def', 'swatimobecourtDB', 'PRIMARY', 'def', 'swatimobecourtDB', 'form_3', 'form3_id', 1, NULL, NULL, NULL, NULL);
INSERT INTO `KEY_COLUMN_USAGE` VALUES('def', 'swatimobecourtDB', 'PRIMARY', 'def', 'swatimobecourtDB', 'form_4', 'form4_id', 1, NULL, NULL, NULL, NULL);
INSERT INTO `KEY_COLUMN_USAGE` VALUES('def', 'swatimobecourtDB', 'PRIMARY', 'def', 'swatimobecourtDB', 'fresh_invoice', 'fresh_id', 1, NULL, NULL, NULL, NULL);
INSERT INTO `KEY_COLUMN_USAGE` VALUES('def', 'swatimobecourtDB', 'PRIMARY', 'def', 'swatimobecourtDB', 'frnd_req', 'frnd_id', 1, NULL, NULL, NULL, NULL);
INSERT INTO `KEY_COLUMN_USAGE` VALUES('def', 'swatimobecourtDB', 'PRIMARY', 'def', 'swatimobecourtDB', 'gallery', 'img_id', 1, NULL, NULL, NULL, NULL);
INSERT INTO `KEY_COLUMN_USAGE` VALUES('def', 'swatimobecourtDB', 'PRIMARY', 'def', 'swatimobecourtDB', 'int_cat', 'int_cat_id', 1, NULL, NULL, NULL, NULL);
INSERT INTO `KEY_COLUMN_USAGE` VALUES('def', 'swatimobecourtDB', 'PRIMARY', 'def', 'swatimobecourtDB', 'int_subcat', 'int_subCat_id', 1, NULL, NULL, NULL, NULL);
INSERT INTO `KEY_COLUMN_USAGE` VALUES('def', 'swatimobecourtDB', 'PRIMARY', 'def', 'swatimobecourtDB', 'invoice', 'voice_id', 1, NULL, NULL, NULL, NULL);
INSERT INTO `KEY_COLUMN_USAGE` VALUES('def', 'swatimobecourtDB', 'PRIMARY', 'def', 'swatimobecourtDB', 'leagal_areas', 'la_id', 1, NULL, NULL, NULL, NULL);
INSERT INTO `KEY_COLUMN_USAGE` VALUES('def', 'swatimobecourtDB', 'PRIMARY', 'def', 'swatimobecourtDB', 'non_reg', 'non_re_id', 1, NULL, NULL, NULL, NULL);
INSERT INTO `KEY_COLUMN_USAGE` VALUES('def', 'swatimobecourtDB', 'PRIMARY', 'def', 'swatimobecourtDB', 'online_show', 'online_id', 1, NULL, NULL, NULL, NULL);
INSERT INTO `KEY_COLUMN_USAGE` VALUES('def', 'swatimobecourtDB', 'PRIMARY', 'def', 'swatimobecourtDB', 'prof_service', 'service_id', 1, NULL, NULL, NULL, NULL);
INSERT INTO `KEY_COLUMN_USAGE` VALUES('def', 'swatimobecourtDB', 'PRIMARY', 'def', 'swatimobecourtDB', 'professional', 'prof_id', 1, NULL, NULL, NULL, NULL);
INSERT INTO `KEY_COLUMN_USAGE` VALUES('def', 'swatimobecourtDB', 'PRIMARY', 'def', 'swatimobecourtDB', 'province', 'province_id', 1, NULL, NULL, NULL, NULL);
INSERT INTO `KEY_COLUMN_USAGE` VALUES('def', 'swatimobecourtDB', 'PRIMARY', 'def', 'swatimobecourtDB', 'reg_type', 'reg_type_id', 1, NULL, NULL, NULL, NULL);
INSERT INTO `KEY_COLUMN_USAGE` VALUES('def', 'swatimobecourtDB', 'PRIMARY', 'def', 'swatimobecourtDB', 'state', 'state_id', 1, NULL, NULL, NULL, NULL);
INSERT INTO `KEY_COLUMN_USAGE` VALUES('def', 'swatimobecourtDB', 'PRIMARY', 'def', 'swatimobecourtDB', 'std_li', 'std_id', 1, NULL, NULL, NULL, NULL);
INSERT INTO `KEY_COLUMN_USAGE` VALUES('def', 'swatimobecourtDB', 'PRIMARY', 'def', 'swatimobecourtDB', 'tbl_article', 'article_id', 1, NULL, NULL, NULL, NULL);
INSERT INTO `KEY_COLUMN_USAGE` VALUES('def', 'swatimobecourtDB', 'PRIMARY', 'def', 'swatimobecourtDB', 'tbl_pages', 'page_id', 1, NULL, NULL, NULL, NULL);
INSERT INTO `KEY_COLUMN_USAGE` VALUES('def', 'swatimobecourtDB', 'PRIMARY', 'def', 'swatimobecourtDB', 'tbl_settings', 'id', 1, NULL, NULL, NULL, NULL);
INSERT INTO `KEY_COLUMN_USAGE` VALUES('def', 'swatimobecourtDB', 'PRIMARY', 'def', 'swatimobecourtDB', 'tbl_social', 's_id', 1, NULL, NULL, NULL, NULL);
INSERT INTO `KEY_COLUMN_USAGE` VALUES('def', 'swatimobecourtDB', 'PRIMARY', 'def', 'swatimobecourtDB', 'tbl_subpages', 'subpage_id', 1, NULL, NULL, NULL, NULL);
INSERT INTO `KEY_COLUMN_USAGE` VALUES('def', 'swatimobecourtDB', 'PRIMARY', 'def', 'swatimobecourtDB', 'tbl_team_member', 'member_id', 1, NULL, NULL, NULL, NULL);
INSERT INTO `KEY_COLUMN_USAGE` VALUES('def', 'swatimobecourtDB', 'PRIMARY', 'def', 'swatimobecourtDB', 'tbl_testimonial', 'test_id', 1, NULL, NULL, NULL, NULL);
INSERT INTO `KEY_COLUMN_USAGE` VALUES('def', 'swatimobecourtDB', 'PRIMARY', 'def', 'swatimobecourtDB', 'trash_msg', 'trash_id', 1, NULL, NULL, NULL, NULL);
INSERT INTO `KEY_COLUMN_USAGE` VALUES('def', 'swatimobecourtDB', 'PRIMARY', 'def', 'swatimobecourtDB', 'user', 'user_id', 1, NULL, NULL, NULL, NULL);
INSERT INTO `KEY_COLUMN_USAGE` VALUES('def', 'swatimobecourtDB', 'PRIMARY', 'def', 'swatimobecourtDB', 'user_inbox', 'in_id', 1, NULL, NULL, NULL, NULL);

-- --------------------------------------------------------

--
-- Table structure for table `PARAMETERS`
--

CREATE TEMPORARY TABLE `PARAMETERS` (
  `SPECIFIC_CATALOG` varchar(512) NOT NULL DEFAULT '',
  `SPECIFIC_SCHEMA` varchar(64) NOT NULL DEFAULT '',
  `SPECIFIC_NAME` varchar(64) NOT NULL DEFAULT '',
  `ORDINAL_POSITION` int(21) NOT NULL DEFAULT '0',
  `PARAMETER_MODE` varchar(5) DEFAULT NULL,
  `PARAMETER_NAME` varchar(64) DEFAULT NULL,
  `DATA_TYPE` varchar(64) NOT NULL DEFAULT '',
  `CHARACTER_MAXIMUM_LENGTH` int(21) DEFAULT NULL,
  `CHARACTER_OCTET_LENGTH` int(21) DEFAULT NULL,
  `NUMERIC_PRECISION` int(21) DEFAULT NULL,
  `NUMERIC_SCALE` int(21) DEFAULT NULL,
  `CHARACTER_SET_NAME` varchar(64) DEFAULT NULL,
  `COLLATION_NAME` varchar(64) DEFAULT NULL,
  `DTD_IDENTIFIER` longtext NOT NULL,
  `ROUTINE_TYPE` varchar(9) NOT NULL DEFAULT ''
) ENGINE=MyISAM DEFAULT CHARSET=utf8;

--
-- Dumping data for table `PARAMETERS`
--


-- --------------------------------------------------------

--
-- Table structure for table `PARTITIONS`
--

CREATE TEMPORARY TABLE `PARTITIONS` (
  `TABLE_CATALOG` varchar(512) NOT NULL DEFAULT '',
  `TABLE_SCHEMA` varchar(64) NOT NULL DEFAULT '',
  `TABLE_NAME` varchar(64) NOT NULL DEFAULT '',
  `PARTITION_NAME` varchar(64) DEFAULT NULL,
  `SUBPARTITION_NAME` varchar(64) DEFAULT NULL,
  `PARTITION_ORDINAL_POSITION` bigint(21) unsigned DEFAULT NULL,
  `SUBPARTITION_ORDINAL_POSITION` bigint(21) unsigned DEFAULT NULL,
  `PARTITION_METHOD` varchar(18) DEFAULT NULL,
  `SUBPARTITION_METHOD` varchar(12) DEFAULT NULL,
  `PARTITION_EXPRESSION` longtext,
  `SUBPARTITION_EXPRESSION` longtext,
  `PARTITION_DESCRIPTION` longtext,
  `TABLE_ROWS` bigint(21) unsigned NOT NULL DEFAULT '0',
  `AVG_ROW_LENGTH` bigint(21) unsigned NOT NULL DEFAULT '0',
  `DATA_LENGTH` bigint(21) unsigned NOT NULL DEFAULT '0',
  `MAX_DATA_LENGTH` bigint(21) unsigned DEFAULT NULL,
  `INDEX_LENGTH` bigint(21) unsigned NOT NULL DEFAULT '0',
  `DATA_FREE` bigint(21) unsigned NOT NULL DEFAULT '0',
  `CREATE_TIME` datetime DEFAULT NULL,
  `UPDATE_TIME` datetime DEFAULT NULL,
  `CHECK_TIME` datetime DEFAULT NULL,
  `CHECKSUM` bigint(21) unsigned DEFAULT NULL,
  `PARTITION_COMMENT` varchar(80) NOT NULL DEFAULT '',
  `NODEGROUP` varchar(12) NOT NULL DEFAULT '',
  `TABLESPACE_NAME` varchar(64) DEFAULT NULL
) ENGINE=MyISAM DEFAULT CHARSET=utf8;

--
-- Dumping data for table `PARTITIONS`
--

INSERT INTO `PARTITIONS` VALUES('def', 'information_schema', 'CHARACTER_SETS', NULL, NULL, NULL, NULL, NULL, NULL, NULL, NULL, NULL, 0, 384, 0, 8388480, 0, 0, '2014-11-24 14:10:53', NULL, NULL, NULL, '', '', NULL);
INSERT INTO `PARTITIONS` VALUES('def', 'information_schema', 'CLIENT_STATISTICS', NULL, NULL, NULL, NULL, NULL, NULL, NULL, NULL, NULL, 0, 362, 0, 8388264, 0, 0, '2014-11-24 14:10:53', NULL, NULL, NULL, '', '', NULL);
INSERT INTO `PARTITIONS` VALUES('def', 'information_schema', 'COLLATIONS', NULL, NULL, NULL, NULL, NULL, NULL, NULL, NULL, NULL, 0, 231, 0, 8388534, 0, 0, '2014-11-24 14:10:53', NULL, NULL, NULL, '', '', NULL);
INSERT INTO `PARTITIONS` VALUES('def', 'information_schema', 'COLLATION_CHARACTER_SET_APPLICABILITY', NULL, NULL, NULL, NULL, NULL, NULL, NULL, NULL, NULL, 0, 195, 0, 8388510, 0, 0, '2014-11-24 14:10:53', NULL, NULL, NULL, '', '', NULL);
INSERT INTO `PARTITIONS` VALUES('def', 'information_schema', 'COLUMNS', NULL, NULL, NULL, NULL, NULL, NULL, NULL, NULL, NULL, 0, 0, 0, 281474976710655, 1024, 0, '2014-11-24 14:10:53', '2014-11-24 14:10:53', NULL, NULL, '', '', NULL);
INSERT INTO `PARTITIONS` VALUES('def', 'information_schema', 'COLUMN_PRIVILEGES', NULL, NULL, NULL, NULL, NULL, NULL, NULL, NULL, NULL, 0, 2565, 0, 8387550, 0, 0, '2014-11-24 14:10:53', NULL, NULL, NULL, '', '', NULL);
INSERT INTO `PARTITIONS` VALUES('def', 'information_schema', 'INDEX_STATISTICS', NULL, NULL, NULL, NULL, NULL, NULL, NULL, NULL, NULL, 0, 1743, 0, 8387316, 0, 0, '2014-11-24 14:10:53', NULL, NULL, NULL, '', '', NULL);
INSERT INTO `PARTITIONS` VALUES('def', 'information_schema', 'ENGINES', NULL, NULL, NULL, NULL, NULL, NULL, NULL, NULL, NULL, 0, 490, 0, 8388310, 0, 0, '2014-11-24 14:10:53', NULL, NULL, NULL, '', '', NULL);
INSERT INTO `PARTITIONS` VALUES('def', 'information_schema', 'EVENTS', NULL, NULL, NULL, NULL, NULL, NULL, NULL, NULL, NULL, 0, 0, 0, 281474976710655, 1024, 0, '2014-11-24 14:10:53', '2014-11-24 14:10:53', NULL, NULL, '', '', NULL);
INSERT INTO `PARTITIONS` VALUES('def', 'information_schema', 'FILES', NULL, NULL, NULL, NULL, NULL, NULL, NULL, NULL, NULL, 0, 2677, 0, 8387041, 0, 0, '2014-11-24 14:10:53', NULL, NULL, NULL, '', '', NULL);
INSERT INTO `PARTITIONS` VALUES('def', 'information_schema', 'GLOBAL_STATUS', NULL, NULL, NULL, NULL, NULL, NULL, NULL, NULL, NULL, 0, 3268, 0, 8385688, 0, 0, '2014-11-24 14:10:53', NULL, NULL, NULL, '', '', NULL);
INSERT INTO `PARTITIONS` VALUES('def', 'information_schema', 'GLOBAL_TEMPORARY_TABLES', NULL, NULL, NULL, NULL, NULL, NULL, NULL, NULL, NULL, 0, 2174, 0, 8387292, 0, 0, '2014-11-24 14:10:53', NULL, NULL, NULL, '', '', NULL);
INSERT INTO `PARTITIONS` VALUES('def', 'information_schema', 'GLOBAL_VARIABLES', NULL, NULL, NULL, NULL, NULL, NULL, NULL, NULL, NULL, 0, 3268, 0, 8385688, 0, 0, '2014-11-24 14:10:53', NULL, NULL, NULL, '', '', NULL);
INSERT INTO `PARTITIONS` VALUES('def', 'information_schema', 'KEY_COLUMN_USAGE', NULL, NULL, NULL, NULL, NULL, NULL, NULL, NULL, NULL, 0, 4637, 0, 8388333, 0, 0, '2014-11-24 14:10:53', NULL, NULL, NULL, '', '', NULL);
INSERT INTO `PARTITIONS` VALUES('def', 'information_schema', 'PARAMETERS', NULL, NULL, NULL, NULL, NULL, NULL, NULL, NULL, NULL, 0, 0, 0, 281474976710655, 1024, 0, '2014-11-24 14:10:53', '2014-11-24 14:10:53', NULL, NULL, '', '', NULL);
INSERT INTO `PARTITIONS` VALUES('def', 'information_schema', 'PARTITIONS', NULL, NULL, NULL, NULL, NULL, NULL, NULL, NULL, NULL, 0, 0, 0, 281474976710655, 1024, 0, '2014-11-24 14:10:53', '2014-11-24 14:10:53', NULL, NULL, '', '', NULL);
INSERT INTO `PARTITIONS` VALUES('def', 'information_schema', 'PLUGINS', NULL, NULL, NULL, NULL, NULL, NULL, NULL, NULL, NULL, 0, 0, 0, 281474976710655, 1024, 0, '2014-11-24 14:10:53', '2014-11-24 14:10:53', NULL, NULL, '', '', NULL);
INSERT INTO `PARTITIONS` VALUES('def', 'information_schema', 'PROCESSLIST', NULL, NULL, NULL, NULL, NULL, NULL, NULL, NULL, NULL, 0, 0, 0, 281474976710655, 1024, 0, '2014-11-24 14:10:53', '2014-11-24 14:10:53', NULL, NULL, '', '', NULL);
INSERT INTO `PARTITIONS` VALUES('def', 'information_schema', 'PROFILING', NULL, NULL, NULL, NULL, NULL, NULL, NULL, NULL, NULL, 0, 308, 0, 8388380, 0, 0, '2014-11-24 14:10:53', NULL, NULL, NULL, '', '', NULL);
INSERT INTO `PARTITIONS` VALUES('def', 'information_schema', 'REFERENTIAL_CONSTRAINTS', NULL, NULL, NULL, NULL, NULL, NULL, NULL, NULL, NULL, 0, 4814, 0, 8385988, 0, 0, '2014-11-24 14:10:53', NULL, NULL, NULL, '', '', NULL);
INSERT INTO `PARTITIONS` VALUES('def', 'information_schema', 'ROUTINES', NULL, NULL, NULL, NULL, NULL, NULL, NULL, NULL, NULL, 0, 0, 0, 281474976710655, 1024, 0, '2014-11-24 14:10:53', '2014-11-24 14:10:53', NULL, NULL, '', '', NULL);
INSERT INTO `PARTITIONS` VALUES('def', 'information_schema', 'QUERY_RESPONSE_TIME', NULL, NULL, NULL, NULL, NULL, NULL, NULL, NULL, NULL, 0, 91, 0, 8388562, 0, 0, '2014-11-24 14:10:53', NULL, NULL, NULL, '', '', NULL);
INSERT INTO `PARTITIONS` VALUES('def', 'information_schema', 'SCHEMATA', NULL, NULL, NULL, NULL, NULL, NULL, NULL, NULL, NULL, 0, 3464, 0, 8386344, 0, 0, '2014-11-24 14:10:53', NULL, NULL, NULL, '', '', NULL);
INSERT INTO `PARTITIONS` VALUES('def', 'information_schema', 'SCHEMA_PRIVILEGES', NULL, NULL, NULL, NULL, NULL, NULL, NULL, NULL, NULL, 0, 2179, 0, 8386971, 0, 0, '2014-11-24 14:10:53', NULL, NULL, NULL, '', '', NULL);
INSERT INTO `PARTITIONS` VALUES('def', 'information_schema', 'SESSION_STATUS', NULL, NULL, NULL, NULL, NULL, NULL, NULL, NULL, NULL, 0, 3268, 0, 8385688, 0, 0, '2014-11-24 14:10:53', NULL, NULL, NULL, '', '', NULL);
INSERT INTO `PARTITIONS` VALUES('def', 'information_schema', 'SESSION_VARIABLES', NULL, NULL, NULL, NULL, NULL, NULL, NULL, NULL, NULL, 0, 3268, 0, 8385688, 0, 0, '2014-11-24 14:10:53', NULL, NULL, NULL, '', '', NULL);
INSERT INTO `PARTITIONS` VALUES('def', 'information_schema', 'STATISTICS', NULL, NULL, NULL, NULL, NULL, NULL, NULL, NULL, NULL, 0, 5753, 0, 8387874, 0, 0, '2014-11-24 14:10:53', NULL, NULL, NULL, '', '', NULL);
INSERT INTO `PARTITIONS` VALUES('def', 'information_schema', 'TABLES', NULL, NULL, NULL, NULL, NULL, NULL, NULL, NULL, NULL, 0, 9450, 0, 8382150, 0, 0, '2014-11-24 14:10:53', NULL, NULL, NULL, '', '', NULL);
INSERT INTO `PARTITIONS` VALUES('def', 'information_schema', 'TABLESPACES', NULL, NULL, NULL, NULL, NULL, NULL, NULL, NULL, NULL, 0, 6951, 0, 8382906, 0, 0, '2014-11-24 14:10:53', NULL, NULL, NULL, '', '', NULL);
INSERT INTO `PARTITIONS` VALUES('def', 'information_schema', 'TABLE_CONSTRAINTS', NULL, NULL, NULL, NULL, NULL, NULL, NULL, NULL, NULL, 0, 2504, 0, 8388400, 0, 0, '2014-11-24 14:10:53', NULL, NULL, NULL, '', '', NULL);
INSERT INTO `PARTITIONS` VALUES('def', 'information_schema', 'TABLE_PRIVILEGES', NULL, NULL, NULL, NULL, NULL, NULL, NULL, NULL, NULL, 0, 2372, 0, 8387392, 0, 0, '2014-11-24 14:10:53', NULL, NULL, NULL, '', '', NULL);
INSERT INTO `PARTITIONS` VALUES('def', 'information_schema', 'TABLE_STATISTICS', NULL, NULL, NULL, NULL, NULL, NULL, NULL, NULL, NULL, 0, 1181, 0, 8387462, 0, 0, '2014-11-24 14:10:53', NULL, NULL, NULL, '', '', NULL);
INSERT INTO `PARTITIONS` VALUES('def', 'information_schema', 'TEMPORARY_TABLES', NULL, NULL, NULL, NULL, NULL, NULL, NULL, NULL, NULL, 0, 2174, 0, 8387292, 0, 0, '2014-11-24 14:10:53', NULL, NULL, NULL, '', '', NULL);
INSERT INTO `PARTITIONS` VALUES('def', 'information_schema', 'THREAD_STATISTICS', NULL, NULL, NULL, NULL, NULL, NULL, NULL, NULL, NULL, 0, 177, 0, 8388561, 0, 0, '2014-11-24 14:10:53', NULL, NULL, NULL, '', '', NULL);
INSERT INTO `PARTITIONS` VALUES('def', 'information_schema', 'TRIGGERS', NULL, NULL, NULL, NULL, NULL, NULL, NULL, NULL, NULL, 0, 0, 0, 281474976710655, 1024, 0, '2014-11-24 14:10:53', '2014-11-24 14:10:53', NULL, NULL, '', '', NULL);
INSERT INTO `PARTITIONS` VALUES('def', 'information_schema', 'USER_PRIVILEGES', NULL, NULL, NULL, NULL, NULL, NULL, NULL, NULL, NULL, 0, 1986, 0, 8386878, 0, 0, '2014-11-24 14:10:53', NULL, NULL, NULL, '', '', NULL);
INSERT INTO `PARTITIONS` VALUES('def', 'information_schema', 'USER_STATISTICS', NULL, NULL, NULL, NULL, NULL, NULL, NULL, NULL, NULL, 0, 314, 0, 8388510, 0, 0, '2014-11-24 14:10:53', NULL, NULL, NULL, '', '', NULL);
INSERT INTO `PARTITIONS` VALUES('def', 'information_schema', 'VIEWS', NULL, NULL, NULL, NULL, NULL, NULL, NULL, NULL, NULL, 0, 0, 0, 281474976710655, 1024, 0, '2014-11-24 14:10:53', '2014-11-24 14:10:53', NULL, NULL, '', '', NULL);
INSERT INTO `PARTITIONS` VALUES('def', 'information_schema', 'INNODB_CMPMEM_RESET', NULL, NULL, NULL, NULL, NULL, NULL, NULL, NULL, NULL, 0, 29, 0, 8388598, 0, 0, '2014-11-24 14:10:53', NULL, NULL, NULL, '', '', NULL);
INSERT INTO `PARTITIONS` VALUES('def', 'information_schema', 'INNODB_RSEG', NULL, NULL, NULL, NULL, NULL, NULL, NULL, NULL, NULL, 0, 49, 0, 8388604, 0, 0, '2014-11-24 14:10:53', NULL, NULL, NULL, '', '', NULL);
INSERT INTO `PARTITIONS` VALUES('def', 'information_schema', 'INNODB_UNDO_LOGS', NULL, NULL, NULL, NULL, NULL, NULL, NULL, NULL, NULL, 0, 1620, 0, 8388360, 0, 0, '2014-11-24 14:10:53', NULL, NULL, NULL, '', '', NULL);
INSERT INTO `PARTITIONS` VALUES('def', 'information_schema', 'INNODB_CMPMEM', NULL, NULL, NULL, NULL, NULL, NULL, NULL, NULL, NULL, 0, 29, 0, 8388598, 0, 0, '2014-11-24 14:10:53', NULL, NULL, NULL, '', '', NULL);
INSERT INTO `PARTITIONS` VALUES('def', 'information_schema', 'INNODB_SYS_TABLESTATS', NULL, NULL, NULL, NULL, NULL, NULL, NULL, NULL, NULL, 0, 1796, 0, 8387320, 0, 0, '2014-11-24 14:10:53', NULL, NULL, NULL, '', '', NULL);
INSERT INTO `PARTITIONS` VALUES('def', 'information_schema', 'INNODB_LOCK_WAITS', NULL, NULL, NULL, NULL, NULL, NULL, NULL, NULL, NULL, 0, 599, 0, 8388396, 0, 0, '2014-11-24 14:10:53', NULL, NULL, NULL, '', '', NULL);
INSERT INTO `PARTITIONS` VALUES('def', 'information_schema', 'INNODB_INDEX_STATS', NULL, NULL, NULL, NULL, NULL, NULL, NULL, NULL, NULL, 0, 2529, 0, 8386164, 0, 0, '2014-11-24 14:10:53', NULL, NULL, NULL, '', '', NULL);
INSERT INTO `PARTITIONS` VALUES('def', 'information_schema', 'INNODB_CMP', NULL, NULL, NULL, NULL, NULL, NULL, NULL, NULL, NULL, 0, 25, 0, 8388600, 0, 0, '2014-11-24 14:10:53', NULL, NULL, NULL, '', '', NULL);
INSERT INTO `PARTITIONS` VALUES('def', 'information_schema', 'INNODB_CMP_RESET', NULL, NULL, NULL, NULL, NULL, NULL, NULL, NULL, NULL, 0, 25, 0, 8388600, 0, 0, '2014-11-24 14:10:53', NULL, NULL, NULL, '', '', NULL);
INSERT INTO `PARTITIONS` VALUES('def', 'information_schema', 'INNODB_CHANGED_PAGES', NULL, NULL, NULL, NULL, NULL, NULL, NULL, NULL, NULL, 0, 25, 0, 8388600, 0, 0, '2014-11-24 14:10:53', NULL, NULL, NULL, '', '', NULL);
INSERT INTO `PARTITIONS` VALUES('def', 'information_schema', 'INNODB_BUFFER_POOL_PAGES', NULL, NULL, NULL, NULL, NULL, NULL, NULL, NULL, NULL, 0, 234, 0, 8388432, 0, 0, '2014-11-24 14:10:53', NULL, NULL, NULL, '', '', NULL);
INSERT INTO `PARTITIONS` VALUES('def', 'information_schema', 'INNODB_TRX', NULL, NULL, NULL, NULL, NULL, NULL, NULL, NULL, NULL, 0, 4534, 0, 8387900, 0, 0, '2014-11-24 14:10:53', NULL, NULL, NULL, '', '', NULL);
INSERT INTO `PARTITIONS` VALUES('def', 'information_schema', 'INNODB_BUFFER_POOL_PAGES_INDEX', NULL, NULL, NULL, NULL, NULL, NULL, NULL, NULL, NULL, 0, 105, 0, 8388555, 0, 0, '2014-11-24 14:10:53', NULL, NULL, NULL, '', '', NULL);
INSERT INTO `PARTITIONS` VALUES('def', 'information_schema', 'INNODB_LOCKS', NULL, NULL, NULL, NULL, NULL, NULL, NULL, NULL, NULL, 0, 31244, 0, 8373392, 0, 0, '2014-11-24 14:10:53', NULL, NULL, NULL, '', '', NULL);
INSERT INTO `PARTITIONS` VALUES('def', 'information_schema', 'INNODB_BUFFER_POOL_PAGES_BLOB', NULL, NULL, NULL, NULL, NULL, NULL, NULL, NULL, NULL, 0, 65, 0, 8388575, 0, 0, '2014-11-24 14:10:53', NULL, NULL, NULL, '', '', NULL);
INSERT INTO `PARTITIONS` VALUES('def', 'information_schema', 'INNODB_SYS_TABLES', NULL, NULL, NULL, NULL, NULL, NULL, NULL, NULL, NULL, 0, 1183, 0, 8387470, 0, 0, '2014-11-24 14:10:53', NULL, NULL, NULL, '', '', NULL);
INSERT INTO `PARTITIONS` VALUES('def', 'information_schema', 'INNODB_SYS_FIELDS', NULL, NULL, NULL, NULL, NULL, NULL, NULL, NULL, NULL, 0, 594, 0, 8388468, 0, 0, '2014-11-24 14:10:53', NULL, NULL, NULL, '', '', NULL);
INSERT INTO `PARTITIONS` VALUES('def', 'information_schema', 'INNODB_SYS_COLUMNS', NULL, NULL, NULL, NULL, NULL, NULL, NULL, NULL, NULL, 0, 610, 0, 8388110, 0, 0, '2014-11-24 14:10:53', NULL, NULL, NULL, '', '', NULL);
INSERT INTO `PARTITIONS` VALUES('def', 'information_schema', 'INNODB_BUFFER_PAGE', NULL, NULL, NULL, NULL, NULL, NULL, NULL, NULL, NULL, 0, 6852, 0, 8386848, 0, 0, '2014-11-24 14:10:53', NULL, NULL, NULL, '', '', NULL);
INSERT INTO `PARTITIONS` VALUES('def', 'information_schema', 'INNODB_SYS_STATS', NULL, NULL, NULL, NULL, NULL, NULL, NULL, NULL, NULL, 0, 29, 0, 8388598, 0, 0, '2014-11-24 14:10:53', NULL, NULL, NULL, '', '', NULL);
INSERT INTO `PARTITIONS` VALUES('def', 'information_schema', 'INNODB_SYS_FOREIGN', NULL, NULL, NULL, NULL, NULL, NULL, NULL, NULL, NULL, 0, 1752, 0, 8388576, 0, 0, '2014-11-24 14:10:53', NULL, NULL, NULL, '', '', NULL);
INSERT INTO `PARTITIONS` VALUES('def', 'information_schema', 'INNODB_SYS_INDEXES', NULL, NULL, NULL, NULL, NULL, NULL, NULL, NULL, NULL, 0, 614, 0, 8388468, 0, 0, '2014-11-24 14:10:53', NULL, NULL, NULL, '', '', NULL);
INSERT INTO `PARTITIONS` VALUES('def', 'information_schema', 'XTRADB_ADMIN_COMMAND', NULL, NULL, NULL, NULL, NULL, NULL, NULL, NULL, NULL, 0, 3075, 0, 8388600, 0, 0, '2014-11-24 14:10:53', NULL, NULL, NULL, '', '', NULL);
INSERT INTO `PARTITIONS` VALUES('def', 'information_schema', 'INNODB_TABLE_STATS', NULL, NULL, NULL, NULL, NULL, NULL, NULL, NULL, NULL, 0, 1189, 0, 8388395, 0, 0, '2014-11-24 14:10:53', NULL, NULL, NULL, '', '', NULL);
INSERT INTO `PARTITIONS` VALUES('def', 'information_schema', 'INNODB_SYS_FOREIGN_COLS', NULL, NULL, NULL, NULL, NULL, NULL, NULL, NULL, NULL, 0, 1748, 0, 8386904, 0, 0, '2014-11-24 14:10:53', NULL, NULL, NULL, '', '', NULL);
INSERT INTO `PARTITIONS` VALUES('def', 'information_schema', 'INNODB_BUFFER_PAGE_LRU', NULL, NULL, NULL, NULL, NULL, NULL, NULL, NULL, NULL, 0, 6669, 0, 8382933, 0, 0, '2014-11-24 14:10:53', NULL, NULL, NULL, '', '', NULL);
INSERT INTO `PARTITIONS` VALUES('def', 'information_schema', 'INNODB_BUFFER_POOL_STATS', NULL, NULL, NULL, NULL, NULL, NULL, NULL, NULL, NULL, 0, 257, 0, 8388480, 0, 0, '2014-11-24 14:10:53', NULL, NULL, NULL, '', '', NULL);
INSERT INTO `PARTITIONS` VALUES('def', 'swatimobecourtDB', 'admin', NULL, NULL, NULL, NULL, NULL, NULL, NULL, NULL, NULL, 0, 0, 16384, NULL, 0, 0, '2014-10-10 06:24:13', NULL, NULL, NULL, '', '', NULL);
INSERT INTO `PARTITIONS` VALUES('def', 'swatimobecourtDB', 'banner', NULL, NULL, NULL, NULL, NULL, NULL, NULL, NULL, NULL, 6, 2730, 16384, NULL, 0, 0, '2014-10-10 06:24:13', NULL, NULL, NULL, '', '', NULL);
INSERT INTO `PARTITIONS` VALUES('def', 'swatimobecourtDB', 'calendar', NULL, NULL, NULL, NULL, NULL, NULL, NULL, NULL, NULL, 5, 3276, 16384, NULL, 0, 0, '2014-10-10 06:24:13', NULL, NULL, NULL, '', '', NULL);
INSERT INTO `PARTITIONS` VALUES('def', 'swatimobecourtDB', 'calendar_urls', NULL, NULL, NULL, NULL, NULL, NULL, NULL, NULL, NULL, 2, 8192, 16384, NULL, 0, 0, '2014-10-10 06:24:13', NULL, NULL, NULL, '', '', NULL);
INSERT INTO `PARTITIONS` VALUES('def', 'swatimobecourtDB', 'chat', NULL, NULL, NULL, NULL, NULL, NULL, NULL, NULL, NULL, 0, 0, 16384, NULL, 0, 0, '2014-10-25 01:35:12', NULL, NULL, NULL, '', '', NULL);
INSERT INTO `PARTITIONS` VALUES('def', 'swatimobecourtDB', 'contact', NULL, NULL, NULL, NULL, NULL, NULL, NULL, NULL, NULL, 1, 16384, 16384, NULL, 0, 0, '2014-10-10 06:24:13', NULL, NULL, NULL, '', '', NULL);
INSERT INTO `PARTITIONS` VALUES('def', 'swatimobecourtDB', 'country', NULL, NULL, NULL, NULL, NULL, NULL, NULL, NULL, NULL, 214, 76, 16384, NULL, 0, 0, '2014-11-05 06:22:53', NULL, NULL, NULL, '', '', NULL);
INSERT INTO `PARTITIONS` VALUES('def', 'swatimobecourtDB', 'court_case', NULL, NULL, NULL, NULL, NULL, NULL, NULL, NULL, NULL, 4, 4096, 16384, NULL, 0, 0, '2014-10-10 06:24:13', NULL, NULL, NULL, '', '', NULL);
INSERT INTO `PARTITIONS` VALUES('def', 'swatimobecourtDB', 'documents', NULL, NULL, NULL, NULL, NULL, NULL, NULL, NULL, NULL, 4, 4096, 16384, NULL, 0, 0, '2014-10-10 06:24:13', NULL, NULL, NULL, '', '', NULL);
INSERT INTO `PARTITIONS` VALUES('def', 'swatimobecourtDB', 'dossiers', NULL, NULL, NULL, NULL, NULL, NULL, NULL, NULL, NULL, 10, 1638, 16384, NULL, 0, 0, '2014-10-10 06:24:13', NULL, NULL, NULL, '', '', NULL);
INSERT INTO `PARTITIONS` VALUES('def', 'swatimobecourtDB', 'draft_msg', NULL, NULL, NULL, NULL, NULL, NULL, NULL, NULL, NULL, 9, 1820, 16384, NULL, 0, 0, '2014-10-10 06:24:13', NULL, NULL, NULL, '', '', NULL);
INSERT INTO `PARTITIONS` VALUES('def', 'swatimobecourtDB', 'event_calendar', NULL, NULL, NULL, NULL, NULL, NULL, NULL, NULL, NULL, 2, 8192, 16384, NULL, 0, 0, '2014-10-10 06:24:13', NULL, NULL, NULL, '', '', NULL);
INSERT INTO `PARTITIONS` VALUES('def', 'swatimobecourtDB', 'events', NULL, NULL, NULL, NULL, NULL, NULL, NULL, NULL, NULL, 2, 8192, 16384, NULL, 0, 0, '2014-10-10 06:24:13', NULL, NULL, NULL, '', '', NULL);
INSERT INTO `PARTITIONS` VALUES('def', 'swatimobecourtDB', 'form_1', NULL, NULL, NULL, NULL, NULL, NULL, NULL, NULL, NULL, 0, 0, 16384, NULL, 0, 0, '2014-10-10 06:24:13', NULL, NULL, NULL, '', '', NULL);
INSERT INTO `PARTITIONS` VALUES('def', 'swatimobecourtDB', 'form_2', NULL, NULL, NULL, NULL, NULL, NULL, NULL, NULL, NULL, 0, 0, 16384, NULL, 0, 0, '2014-10-10 06:24:13', NULL, NULL, NULL, '', '', NULL);
INSERT INTO `PARTITIONS` VALUES('def', 'swatimobecourtDB', 'form_3', NULL, NULL, NULL, NULL, NULL, NULL, NULL, NULL, NULL, 0, 0, 16384, NULL, 0, 0, '2014-10-10 06:24:13', NULL, NULL, NULL, '', '', NULL);
INSERT INTO `PARTITIONS` VALUES('def', 'swatimobecourtDB', 'form_4', NULL, NULL, NULL, NULL, NULL, NULL, NULL, NULL, NULL, 0, 0, 16384, NULL, 0, 0, '2014-10-10 06:24:13', NULL, NULL, NULL, '', '', NULL);
INSERT INTO `PARTITIONS` VALUES('def', 'swatimobecourtDB', 'fresh_invoice', NULL, NULL, NULL, NULL, NULL, NULL, NULL, NULL, NULL, 30, 546, 16384, NULL, 0, 0, '2014-11-18 06:05:33', NULL, NULL, NULL, '', '', NULL);
INSERT INTO `PARTITIONS` VALUES('def', 'swatimobecourtDB', 'frnd_req', NULL, NULL, NULL, NULL, NULL, NULL, NULL, NULL, NULL, 16, 1024, 16384, NULL, 0, 0, '2014-11-04 05:40:29', NULL, NULL, NULL, '', '', NULL);
INSERT INTO `PARTITIONS` VALUES('def', 'swatimobecourtDB', 'gallery', NULL, NULL, NULL, NULL, NULL, NULL, NULL, NULL, NULL, 8, 2048, 16384, NULL, 0, 0, '2014-10-10 06:24:13', NULL, NULL, NULL, '', '', NULL);
INSERT INTO `PARTITIONS` VALUES('def', 'swatimobecourtDB', 'int_cat', NULL, NULL, NULL, NULL, NULL, NULL, NULL, NULL, NULL, 5, 3276, 16384, NULL, 0, 0, '2014-10-30 05:49:07', NULL, NULL, NULL, '', '', NULL);
INSERT INTO `PARTITIONS` VALUES('def', 'swatimobecourtDB', 'int_subcat', NULL, NULL, NULL, NULL, NULL, NULL, NULL, NULL, NULL, 10, 1638, 16384, NULL, 0, 0, '2014-10-30 05:48:57', NULL, NULL, NULL, '', '', NULL);
INSERT INTO `PARTITIONS` VALUES('def', 'swatimobecourtDB', 'invoice', NULL, NULL, NULL, NULL, NULL, NULL, NULL, NULL, NULL, 5, 3276, 16384, NULL, 0, 0, '2014-10-17 06:30:10', NULL, NULL, NULL, '', '', NULL);
INSERT INTO `PARTITIONS` VALUES('def', 'swatimobecourtDB', 'leagal_areas', NULL, NULL, NULL, NULL, NULL, NULL, NULL, NULL, NULL, 30, 546, 16384, NULL, 0, 0, '2014-10-27 22:28:50', NULL, NULL, NULL, '', '', NULL);
INSERT INTO `PARTITIONS` VALUES('def', 'swatimobecourtDB', 'non_reg', NULL, NULL, NULL, NULL, NULL, NULL, NULL, NULL, NULL, 0, 0, 16384, NULL, 0, 0, '2014-10-10 06:24:13', NULL, NULL, NULL, '', '', NULL);
INSERT INTO `PARTITIONS` VALUES('def', 'swatimobecourtDB', 'online_show', NULL, NULL, NULL, NULL, NULL, NULL, NULL, NULL, NULL, 7, 2340, 16384, NULL, 0, 0, '2014-10-10 06:24:13', NULL, NULL, NULL, '', '', NULL);
INSERT INTO `PARTITIONS` VALUES('def', 'swatimobecourtDB', 'prof_service', NULL, NULL, NULL, NULL, NULL, NULL, NULL, NULL, NULL, 33, 496, 16384, NULL, 0, 0, '2014-10-10 06:24:13', NULL, NULL, NULL, '', '', NULL);
INSERT INTO `PARTITIONS` VALUES('def', 'swatimobecourtDB', 'professional', NULL, NULL, NULL, NULL, NULL, NULL, NULL, NULL, NULL, 7, 2340, 16384, NULL, 0, 0, '2014-11-01 06:06:27', NULL, NULL, NULL, '', '', NULL);
INSERT INTO `PARTITIONS` VALUES('def', 'swatimobecourtDB', 'province', NULL, NULL, NULL, NULL, NULL, NULL, NULL, NULL, NULL, 13, 1260, 16384, NULL, 0, 0, '2014-11-18 06:05:19', NULL, NULL, NULL, '', '', NULL);
INSERT INTO `PARTITIONS` VALUES('def', 'swatimobecourtDB', 'reg_type', NULL, NULL, NULL, NULL, NULL, NULL, NULL, NULL, NULL, 13, 1260, 16384, NULL, 0, 0, '2014-11-05 06:45:08', NULL, NULL, NULL, '', '', NULL);
INSERT INTO `PARTITIONS` VALUES('def', 'swatimobecourtDB', 'state', NULL, NULL, NULL, NULL, NULL, NULL, NULL, NULL, NULL, 52, 315, 16384, NULL, 0, 0, '2014-10-10 06:24:13', NULL, NULL, NULL, '', '', NULL);
INSERT INTO `PARTITIONS` VALUES('def', 'swatimobecourtDB', 'std_li', NULL, NULL, NULL, NULL, NULL, NULL, NULL, NULL, NULL, 2, 8192, 16384, NULL, 0, 0, '2014-11-17 04:03:42', NULL, NULL, NULL, '', '', NULL);
INSERT INTO `PARTITIONS` VALUES('def', 'swatimobecourtDB', 'tbl_article', NULL, NULL, NULL, NULL, NULL, NULL, NULL, NULL, NULL, 3, 5461, 16384, NULL, 0, 0, '2014-10-10 06:24:13', NULL, NULL, NULL, '', '', NULL);
INSERT INTO `PARTITIONS` VALUES('def', 'swatimobecourtDB', 'tbl_pages', NULL, NULL, NULL, NULL, NULL, NULL, NULL, NULL, NULL, 12, 67, 808, 281474976710655, 2048, 0, '2014-10-10 06:24:13', '2014-10-10 06:24:13', NULL, NULL, '', '', NULL);
INSERT INTO `PARTITIONS` VALUES('def', 'swatimobecourtDB', 'tbl_settings', NULL, NULL, NULL, NULL, NULL, NULL, NULL, NULL, NULL, 1, 180, 180, 281474976710655, 2048, 0, '2014-10-10 06:24:13', '2014-10-10 06:24:13', NULL, NULL, '', '', NULL);
INSERT INTO `PARTITIONS` VALUES('def', 'swatimobecourtDB', 'tbl_social', NULL, NULL, NULL, NULL, NULL, NULL, NULL, NULL, NULL, 6, 2730, 16384, NULL, 0, 0, '2014-11-11 06:24:20', NULL, NULL, NULL, '', '', NULL);
INSERT INTO `PARTITIONS` VALUES('def', 'swatimobecourtDB', 'tbl_subpages', NULL, NULL, NULL, NULL, NULL, NULL, NULL, NULL, NULL, 63, 260, 16384, NULL, 0, 0, '2014-10-10 06:24:13', NULL, NULL, NULL, '', '', NULL);
INSERT INTO `PARTITIONS` VALUES('def', 'swatimobecourtDB', 'tbl_team_member', NULL, NULL, NULL, NULL, NULL, NULL, NULL, NULL, NULL, 3, 5461, 16384, NULL, 0, 0, '2014-10-10 06:24:13', NULL, NULL, NULL, '', '', NULL);
INSERT INTO `PARTITIONS` VALUES('def', 'swatimobecourtDB', 'tbl_testimonial', NULL, NULL, NULL, NULL, NULL, NULL, NULL, NULL, NULL, 6, 2730, 16384, NULL, 0, 0, '2014-10-10 06:24:13', NULL, NULL, NULL, '', '', NULL);
INSERT INTO `PARTITIONS` VALUES('def', 'swatimobecourtDB', 'trash_msg', NULL, NULL, NULL, NULL, NULL, NULL, NULL, NULL, NULL, 2, 8192, 16384, NULL, 0, 0, '2014-10-10 06:24:13', NULL, NULL, NULL, '', '', NULL);
INSERT INTO `PARTITIONS` VALUES('def', 'swatimobecourtDB', 'user', NULL, NULL, NULL, NULL, NULL, NULL, NULL, NULL, NULL, 20, 819, 16384, NULL, 0, 0, '2014-11-07 22:53:07', NULL, NULL, NULL, '', '', NULL);
INSERT INTO `PARTITIONS` VALUES('def', 'swatimobecourtDB', 'user_inbox', NULL, NULL, NULL, NULL, NULL, NULL, NULL, NULL, NULL, 8, 2048, 16384, NULL, 0, 0, '2014-10-10 06:24:13', NULL, NULL, NULL, '', '', NULL);

-- --------------------------------------------------------

--
-- Table structure for table `PLUGINS`
--

CREATE TEMPORARY TABLE `PLUGINS` (
  `PLUGIN_NAME` varchar(64) NOT NULL DEFAULT '',
  `PLUGIN_VERSION` varchar(20) NOT NULL DEFAULT '',
  `PLUGIN_STATUS` varchar(10) NOT NULL DEFAULT '',
  `PLUGIN_TYPE` varchar(80) NOT NULL DEFAULT '',
  `PLUGIN_TYPE_VERSION` varchar(20) NOT NULL DEFAULT '',
  `PLUGIN_LIBRARY` varchar(64) DEFAULT NULL,
  `PLUGIN_LIBRARY_VERSION` varchar(20) DEFAULT NULL,
  `PLUGIN_AUTHOR` varchar(64) DEFAULT NULL,
  `PLUGIN_DESCRIPTION` longtext,
  `PLUGIN_LICENSE` varchar(80) DEFAULT NULL,
  `LOAD_OPTION` varchar(64) NOT NULL DEFAULT ''
) ENGINE=MyISAM DEFAULT CHARSET=utf8;

--
-- Dumping data for table `PLUGINS`
--

INSERT INTO `PLUGINS` VALUES('binlog', '1.0', 'ACTIVE', 'STORAGE ENGINE', '50537.0', NULL, NULL, 'MySQL AB', 'This is a pseudo storage engine to represent the binlog in a transaction', 'GPL', 'FORCE');
INSERT INTO `PLUGINS` VALUES('mysql_native_password', '1.0', 'ACTIVE', 'AUTHENTICATION', '1.0', NULL, NULL, 'R.J.Silk, Sergei Golubchik', 'Native MySQL authentication', 'GPL', 'FORCE');
INSERT INTO `PLUGINS` VALUES('mysql_old_password', '1.0', 'ACTIVE', 'AUTHENTICATION', '1.0', NULL, NULL, 'R.J.Silk, Sergei Golubchik', 'Old MySQL-4.0 authentication', 'GPL', 'FORCE');
INSERT INTO `PLUGINS` VALUES('MRG_MYISAM', '1.0', 'ACTIVE', 'STORAGE ENGINE', '50537.0', NULL, NULL, 'MySQL AB', 'Collection of identical MyISAM tables', 'GPL', 'FORCE');
INSERT INTO `PLUGINS` VALUES('MEMORY', '1.0', 'ACTIVE', 'STORAGE ENGINE', '50537.0', NULL, NULL, 'MySQL AB', 'Hash based, stored in memory, useful for temporary tables', 'GPL', 'FORCE');
INSERT INTO `PLUGINS` VALUES('MyISAM', '1.0', 'ACTIVE', 'STORAGE ENGINE', '50537.0', NULL, NULL, 'MySQL AB', 'MyISAM storage engine', 'GPL', 'FORCE');
INSERT INTO `PLUGINS` VALUES('CSV', '1.0', 'ACTIVE', 'STORAGE ENGINE', '50537.0', NULL, NULL, 'Brian Aker, MySQL AB', 'CSV storage engine', 'GPL', 'FORCE');
INSERT INTO `PLUGINS` VALUES('BLACKHOLE', '1.0', 'ACTIVE', 'STORAGE ENGINE', '50537.0', NULL, NULL, 'MySQL AB', '/dev/null storage engine (anything you write to it disappears)', 'GPL', 'ON');
INSERT INTO `PLUGINS` VALUES('FEDERATED', '1.0', 'DISABLED', 'STORAGE ENGINE', '50537.0', NULL, NULL, 'Patrick Galbraith and Brian Aker, MySQL AB', 'Federated MySQL storage engine', 'GPL', 'OFF');
INSERT INTO `PLUGINS` VALUES('PERFORMANCE_SCHEMA', '0.1', 'ACTIVE', 'STORAGE ENGINE', '50537.0', NULL, NULL, 'Marc Alff, Oracle', 'Performance Schema', 'GPL', 'FORCE');
INSERT INTO `PLUGINS` VALUES('ARCHIVE', '3.0', 'ACTIVE', 'STORAGE ENGINE', '50537.0', NULL, NULL, 'Brian Aker, MySQL AB', 'Archive storage engine', 'GPL', 'ON');
INSERT INTO `PLUGINS` VALUES('InnoDB', '5.5', 'ACTIVE', 'STORAGE ENGINE', '50537.0', NULL, NULL, 'Oracle Corporation', 'Percona-XtraDB, Supports transactions, row-level locking, and foreign keys', 'GPL', 'ON');
INSERT INTO `PLUGINS` VALUES('INNODB_RSEG', '1.0', 'ACTIVE', 'INFORMATION SCHEMA', '50537.0', NULL, NULL, 'Percona', 'InnoDB rollback segment information', 'GPL', 'ON');
INSERT INTO `PLUGINS` VALUES('INNODB_UNDO_LOGS', '1.0', 'ACTIVE', 'INFORMATION SCHEMA', '50537.0', NULL, NULL, 'Percona', 'InnoDB rollback undo segment information', 'GPL', 'ON');
INSERT INTO `PLUGINS` VALUES('INNODB_TRX', '5.5', 'ACTIVE', 'INFORMATION SCHEMA', '50537.0', NULL, NULL, 'Oracle Corporation', 'InnoDB transactions', 'GPL', 'ON');
INSERT INTO `PLUGINS` VALUES('INNODB_LOCKS', '5.5', 'ACTIVE', 'INFORMATION SCHEMA', '50537.0', NULL, NULL, 'Oracle Corporation', 'InnoDB conflicting locks', 'GPL', 'ON');
INSERT INTO `PLUGINS` VALUES('INNODB_LOCK_WAITS', '5.5', 'ACTIVE', 'INFORMATION SCHEMA', '50537.0', NULL, NULL, 'Oracle Corporation', 'InnoDB which lock is blocking which', 'GPL', 'ON');
INSERT INTO `PLUGINS` VALUES('INNODB_CMP', '5.5', 'ACTIVE', 'INFORMATION SCHEMA', '50537.0', NULL, NULL, 'Oracle Corporation', 'Statistics for the InnoDB compression', 'GPL', 'ON');
INSERT INTO `PLUGINS` VALUES('INNODB_CMP_RESET', '5.5', 'ACTIVE', 'INFORMATION SCHEMA', '50537.0', NULL, NULL, 'Oracle Corporation', 'Statistics for the InnoDB compression; reset cumulated counts', 'GPL', 'ON');
INSERT INTO `PLUGINS` VALUES('INNODB_CMPMEM', '5.5', 'ACTIVE', 'INFORMATION SCHEMA', '50537.0', NULL, NULL, 'Oracle Corporation', 'Statistics for the InnoDB compressed buffer pool', 'GPL', 'ON');
INSERT INTO `PLUGINS` VALUES('INNODB_CMPMEM_RESET', '5.5', 'ACTIVE', 'INFORMATION SCHEMA', '50537.0', NULL, NULL, 'Oracle Corporation', 'Statistics for the InnoDB compressed buffer pool; reset cumulated counts', 'GPL', 'ON');
INSERT INTO `PLUGINS` VALUES('INNODB_SYS_TABLES', '5.5', 'ACTIVE', 'INFORMATION SCHEMA', '50537.0', NULL, NULL, 'Percona', 'InnoDB SYS_TABLES', 'GPL', 'ON');
INSERT INTO `PLUGINS` VALUES('INNODB_SYS_TABLESTATS', '5.5', 'ACTIVE', 'INFORMATION SCHEMA', '50537.0', NULL, NULL, 'Percona', 'InnoDB SYS_TABLESTATS', 'GPL', 'ON');
INSERT INTO `PLUGINS` VALUES('INNODB_SYS_INDEXES', '5.5', 'ACTIVE', 'INFORMATION SCHEMA', '50537.0', NULL, NULL, 'Percona', 'InnoDB SYS_INDEXES', 'GPL', 'ON');
INSERT INTO `PLUGINS` VALUES('INNODB_SYS_COLUMNS', '5.5', 'ACTIVE', 'INFORMATION SCHEMA', '50537.0', NULL, NULL, 'Percona', 'InnoDB SYS_COLUMNS', 'GPL', 'ON');
INSERT INTO `PLUGINS` VALUES('INNODB_SYS_FIELDS', '5.5', 'ACTIVE', 'INFORMATION SCHEMA', '50537.0', NULL, NULL, 'Percona', 'InnoDB SYS_FIELDS', 'GPL', 'ON');
INSERT INTO `PLUGINS` VALUES('INNODB_SYS_FOREIGN', '5.5', 'ACTIVE', 'INFORMATION SCHEMA', '50537.0', NULL, NULL, 'Percona', 'InnoDB SYS_FOREIGN', 'GPL', 'ON');
INSERT INTO `PLUGINS` VALUES('INNODB_SYS_FOREIGN_COLS', '5.5', 'ACTIVE', 'INFORMATION SCHEMA', '50537.0', NULL, NULL, 'Percona', 'InnoDB SYS_FOREIGN_COLS', 'GPL', 'ON');
INSERT INTO `PLUGINS` VALUES('INNODB_SYS_STATS', '5.5', 'ACTIVE', 'INFORMATION SCHEMA', '50537.0', NULL, NULL, 'Percona', 'XtraDB SYS_STATS table', 'GPL', 'ON');
INSERT INTO `PLUGINS` VALUES('INNODB_TABLE_STATS', '1.0', 'ACTIVE', 'INFORMATION SCHEMA', '50537.0', NULL, NULL, 'Percona', 'InnoDB table statistics in memory', 'GPL', 'ON');
INSERT INTO `PLUGINS` VALUES('INNODB_INDEX_STATS', '1.0', 'ACTIVE', 'INFORMATION SCHEMA', '50537.0', NULL, NULL, 'Percona', 'InnoDB index statistics in memory', 'GPL', 'ON');
INSERT INTO `PLUGINS` VALUES('INNODB_BUFFER_POOL_PAGES', '1.0', 'ACTIVE', 'INFORMATION SCHEMA', '50537.0', NULL, NULL, 'Percona', 'InnoDB buffer pool pages', 'GPL', 'ON');
INSERT INTO `PLUGINS` VALUES('INNODB_BUFFER_POOL_PAGES_INDEX', '1.0', 'ACTIVE', 'INFORMATION SCHEMA', '50537.0', NULL, NULL, 'Percona', 'InnoDB buffer pool index pages', 'GPL', 'ON');
INSERT INTO `PLUGINS` VALUES('INNODB_BUFFER_POOL_PAGES_BLOB', '1.0', 'ACTIVE', 'INFORMATION SCHEMA', '50537.0', NULL, NULL, 'Percona', 'InnoDB buffer pool blob pages', 'GPL', 'ON');
INSERT INTO `PLUGINS` VALUES('XTRADB_ADMIN_COMMAND', '1.0', 'ACTIVE', 'INFORMATION SCHEMA', '50537.0', NULL, NULL, 'Percona', 'XtraDB specific command acceptor', 'GPL', 'ON');
INSERT INTO `PLUGINS` VALUES('INNODB_CHANGED_PAGES', '1.0', 'ACTIVE', 'INFORMATION SCHEMA', '50537.0', NULL, NULL, 'Percona', 'InnoDB CHANGED_PAGES table', 'GPL', 'ON');
INSERT INTO `PLUGINS` VALUES('INNODB_BUFFER_PAGE', '5.5', 'ACTIVE', 'INFORMATION SCHEMA', '50537.0', NULL, NULL, 'Oracle Corporation', 'InnoDB Buffer Page Information', 'GPL', 'ON');
INSERT INTO `PLUGINS` VALUES('INNODB_BUFFER_PAGE_LRU', '5.5', 'ACTIVE', 'INFORMATION SCHEMA', '50537.0', NULL, NULL, 'Oracle Corporation', 'InnoDB Buffer Page in LRU', 'GPL', 'ON');
INSERT INTO `PLUGINS` VALUES('INNODB_BUFFER_POOL_STATS', '5.5', 'ACTIVE', 'INFORMATION SCHEMA', '50537.0', NULL, NULL, 'Oracle Corporation', 'InnoDB Buffer Pool Statistics Information ', 'GPL', 'ON');
INSERT INTO `PLUGINS` VALUES('partition', '1.0', 'ACTIVE', 'STORAGE ENGINE', '50537.0', NULL, NULL, 'Mikael Ronstrom, MySQL AB', 'Partition Storage Engine Helper', 'GPL', 'ON');

-- --------------------------------------------------------

--
-- Table structure for table `PROCESSLIST`
--

CREATE TEMPORARY TABLE `PROCESSLIST` (
  `ID` bigint(4) NOT NULL DEFAULT '0',
  `USER` varchar(16) NOT NULL DEFAULT '',
  `HOST` varchar(64) NOT NULL DEFAULT '',
  `DB` varchar(64) DEFAULT NULL,
  `COMMAND` varchar(16) NOT NULL DEFAULT '',
  `TIME` int(7) NOT NULL DEFAULT '0',
  `STATE` varchar(64) DEFAULT NULL,
  `INFO` longtext,
  `TIME_MS` bigint(21) NOT NULL DEFAULT '0',
  `ROWS_SENT` bigint(21) unsigned NOT NULL DEFAULT '0',
  `ROWS_EXAMINED` bigint(21) unsigned NOT NULL DEFAULT '0',
  `ROWS_READ` bigint(21) unsigned NOT NULL DEFAULT '0'
) ENGINE=MyISAM DEFAULT CHARSET=utf8;

--
-- Dumping data for table `PROCESSLIST`
--

INSERT INTO `PROCESSLIST` VALUES(45387764, 'swatimobecourtDB', '72.167.233.38:44385', NULL, 'Query', 0, 'executing', 'SELECT * FROM `information_schema`.`PROCESSLIST`', 0, 0, 0, 1);

-- --------------------------------------------------------

--
-- Table structure for table `PROFILING`
--

CREATE TEMPORARY TABLE `PROFILING` (
  `QUERY_ID` int(20) NOT NULL DEFAULT '0',
  `SEQ` int(20) NOT NULL DEFAULT '0',
  `STATE` varchar(30) NOT NULL DEFAULT '',
  `DURATION` decimal(9,6) NOT NULL DEFAULT '0.000000',
  `CPU_USER` decimal(9,6) DEFAULT NULL,
  `CPU_SYSTEM` decimal(9,6) DEFAULT NULL,
  `CONTEXT_VOLUNTARY` int(20) DEFAULT NULL,
  `CONTEXT_INVOLUNTARY` int(20) DEFAULT NULL,
  `BLOCK_OPS_IN` int(20) DEFAULT NULL,
  `BLOCK_OPS_OUT` int(20) DEFAULT NULL,
  `MESSAGES_SENT` int(20) DEFAULT NULL,
  `MESSAGES_RECEIVED` int(20) DEFAULT NULL,
  `PAGE_FAULTS_MAJOR` int(20) DEFAULT NULL,
  `PAGE_FAULTS_MINOR` int(20) DEFAULT NULL,
  `SWAPS` int(20) DEFAULT NULL,
  `SOURCE_FUNCTION` varchar(30) DEFAULT NULL,
  `SOURCE_FILE` varchar(20) DEFAULT NULL,
  `SOURCE_LINE` int(20) DEFAULT NULL
) ENGINE=MEMORY DEFAULT CHARSET=utf8;

--
-- Dumping data for table `PROFILING`
--


-- --------------------------------------------------------

--
-- Table structure for table `REFERENTIAL_CONSTRAINTS`
--

CREATE TEMPORARY TABLE `REFERENTIAL_CONSTRAINTS` (
  `CONSTRAINT_CATALOG` varchar(512) NOT NULL DEFAULT '',
  `CONSTRAINT_SCHEMA` varchar(64) NOT NULL DEFAULT '',
  `CONSTRAINT_NAME` varchar(64) NOT NULL DEFAULT '',
  `UNIQUE_CONSTRAINT_CATALOG` varchar(512) NOT NULL DEFAULT '',
  `UNIQUE_CONSTRAINT_SCHEMA` varchar(64) NOT NULL DEFAULT '',
  `UNIQUE_CONSTRAINT_NAME` varchar(64) DEFAULT NULL,
  `MATCH_OPTION` varchar(64) NOT NULL DEFAULT '',
  `UPDATE_RULE` varchar(64) NOT NULL DEFAULT '',
  `DELETE_RULE` varchar(64) NOT NULL DEFAULT '',
  `TABLE_NAME` varchar(64) NOT NULL DEFAULT '',
  `REFERENCED_TABLE_NAME` varchar(64) NOT NULL DEFAULT ''
) ENGINE=MEMORY DEFAULT CHARSET=utf8;

--
-- Dumping data for table `REFERENTIAL_CONSTRAINTS`
--


-- --------------------------------------------------------

--
-- Table structure for table `ROUTINES`
--

CREATE TEMPORARY TABLE `ROUTINES` (
  `SPECIFIC_NAME` varchar(64) NOT NULL DEFAULT '',
  `ROUTINE_CATALOG` varchar(512) NOT NULL DEFAULT '',
  `ROUTINE_SCHEMA` varchar(64) NOT NULL DEFAULT '',
  `ROUTINE_NAME` varchar(64) NOT NULL DEFAULT '',
  `ROUTINE_TYPE` varchar(9) NOT NULL DEFAULT '',
  `DATA_TYPE` varchar(64) NOT NULL DEFAULT '',
  `CHARACTER_MAXIMUM_LENGTH` int(21) DEFAULT NULL,
  `CHARACTER_OCTET_LENGTH` int(21) DEFAULT NULL,
  `NUMERIC_PRECISION` int(21) DEFAULT NULL,
  `NUMERIC_SCALE` int(21) DEFAULT NULL,
  `CHARACTER_SET_NAME` varchar(64) DEFAULT NULL,
  `COLLATION_NAME` varchar(64) DEFAULT NULL,
  `DTD_IDENTIFIER` longtext,
  `ROUTINE_BODY` varchar(8) NOT NULL DEFAULT '',
  `ROUTINE_DEFINITION` longtext,
  `EXTERNAL_NAME` varchar(64) DEFAULT NULL,
  `EXTERNAL_LANGUAGE` varchar(64) DEFAULT NULL,
  `PARAMETER_STYLE` varchar(8) NOT NULL DEFAULT '',
  `IS_DETERMINISTIC` varchar(3) NOT NULL DEFAULT '',
  `SQL_DATA_ACCESS` varchar(64) NOT NULL DEFAULT '',
  `SQL_PATH` varchar(64) DEFAULT NULL,
  `SECURITY_TYPE` varchar(7) NOT NULL DEFAULT '',
  `CREATED` datetime NOT NULL DEFAULT '0000-00-00 00:00:00',
  `LAST_ALTERED` datetime NOT NULL DEFAULT '0000-00-00 00:00:00',
  `SQL_MODE` varchar(8192) NOT NULL DEFAULT '',
  `ROUTINE_COMMENT` longtext NOT NULL,
  `DEFINER` varchar(77) NOT NULL DEFAULT '',
  `CHARACTER_SET_CLIENT` varchar(32) NOT NULL DEFAULT '',
  `COLLATION_CONNECTION` varchar(32) NOT NULL DEFAULT '',
  `DATABASE_COLLATION` varchar(32) NOT NULL DEFAULT ''
) ENGINE=MyISAM DEFAULT CHARSET=utf8;

--
-- Dumping data for table `ROUTINES`
--


-- --------------------------------------------------------

--
-- Table structure for table `QUERY_RESPONSE_TIME`
--

CREATE TEMPORARY TABLE `QUERY_RESPONSE_TIME` (
  `time` varchar(14) NOT NULL DEFAULT '',
  `count` int(11) unsigned NOT NULL DEFAULT '0',
  `total` varchar(14) NOT NULL DEFAULT ''
) ENGINE=MEMORY DEFAULT CHARSET=utf8;

--
-- Dumping data for table `QUERY_RESPONSE_TIME`
--

INSERT INTO `QUERY_RESPONSE_TIME` VALUES('      0.000001', 0, '      0.000000');
INSERT INTO `QUERY_RESPONSE_TIME` VALUES('      0.000010', 0, '      0.000000');
INSERT INTO `QUERY_RESPONSE_TIME` VALUES('      0.000100', 0, '      0.000000');
INSERT INTO `QUERY_RESPONSE_TIME` VALUES('      0.001000', 0, '      0.000000');
INSERT INTO `QUERY_RESPONSE_TIME` VALUES('      0.010000', 0, '      0.000000');
INSERT INTO `QUERY_RESPONSE_TIME` VALUES('      0.100000', 0, '      0.000000');
INSERT INTO `QUERY_RESPONSE_TIME` VALUES('      1.000000', 0, '      0.000000');
INSERT INTO `QUERY_RESPONSE_TIME` VALUES('     10.000000', 0, '      0.000000');
INSERT INTO `QUERY_RESPONSE_TIME` VALUES('    100.000000', 0, '      0.000000');
INSERT INTO `QUERY_RESPONSE_TIME` VALUES('   1000.000000', 0, '      0.000000');
INSERT INTO `QUERY_RESPONSE_TIME` VALUES('  10000.000000', 0, '      0.000000');
INSERT INTO `QUERY_RESPONSE_TIME` VALUES(' 100000.000000', 0, '      0.000000');
INSERT INTO `QUERY_RESPONSE_TIME` VALUES('1000000.000000', 0, '      0.000000');
INSERT INTO `QUERY_RESPONSE_TIME` VALUES('TOO LONG', 0, 'TOO LONG');

-- --------------------------------------------------------

--
-- Table structure for table `SCHEMATA`
--

CREATE TEMPORARY TABLE `SCHEMATA` (
  `CATALOG_NAME` varchar(512) NOT NULL DEFAULT '',
  `SCHEMA_NAME` varchar(64) NOT NULL DEFAULT '',
  `DEFAULT_CHARACTER_SET_NAME` varchar(32) NOT NULL DEFAULT '',
  `DEFAULT_COLLATION_NAME` varchar(32) NOT NULL DEFAULT '',
  `SQL_PATH` varchar(512) DEFAULT NULL
) ENGINE=MEMORY DEFAULT CHARSET=utf8;

--
-- Dumping data for table `SCHEMATA`
--

INSERT INTO `SCHEMATA` VALUES('def', 'information_schema', 'utf8', 'utf8_general_ci', NULL);
INSERT INTO `SCHEMATA` VALUES('def', 'swatimobecourtDB', 'latin1', 'latin1_swedish_ci', NULL);

-- --------------------------------------------------------

--
-- Table structure for table `SCHEMA_PRIVILEGES`
--

CREATE TEMPORARY TABLE `SCHEMA_PRIVILEGES` (
  `GRANTEE` varchar(81) NOT NULL DEFAULT '',
  `TABLE_CATALOG` varchar(512) NOT NULL DEFAULT '',
  `TABLE_SCHEMA` varchar(64) NOT NULL DEFAULT '',
  `PRIVILEGE_TYPE` varchar(64) NOT NULL DEFAULT '',
  `IS_GRANTABLE` varchar(3) NOT NULL DEFAULT ''
) ENGINE=MEMORY DEFAULT CHARSET=utf8;

--
-- Dumping data for table `SCHEMA_PRIVILEGES`
--

INSERT INTO `SCHEMA_PRIVILEGES` VALUES('''swatimobecourtDB''@''%''', 'def', 'swatimobecourtDB', 'SELECT', 'NO');
INSERT INTO `SCHEMA_PRIVILEGES` VALUES('''swatimobecourtDB''@''%''', 'def', 'swatimobecourtDB', 'INSERT', 'NO');
INSERT INTO `SCHEMA_PRIVILEGES` VALUES('''swatimobecourtDB''@''%''', 'def', 'swatimobecourtDB', 'UPDATE', 'NO');
INSERT INTO `SCHEMA_PRIVILEGES` VALUES('''swatimobecourtDB''@''%''', 'def', 'swatimobecourtDB', 'DELETE', 'NO');
INSERT INTO `SCHEMA_PRIVILEGES` VALUES('''swatimobecourtDB''@''%''', 'def', 'swatimobecourtDB', 'CREATE', 'NO');
INSERT INTO `SCHEMA_PRIVILEGES` VALUES('''swatimobecourtDB''@''%''', 'def', 'swatimobecourtDB', 'DROP', 'NO');
INSERT INTO `SCHEMA_PRIVILEGES` VALUES('''swatimobecourtDB''@''%''', 'def', 'swatimobecourtDB', 'INDEX', 'NO');
INSERT INTO `SCHEMA_PRIVILEGES` VALUES('''swatimobecourtDB''@''%''', 'def', 'swatimobecourtDB', 'ALTER', 'NO');
INSERT INTO `SCHEMA_PRIVILEGES` VALUES('''swatimobecourtDB''@''%''', 'def', 'swatimobecourtDB', 'CREATE TEMPORARY TABLES', 'NO');
INSERT INTO `SCHEMA_PRIVILEGES` VALUES('''swatimobecourtDB''@''%''', 'def', 'swatimobecourtDB', 'LOCK TABLES', 'NO');
INSERT INTO `SCHEMA_PRIVILEGES` VALUES('''swatimobecourtDB''@''%''', 'def', 'swatimobecourtDB', 'EXECUTE', 'NO');
INSERT INTO `SCHEMA_PRIVILEGES` VALUES('''swatimobecourtDB''@''%''', 'def', 'swatimobecourtDB', 'CREATE VIEW', 'NO');
INSERT INTO `SCHEMA_PRIVILEGES` VALUES('''swatimobecourtDB''@''%''', 'def', 'swatimobecourtDB', 'SHOW VIEW', 'NO');
INSERT INTO `SCHEMA_PRIVILEGES` VALUES('''swatimobecourtDB''@''%''', 'def', 'swatimobecourtDB', 'CREATE ROUTINE', 'NO');
INSERT INTO `SCHEMA_PRIVILEGES` VALUES('''swatimobecourtDB''@''%''', 'def', 'swatimobecourtDB', 'ALTER ROUTINE', 'NO');

-- --------------------------------------------------------

--
-- Table structure for table `SESSION_STATUS`
--

CREATE TEMPORARY TABLE `SESSION_STATUS` (
  `VARIABLE_NAME` varchar(64) NOT NULL DEFAULT '',
  `VARIABLE_VALUE` varchar(1024) DEFAULT NULL
) ENGINE=MEMORY DEFAULT CHARSET=utf8;

--
-- Dumping data for table `SESSION_STATUS`
--

INSERT INTO `SESSION_STATUS` VALUES('ABORTED_CLIENTS', '681924');
INSERT INTO `SESSION_STATUS` VALUES('ABORTED_CONNECTS', '14720');
INSERT INTO `SESSION_STATUS` VALUES('BINLOG_CACHE_DISK_USE', '250565');
INSERT INTO `SESSION_STATUS` VALUES('BINLOG_CACHE_USE', '19558633');
INSERT INTO `SESSION_STATUS` VALUES('BINLOG_STMT_CACHE_DISK_USE', '446206');
INSERT INTO `SESSION_STATUS` VALUES('BINLOG_STMT_CACHE_USE', '90702505');
INSERT INTO `SESSION_STATUS` VALUES('BYTES_RECEIVED', '9480');
INSERT INTO `SESSION_STATUS` VALUES('BYTES_SENT', '356928');
INSERT INTO `SESSION_STATUS` VALUES('COM_ADMIN_COMMANDS', '0');
INSERT INTO `SESSION_STATUS` VALUES('COM_ASSIGN_TO_KEYCACHE', '0');
INSERT INTO `SESSION_STATUS` VALUES('COM_ALTER_DB', '0');
INSERT INTO `SESSION_STATUS` VALUES('COM_ALTER_DB_UPGRADE', '0');
INSERT INTO `SESSION_STATUS` VALUES('COM_ALTER_EVENT', '0');
INSERT INTO `SESSION_STATUS` VALUES('COM_ALTER_FUNCTION', '0');
INSERT INTO `SESSION_STATUS` VALUES('COM_ALTER_PROCEDURE', '0');
INSERT INTO `SESSION_STATUS` VALUES('COM_ALTER_SERVER', '0');
INSERT INTO `SESSION_STATUS` VALUES('COM_ALTER_TABLE', '0');
INSERT INTO `SESSION_STATUS` VALUES('COM_ALTER_TABLESPACE', '0');
INSERT INTO `SESSION_STATUS` VALUES('COM_ANALYZE', '0');
INSERT INTO `SESSION_STATUS` VALUES('COM_BEGIN', '0');
INSERT INTO `SESSION_STATUS` VALUES('COM_BINLOG', '0');
INSERT INTO `SESSION_STATUS` VALUES('COM_CALL_PROCEDURE', '0');
INSERT INTO `SESSION_STATUS` VALUES('COM_CHANGE_DB', '0');
INSERT INTO `SESSION_STATUS` VALUES('COM_CHANGE_MASTER', '0');
INSERT INTO `SESSION_STATUS` VALUES('COM_CHECK', '0');
INSERT INTO `SESSION_STATUS` VALUES('COM_CHECKSUM', '0');
INSERT INTO `SESSION_STATUS` VALUES('COM_COMMIT', '0');
INSERT INTO `SESSION_STATUS` VALUES('COM_CREATE_DB', '0');
INSERT INTO `SESSION_STATUS` VALUES('COM_CREATE_EVENT', '0');
INSERT INTO `SESSION_STATUS` VALUES('COM_CREATE_FUNCTION', '0');
INSERT INTO `SESSION_STATUS` VALUES('COM_CREATE_INDEX', '0');
INSERT INTO `SESSION_STATUS` VALUES('COM_CREATE_PROCEDURE', '0');
INSERT INTO `SESSION_STATUS` VALUES('COM_CREATE_SERVER', '0');
INSERT INTO `SESSION_STATUS` VALUES('COM_CREATE_TABLE', '0');
INSERT INTO `SESSION_STATUS` VALUES('COM_CREATE_TRIGGER', '0');
INSERT INTO `SESSION_STATUS` VALUES('COM_CREATE_UDF', '0');
INSERT INTO `SESSION_STATUS` VALUES('COM_CREATE_USER', '0');
INSERT INTO `SESSION_STATUS` VALUES('COM_CREATE_VIEW', '0');
INSERT INTO `SESSION_STATUS` VALUES('COM_DEALLOC_SQL', '0');
INSERT INTO `SESSION_STATUS` VALUES('COM_DELETE', '0');
INSERT INTO `SESSION_STATUS` VALUES('COM_DELETE_MULTI', '0');
INSERT INTO `SESSION_STATUS` VALUES('COM_DO', '0');
INSERT INTO `SESSION_STATUS` VALUES('COM_DROP_DB', '0');
INSERT INTO `SESSION_STATUS` VALUES('COM_DROP_EVENT', '0');
INSERT INTO `SESSION_STATUS` VALUES('COM_DROP_FUNCTION', '0');
INSERT INTO `SESSION_STATUS` VALUES('COM_DROP_INDEX', '0');
INSERT INTO `SESSION_STATUS` VALUES('COM_DROP_PROCEDURE', '0');
INSERT INTO `SESSION_STATUS` VALUES('COM_DROP_SERVER', '0');
INSERT INTO `SESSION_STATUS` VALUES('COM_DROP_TABLE', '0');
INSERT INTO `SESSION_STATUS` VALUES('COM_DROP_TRIGGER', '0');
INSERT INTO `SESSION_STATUS` VALUES('COM_DROP_USER', '0');
INSERT INTO `SESSION_STATUS` VALUES('COM_DROP_VIEW', '0');
INSERT INTO `SESSION_STATUS` VALUES('COM_EMPTY_QUERY', '0');
INSERT INTO `SESSION_STATUS` VALUES('COM_EXECUTE_SQL', '0');
INSERT INTO `SESSION_STATUS` VALUES('COM_FLUSH', '0');
INSERT INTO `SESSION_STATUS` VALUES('COM_GRANT', '0');
INSERT INTO `SESSION_STATUS` VALUES('COM_HA_CLOSE', '0');
INSERT INTO `SESSION_STATUS` VALUES('COM_HA_OPEN', '0');
INSERT INTO `SESSION_STATUS` VALUES('COM_HA_READ', '0');
INSERT INTO `SESSION_STATUS` VALUES('COM_HELP', '0');
INSERT INTO `SESSION_STATUS` VALUES('COM_INSERT', '0');
INSERT INTO `SESSION_STATUS` VALUES('COM_INSERT_SELECT', '0');
INSERT INTO `SESSION_STATUS` VALUES('COM_INSTALL_PLUGIN', '0');
INSERT INTO `SESSION_STATUS` VALUES('COM_KILL', '0');
INSERT INTO `SESSION_STATUS` VALUES('COM_LOAD', '0');
INSERT INTO `SESSION_STATUS` VALUES('COM_LOCK_TABLES', '0');
INSERT INTO `SESSION_STATUS` VALUES('COM_OPTIMIZE', '0');
INSERT INTO `SESSION_STATUS` VALUES('COM_PRELOAD_KEYS', '0');
INSERT INTO `SESSION_STATUS` VALUES('COM_PREPARE_SQL', '0');
INSERT INTO `SESSION_STATUS` VALUES('COM_PURGE', '0');
INSERT INTO `SESSION_STATUS` VALUES('COM_PURGE_BEFORE_DATE', '0');
INSERT INTO `SESSION_STATUS` VALUES('COM_RELEASE_SAVEPOINT', '0');
INSERT INTO `SESSION_STATUS` VALUES('COM_RENAME_TABLE', '0');
INSERT INTO `SESSION_STATUS` VALUES('COM_RENAME_USER', '0');
INSERT INTO `SESSION_STATUS` VALUES('COM_REPAIR', '0');
INSERT INTO `SESSION_STATUS` VALUES('COM_REPLACE', '0');
INSERT INTO `SESSION_STATUS` VALUES('COM_REPLACE_SELECT', '0');
INSERT INTO `SESSION_STATUS` VALUES('COM_RESET', '0');
INSERT INTO `SESSION_STATUS` VALUES('COM_RESIGNAL', '0');
INSERT INTO `SESSION_STATUS` VALUES('COM_REVOKE', '0');
INSERT INTO `SESSION_STATUS` VALUES('COM_REVOKE_ALL', '0');
INSERT INTO `SESSION_STATUS` VALUES('COM_ROLLBACK', '0');
INSERT INTO `SESSION_STATUS` VALUES('COM_ROLLBACK_TO_SAVEPOINT', '0');
INSERT INTO `SESSION_STATUS` VALUES('COM_SAVEPOINT', '0');
INSERT INTO `SESSION_STATUS` VALUES('COM_SELECT', '26');
INSERT INTO `SESSION_STATUS` VALUES('COM_SET_OPTION', '29');
INSERT INTO `SESSION_STATUS` VALUES('COM_SIGNAL', '0');
INSERT INTO `SESSION_STATUS` VALUES('COM_SHOW_AUTHORS', '0');
INSERT INTO `SESSION_STATUS` VALUES('COM_SHOW_BINLOG_EVENTS', '0');
INSERT INTO `SESSION_STATUS` VALUES('COM_SHOW_BINLOGS', '0');
INSERT INTO `SESSION_STATUS` VALUES('COM_SHOW_CHARSETS', '1');
INSERT INTO `SESSION_STATUS` VALUES('COM_SHOW_CLIENT_STATISTICS', '0');
INSERT INTO `SESSION_STATUS` VALUES('COM_SHOW_COLLATIONS', '1');
INSERT INTO `SESSION_STATUS` VALUES('COM_SHOW_CONTRIBUTORS', '0');
INSERT INTO `SESSION_STATUS` VALUES('COM_SHOW_CREATE_DB', '0');
INSERT INTO `SESSION_STATUS` VALUES('COM_SHOW_CREATE_EVENT', '0');
INSERT INTO `SESSION_STATUS` VALUES('COM_SHOW_CREATE_FUNC', '0');
INSERT INTO `SESSION_STATUS` VALUES('COM_SHOW_CREATE_PROC', '0');
INSERT INTO `SESSION_STATUS` VALUES('COM_SHOW_CREATE_TABLE', '25');
INSERT INTO `SESSION_STATUS` VALUES('COM_SHOW_CREATE_TRIGGER', '0');
INSERT INTO `SESSION_STATUS` VALUES('COM_SHOW_DATABASES', '1');
INSERT INTO `SESSION_STATUS` VALUES('COM_SHOW_ENGINE_LOGS', '0');
INSERT INTO `SESSION_STATUS` VALUES('COM_SHOW_ENGINE_MUTEX', '0');
INSERT INTO `SESSION_STATUS` VALUES('COM_SHOW_ENGINE_STATUS', '0');
INSERT INTO `SESSION_STATUS` VALUES('COM_SHOW_EVENTS', '0');
INSERT INTO `SESSION_STATUS` VALUES('COM_SHOW_ERRORS', '0');
INSERT INTO `SESSION_STATUS` VALUES('COM_SHOW_FIELDS', '0');
INSERT INTO `SESSION_STATUS` VALUES('COM_SHOW_FUNCTION_STATUS', '0');
INSERT INTO `SESSION_STATUS` VALUES('COM_SHOW_GRANTS', '0');
INSERT INTO `SESSION_STATUS` VALUES('COM_SHOW_INDEX_STATISTICS', '0');
INSERT INTO `SESSION_STATUS` VALUES('COM_SHOW_KEYS', '0');
INSERT INTO `SESSION_STATUS` VALUES('COM_SHOW_MASTER_STATUS', '0');
INSERT INTO `SESSION_STATUS` VALUES('COM_SHOW_OPEN_TABLES', '0');
INSERT INTO `SESSION_STATUS` VALUES('COM_SHOW_PLUGINS', '0');
INSERT INTO `SESSION_STATUS` VALUES('COM_SHOW_PRIVILEGES', '0');
INSERT INTO `SESSION_STATUS` VALUES('COM_SHOW_PROCEDURE_STATUS', '0');
INSERT INTO `SESSION_STATUS` VALUES('COM_SHOW_PROCESSLIST', '0');
INSERT INTO `SESSION_STATUS` VALUES('COM_SHOW_PROFILE', '0');
INSERT INTO `SESSION_STATUS` VALUES('COM_SHOW_PROFILES', '0');
INSERT INTO `SESSION_STATUS` VALUES('COM_SHOW_RELAYLOG_EVENTS', '0');
INSERT INTO `SESSION_STATUS` VALUES('COM_SHOW_SLAVE_HOSTS', '0');
INSERT INTO `SESSION_STATUS` VALUES('COM_SHOW_SLAVE_STATUS', '0');
INSERT INTO `SESSION_STATUS` VALUES('COM_SHOW_SLAVE_STATUS_NOLOCK', '0');
INSERT INTO `SESSION_STATUS` VALUES('COM_SHOW_STATUS', '0');
INSERT INTO `SESSION_STATUS` VALUES('COM_SHOW_STORAGE_ENGINES', '0');
INSERT INTO `SESSION_STATUS` VALUES('COM_SHOW_TABLE_STATISTICS', '0');
INSERT INTO `SESSION_STATUS` VALUES('COM_SHOW_TABLE_STATUS', '75');
INSERT INTO `SESSION_STATUS` VALUES('COM_SHOW_TABLES', '1');
INSERT INTO `SESSION_STATUS` VALUES('COM_SHOW_TEMPORARY_TABLES', '0');
INSERT INTO `SESSION_STATUS` VALUES('COM_SHOW_THREAD_STATISTICS', '0');
INSERT INTO `SESSION_STATUS` VALUES('COM_SHOW_TRIGGERS', '0');
INSERT INTO `SESSION_STATUS` VALUES('COM_SHOW_USER_STATISTICS', '0');
INSERT INTO `SESSION_STATUS` VALUES('COM_SHOW_VARIABLES', '4');
INSERT INTO `SESSION_STATUS` VALUES('COM_SHOW_WARNINGS', '0');
INSERT INTO `SESSION_STATUS` VALUES('COM_SLAVE_START', '0');
INSERT INTO `SESSION_STATUS` VALUES('COM_SLAVE_STOP', '0');
INSERT INTO `SESSION_STATUS` VALUES('COM_STMT_CLOSE', '0');
INSERT INTO `SESSION_STATUS` VALUES('COM_STMT_EXECUTE', '0');
INSERT INTO `SESSION_STATUS` VALUES('COM_STMT_FETCH', '0');
INSERT INTO `SESSION_STATUS` VALUES('COM_STMT_PREPARE', '0');
INSERT INTO `SESSION_STATUS` VALUES('COM_STMT_REPREPARE', '0');
INSERT INTO `SESSION_STATUS` VALUES('COM_STMT_RESET', '0');
INSERT INTO `SESSION_STATUS` VALUES('COM_STMT_SEND_LONG_DATA', '0');
INSERT INTO `SESSION_STATUS` VALUES('COM_TRUNCATE', '0');
INSERT INTO `SESSION_STATUS` VALUES('COM_UNINSTALL_PLUGIN', '0');
INSERT INTO `SESSION_STATUS` VALUES('COM_UNLOCK_TABLES', '0');
INSERT INTO `SESSION_STATUS` VALUES('COM_UPDATE', '0');
INSERT INTO `SESSION_STATUS` VALUES('COM_UPDATE_MULTI', '0');
INSERT INTO `SESSION_STATUS` VALUES('COM_XA_COMMIT', '0');
INSERT INTO `SESSION_STATUS` VALUES('COM_XA_END', '0');
INSERT INTO `SESSION_STATUS` VALUES('COM_XA_PREPARE', '0');
INSERT INTO `SESSION_STATUS` VALUES('COM_XA_RECOVER', '0');
INSERT INTO `SESSION_STATUS` VALUES('COM_XA_ROLLBACK', '0');
INSERT INTO `SESSION_STATUS` VALUES('COM_XA_START', '0');
INSERT INTO `SESSION_STATUS` VALUES('COMPRESSION', 'OFF');
INSERT INTO `SESSION_STATUS` VALUES('CONNECTIONS', '45387816');
INSERT INTO `SESSION_STATUS` VALUES('CREATED_TMP_DISK_TABLES', '71');
INSERT INTO `SESSION_STATUS` VALUES('CREATED_TMP_FILES', '548663');
INSERT INTO `SESSION_STATUS` VALUES('CREATED_TMP_TABLES', '468');
INSERT INTO `SESSION_STATUS` VALUES('DELAYED_ERRORS', '0');
INSERT INTO `SESSION_STATUS` VALUES('DELAYED_INSERT_THREADS', '0');
INSERT INTO `SESSION_STATUS` VALUES('DELAYED_WRITES', '14241');
INSERT INTO `SESSION_STATUS` VALUES('FLASHCACHE_ENABLED', 'OFF');
INSERT INTO `SESSION_STATUS` VALUES('FLUSH_COMMANDS', '1');
INSERT INTO `SESSION_STATUS` VALUES('HANDLER_COMMIT', '0');
INSERT INTO `SESSION_STATUS` VALUES('HANDLER_DELETE', '0');
INSERT INTO `SESSION_STATUS` VALUES('HANDLER_DISCOVER', '0');
INSERT INTO `SESSION_STATUS` VALUES('HANDLER_PREPARE', '0');
INSERT INTO `SESSION_STATUS` VALUES('HANDLER_READ_FIRST', '2');
INSERT INTO `SESSION_STATUS` VALUES('HANDLER_READ_KEY', '0');
INSERT INTO `SESSION_STATUS` VALUES('HANDLER_READ_LAST', '0');
INSERT INTO `SESSION_STATUS` VALUES('HANDLER_READ_NEXT', '50');
INSERT INTO `SESSION_STATUS` VALUES('HANDLER_READ_PREV', '0');
INSERT INTO `SESSION_STATUS` VALUES('HANDLER_READ_RND', '0');
INSERT INTO `SESSION_STATUS` VALUES('HANDLER_READ_RND_NEXT', '3041');
INSERT INTO `SESSION_STATUS` VALUES('HANDLER_ROLLBACK', '0');
INSERT INTO `SESSION_STATUS` VALUES('HANDLER_SAVEPOINT', '0');
INSERT INTO `SESSION_STATUS` VALUES('HANDLER_SAVEPOINT_ROLLBACK', '0');
INSERT INTO `SESSION_STATUS` VALUES('HANDLER_UPDATE', '0');
INSERT INTO `SESSION_STATUS` VALUES('HANDLER_WRITE', '3113');
INSERT INTO `SESSION_STATUS` VALUES('INNODB_ADAPTIVE_HASH_CELLS', '276671');
INSERT INTO `SESSION_STATUS` VALUES('INNODB_ADAPTIVE_HASH_HEAP_BUFFERS', '207');
INSERT INTO `SESSION_STATUS` VALUES('INNODB_ADAPTIVE_HASH_HASH_SEARCHES', '11126794965');
INSERT INTO `SESSION_STATUS` VALUES('INNODB_ADAPTIVE_HASH_NON_HASH_SEARCHES', '1410884850');
INSERT INTO `SESSION_STATUS` VALUES('INNODB_BACKGROUND_LOG_SYNC', '3419330');
INSERT INTO `SESSION_STATUS` VALUES('INNODB_BUFFER_POOL_PAGES_DATA', '7983');
INSERT INTO `SESSION_STATUS` VALUES('INNODB_BUFFER_POOL_BYTES_DATA', '130793472');
INSERT INTO `SESSION_STATUS` VALUES('INNODB_BUFFER_POOL_PAGES_DIRTY', '310');
INSERT INTO `SESSION_STATUS` VALUES('INNODB_BUFFER_POOL_BYTES_DIRTY', '5079040');
INSERT INTO `SESSION_STATUS` VALUES('INNODB_BUFFER_POOL_PAGES_FLUSHED', '57498882');
INSERT INTO `SESSION_STATUS` VALUES('INNODB_BUFFER_POOL_PAGES_LRU_FLUSHED', '276510');
INSERT INTO `SESSION_STATUS` VALUES('INNODB_BUFFER_POOL_PAGES_FREE', '0');
INSERT INTO `SESSION_STATUS` VALUES('INNODB_BUFFER_POOL_PAGES_MADE_NOT_YOUNG', '0');
INSERT INTO `SESSION_STATUS` VALUES('INNODB_BUFFER_POOL_PAGES_MADE_YOUNG', '118130623');
INSERT INTO `SESSION_STATUS` VALUES('INNODB_BUFFER_POOL_PAGES_MISC', '208');
INSERT INTO `SESSION_STATUS` VALUES('INNODB_BUFFER_POOL_PAGES_OLD', '2926');
INSERT INTO `SESSION_STATUS` VALUES('INNODB_BUFFER_POOL_PAGES_TOTAL', '8191');
INSERT INTO `SESSION_STATUS` VALUES('INNODB_BUFFER_POOL_READ_AHEAD_RND', '0');
INSERT INTO `SESSION_STATUS` VALUES('INNODB_BUFFER_POOL_READ_AHEAD', '6697830');
INSERT INTO `SESSION_STATUS` VALUES('INNODB_BUFFER_POOL_READ_AHEAD_EVICTED', '636597');
INSERT INTO `SESSION_STATUS` VALUES('INNODB_BUFFER_POOL_READ_REQUESTS', '38953559248');
INSERT INTO `SESSION_STATUS` VALUES('INNODB_BUFFER_POOL_READS', '52865650');
INSERT INTO `SESSION_STATUS` VALUES('INNODB_BUFFER_POOL_WAIT_FREE', '46');
INSERT INTO `SESSION_STATUS` VALUES('INNODB_BUFFER_POOL_WRITE_REQUESTS', '494143229');
INSERT INTO `SESSION_STATUS` VALUES('INNODB_CHECKPOINT_AGE', '510059');
INSERT INTO `SESSION_STATUS` VALUES('INNODB_CHECKPOINT_MAX_AGE', '108005254');
INSERT INTO `SESSION_STATUS` VALUES('INNODB_CHECKPOINT_TARGET_AGE', '104630090');
INSERT INTO `SESSION_STATUS` VALUES('INNODB_DATA_FSYNCS', '10298686');
INSERT INTO `SESSION_STATUS` VALUES('INNODB_DATA_PENDING_FSYNCS', '0');
INSERT INTO `SESSION_STATUS` VALUES('INNODB_DATA_PENDING_READS', '0');
INSERT INTO `SESSION_STATUS` VALUES('INNODB_DATA_PENDING_WRITES', '0');
INSERT INTO `SESSION_STATUS` VALUES('INNODB_DATA_READ', '983192506368');
INSERT INTO `SESSION_STATUS` VALUES('INNODB_DATA_READS', '60032944');
INSERT INTO `SESSION_STATUS` VALUES('INNODB_DATA_WRITES', '63540160');
INSERT INTO `SESSION_STATUS` VALUES('INNODB_DATA_WRITTEN', '1953514244608');
INSERT INTO `SESSION_STATUS` VALUES('INNODB_DBLWR_PAGES_WRITTEN', '57498882');
INSERT INTO `SESSION_STATUS` VALUES('INNODB_DBLWR_WRITES', '764388');
INSERT INTO `SESSION_STATUS` VALUES('INNODB_DEADLOCKS', '488');
INSERT INTO `SESSION_STATUS` VALUES('INNODB_DICT_TABLES', '23948');
INSERT INTO `SESSION_STATUS` VALUES('INNODB_HAVE_ATOMIC_BUILTINS', 'ON');
INSERT INTO `SESSION_STATUS` VALUES('INNODB_HISTORY_LIST_LENGTH', '1506');
INSERT INTO `SESSION_STATUS` VALUES('INNODB_IBUF_DISCARDED_DELETE_MARKS', '4246');
INSERT INTO `SESSION_STATUS` VALUES('INNODB_IBUF_DISCARDED_DELETES', '0');
INSERT INTO `SESSION_STATUS` VALUES('INNODB_IBUF_DISCARDED_INSERTS', '7');
INSERT INTO `SESSION_STATUS` VALUES('INNODB_IBUF_FREE_LIST', '42');
INSERT INTO `SESSION_STATUS` VALUES('INNODB_IBUF_MERGED_DELETE_MARKS', '193955');
INSERT INTO `SESSION_STATUS` VALUES('INNODB_IBUF_MERGED_DELETES', '24786');
INSERT INTO `SESSION_STATUS` VALUES('INNODB_IBUF_MERGED_INSERTS', '566006');
INSERT INTO `SESSION_STATUS` VALUES('INNODB_IBUF_MERGES', '457339');
INSERT INTO `SESSION_STATUS` VALUES('INNODB_IBUF_SEGMENT_SIZE', '44');
INSERT INTO `SESSION_STATUS` VALUES('INNODB_IBUF_SIZE', '1');
INSERT INTO `SESSION_STATUS` VALUES('INNODB_LOG_WAITS', '0');
INSERT INTO `SESSION_STATUS` VALUES('INNODB_LOG_WRITE_REQUESTS', '156886387');
INSERT INTO `SESSION_STATUS` VALUES('INNODB_LOG_WRITES', '3828413');
INSERT INTO `SESSION_STATUS` VALUES('INNODB_LSN_CURRENT', '223124350484');
INSERT INTO `SESSION_STATUS` VALUES('INNODB_LSN_FLUSHED', '223124350172');
INSERT INTO `SESSION_STATUS` VALUES('INNODB_LSN_LAST_CHECKPOINT', '223123840425');
INSERT INTO `SESSION_STATUS` VALUES('INNODB_MASTER_THREAD_1_SECOND_LOOPS', '3401165');
INSERT INTO `SESSION_STATUS` VALUES('INNODB_MASTER_THREAD_10_SECOND_LOOPS', '340020');
INSERT INTO `SESSION_STATUS` VALUES('INNODB_MASTER_THREAD_BACKGROUND_LOOPS', '1427');
INSERT INTO `SESSION_STATUS` VALUES('INNODB_MASTER_THREAD_MAIN_FLUSH_LOOPS', '1426');
INSERT INTO `SESSION_STATUS` VALUES('INNODB_MASTER_THREAD_SLEEPS', '3401150');
INSERT INTO `SESSION_STATUS` VALUES('INNODB_MAX_TRX_ID', '462167562');
INSERT INTO `SESSION_STATUS` VALUES('INNODB_MEM_ADAPTIVE_HASH', '5625456');
INSERT INTO `SESSION_STATUS` VALUES('INNODB_MEM_DICTIONARY', '192828571');
INSERT INTO `SESSION_STATUS` VALUES('INNODB_MEM_TOTAL', '137756672');
INSERT INTO `SESSION_STATUS` VALUES('INNODB_MUTEX_OS_WAITS', '159100');
INSERT INTO `SESSION_STATUS` VALUES('INNODB_MUTEX_SPIN_ROUNDS', '11612708');
INSERT INTO `SESSION_STATUS` VALUES('INNODB_MUTEX_SPIN_WAITS', '8011828');
INSERT INTO `SESSION_STATUS` VALUES('INNODB_OLDEST_VIEW_LOW_LIMIT_TRX_ID', '462167557');
INSERT INTO `SESSION_STATUS` VALUES('INNODB_OS_LOG_FSYNCS', '4166158');
INSERT INTO `SESSION_STATUS` VALUES('INNODB_OS_LOG_PENDING_FSYNCS', '0');
INSERT INTO `SESSION_STATUS` VALUES('INNODB_OS_LOG_PENDING_WRITES', '0');
INSERT INTO `SESSION_STATUS` VALUES('INNODB_OS_LOG_WRITTEN', '69216665088');
INSERT INTO `SESSION_STATUS` VALUES('INNODB_PAGE_SIZE', '16384');
INSERT INTO `SESSION_STATUS` VALUES('INNODB_PAGES_CREATED', '2445338');
INSERT INTO `SESSION_STATUS` VALUES('INNODB_PAGES_READ', '60009175');
INSERT INTO `SESSION_STATUS` VALUES('INNODB_PAGES_WRITTEN', '57498882');
INSERT INTO `SESSION_STATUS` VALUES('INNODB_PURGE_TRX_ID', '462167555');
INSERT INTO `SESSION_STATUS` VALUES('INNODB_PURGE_UNDO_NO', '0');
INSERT INTO `SESSION_STATUS` VALUES('INNODB_ROW_LOCK_CURRENT_WAITS', '0');
INSERT INTO `SESSION_STATUS` VALUES('INNODB_CURRENT_ROW_LOCKS', '0');
INSERT INTO `SESSION_STATUS` VALUES('INNODB_ROW_LOCK_TIME', '429770');
INSERT INTO `SESSION_STATUS` VALUES('INNODB_ROW_LOCK_TIME_AVG', '20');
INSERT INTO `SESSION_STATUS` VALUES('INNODB_ROW_LOCK_TIME_MAX', '8440');
INSERT INTO `SESSION_STATUS` VALUES('INNODB_ROW_LOCK_WAITS', '20964');
INSERT INTO `SESSION_STATUS` VALUES('INNODB_ROWS_DELETED', '7280554');
INSERT INTO `SESSION_STATUS` VALUES('INNODB_ROWS_INSERTED', '54035503');
INSERT INTO `SESSION_STATUS` VALUES('INNODB_ROWS_READ', '28532691087');
INSERT INTO `SESSION_STATUS` VALUES('INNODB_ROWS_UPDATED', '14616875');
INSERT INTO `SESSION_STATUS` VALUES('INNODB_READ_VIEWS_MEMORY', '3952');
INSERT INTO `SESSION_STATUS` VALUES('INNODB_DESCRIPTORS_MEMORY', '8000');
INSERT INTO `SESSION_STATUS` VALUES('INNODB_S_LOCK_OS_WAITS', '802771');
INSERT INTO `SESSION_STATUS` VALUES('INNODB_S_LOCK_SPIN_ROUNDS', '31132374');
INSERT INTO `SESSION_STATUS` VALUES('INNODB_S_LOCK_SPIN_WAITS', '1686368');
INSERT INTO `SESSION_STATUS` VALUES('INNODB_TRUNCATED_STATUS_WRITES', '0');
INSERT INTO `SESSION_STATUS` VALUES('INNODB_X_LOCK_OS_WAITS', '184510');
INSERT INTO `SESSION_STATUS` VALUES('INNODB_X_LOCK_SPIN_ROUNDS', '8409102');
INSERT INTO `SESSION_STATUS` VALUES('INNODB_X_LOCK_SPIN_WAITS', '311639');
INSERT INTO `SESSION_STATUS` VALUES('KEY_BLOCKS_NOT_FLUSHED', '0');
INSERT INTO `SESSION_STATUS` VALUES('KEY_BLOCKS_UNUSED', '74115');
INSERT INTO `SESSION_STATUS` VALUES('KEY_BLOCKS_USED', '371664');
INSERT INTO `SESSION_STATUS` VALUES('KEY_READ_REQUESTS', '207649770475');
INSERT INTO `SESSION_STATUS` VALUES('KEY_READS', '22604532');
INSERT INTO `SESSION_STATUS` VALUES('KEY_WRITE_REQUESTS', '716367148');
INSERT INTO `SESSION_STATUS` VALUES('KEY_WRITES', '282719869');
INSERT INTO `SESSION_STATUS` VALUES('LAST_QUERY_COST', '10.499000');
INSERT INTO `SESSION_STATUS` VALUES('MAX_USED_CONNECTIONS', '248');
INSERT INTO `SESSION_STATUS` VALUES('NOT_FLUSHED_DELAYED_ROWS', '0');
INSERT INTO `SESSION_STATUS` VALUES('OPEN_FILES', '14813');
INSERT INTO `SESSION_STATUS` VALUES('OPEN_STREAMS', '0');
INSERT INTO `SESSION_STATUS` VALUES('OPEN_TABLE_DEFINITIONS', '8862');
INSERT INTO `SESSION_STATUS` VALUES('OPEN_TABLES', '10000');
INSERT INTO `SESSION_STATUS` VALUES('OPENED_FILES', '294950157');
INSERT INTO `SESSION_STATUS` VALUES('OPENED_TABLE_DEFINITIONS', '0');
INSERT INTO `SESSION_STATUS` VALUES('OPENED_TABLES', '42');
INSERT INTO `SESSION_STATUS` VALUES('PERFORMANCE_SCHEMA_COND_CLASSES_LOST', '0');
INSERT INTO `SESSION_STATUS` VALUES('PERFORMANCE_SCHEMA_COND_INSTANCES_LOST', '0');
INSERT INTO `SESSION_STATUS` VALUES('PERFORMANCE_SCHEMA_FILE_CLASSES_LOST', '0');
INSERT INTO `SESSION_STATUS` VALUES('PERFORMANCE_SCHEMA_FILE_HANDLES_LOST', '0');
INSERT INTO `SESSION_STATUS` VALUES('PERFORMANCE_SCHEMA_FILE_INSTANCES_LOST', '0');
INSERT INTO `SESSION_STATUS` VALUES('PERFORMANCE_SCHEMA_LOCKER_LOST', '0');
INSERT INTO `SESSION_STATUS` VALUES('PERFORMANCE_SCHEMA_MUTEX_CLASSES_LOST', '0');
INSERT INTO `SESSION_STATUS` VALUES('PERFORMANCE_SCHEMA_MUTEX_INSTANCES_LOST', '0');
INSERT INTO `SESSION_STATUS` VALUES('PERFORMANCE_SCHEMA_RWLOCK_CLASSES_LOST', '0');
INSERT INTO `SESSION_STATUS` VALUES('PERFORMANCE_SCHEMA_RWLOCK_INSTANCES_LOST', '0');
INSERT INTO `SESSION_STATUS` VALUES('PERFORMANCE_SCHEMA_TABLE_HANDLES_LOST', '0');
INSERT INTO `SESSION_STATUS` VALUES('PERFORMANCE_SCHEMA_TABLE_INSTANCES_LOST', '0');
INSERT INTO `SESSION_STATUS` VALUES('PERFORMANCE_SCHEMA_THREAD_CLASSES_LOST', '0');
INSERT INTO `SESSION_STATUS` VALUES('PERFORMANCE_SCHEMA_THREAD_INSTANCES_LOST', '0');
INSERT INTO `SESSION_STATUS` VALUES('PREPARED_STMT_COUNT', '0');
INSERT INTO `SESSION_STATUS` VALUES('QCACHE_FREE_BLOCKS', '3775');
INSERT INTO `SESSION_STATUS` VALUES('QCACHE_FREE_MEMORY', '11621736');
INSERT INTO `SESSION_STATUS` VALUES('QCACHE_HITS', '1469529389');
INSERT INTO `SESSION_STATUS` VALUES('QCACHE_INSERTS', '555845251');
INSERT INTO `SESSION_STATUS` VALUES('QCACHE_LOWMEM_PRUNES', '290664311');
INSERT INTO `SESSION_STATUS` VALUES('QCACHE_NOT_CACHED', '70153374');
INSERT INTO `SESSION_STATUS` VALUES('QCACHE_QUERIES_IN_CACHE', '13542');
INSERT INTO `SESSION_STATUS` VALUES('QCACHE_TOTAL_BLOCKS', '36144');
INSERT INTO `SESSION_STATUS` VALUES('QUERIES', '2630807255');
INSERT INTO `SESSION_STATUS` VALUES('QUESTIONS', '163');
INSERT INTO `SESSION_STATUS` VALUES('RPL_STATUS', 'AUTH_MASTER');
INSERT INTO `SESSION_STATUS` VALUES('SELECT_FULL_JOIN', '0');
INSERT INTO `SESSION_STATUS` VALUES('SELECT_FULL_RANGE_JOIN', '0');
INSERT INTO `SESSION_STATUS` VALUES('SELECT_RANGE', '0');
INSERT INTO `SESSION_STATUS` VALUES('SELECT_RANGE_CHECK', '0');
INSERT INTO `SESSION_STATUS` VALUES('SELECT_SCAN', '108');
INSERT INTO `SESSION_STATUS` VALUES('SLAVE_HEARTBEAT_PERIOD', '0.000');
INSERT INTO `SESSION_STATUS` VALUES('SLAVE_OPEN_TEMP_TABLES', '0');
INSERT INTO `SESSION_STATUS` VALUES('SLAVE_RECEIVED_HEARTBEATS', '0');
INSERT INTO `SESSION_STATUS` VALUES('SLAVE_RETRIED_TRANSACTIONS', '0');
INSERT INTO `SESSION_STATUS` VALUES('SLAVE_RUNNING', 'OFF');
INSERT INTO `SESSION_STATUS` VALUES('SLOW_LAUNCH_THREADS', '2');
INSERT INTO `SESSION_STATUS` VALUES('SLOW_QUERIES', '0');
INSERT INTO `SESSION_STATUS` VALUES('SORT_MERGE_PASSES', '0');
INSERT INTO `SESSION_STATUS` VALUES('SORT_RANGE', '0');
INSERT INTO `SESSION_STATUS` VALUES('SORT_ROWS', '0');
INSERT INTO `SESSION_STATUS` VALUES('SORT_SCAN', '0');
INSERT INTO `SESSION_STATUS` VALUES('SSL_ACCEPT_RENEGOTIATES', '0');
INSERT INTO `SESSION_STATUS` VALUES('SSL_ACCEPTS', '0');
INSERT INTO `SESSION_STATUS` VALUES('SSL_CALLBACK_CACHE_HITS', '0');
INSERT INTO `SESSION_STATUS` VALUES('SSL_CIPHER', '');
INSERT INTO `SESSION_STATUS` VALUES('SSL_CIPHER_LIST', '');
INSERT INTO `SESSION_STATUS` VALUES('SSL_CLIENT_CONNECTS', '0');
INSERT INTO `SESSION_STATUS` VALUES('SSL_CONNECT_RENEGOTIATES', '0');
INSERT INTO `SESSION_STATUS` VALUES('SSL_CTX_VERIFY_DEPTH', '0');
INSERT INTO `SESSION_STATUS` VALUES('SSL_CTX_VERIFY_MODE', '0');
INSERT INTO `SESSION_STATUS` VALUES('SSL_DEFAULT_TIMEOUT', '0');
INSERT INTO `SESSION_STATUS` VALUES('SSL_FINISHED_ACCEPTS', '0');
INSERT INTO `SESSION_STATUS` VALUES('SSL_FINISHED_CONNECTS', '0');
INSERT INTO `SESSION_STATUS` VALUES('SSL_SESSION_CACHE_HITS', '0');
INSERT INTO `SESSION_STATUS` VALUES('SSL_SESSION_CACHE_MISSES', '0');
INSERT INTO `SESSION_STATUS` VALUES('SSL_SESSION_CACHE_MODE', 'NONE');
INSERT INTO `SESSION_STATUS` VALUES('SSL_SESSION_CACHE_OVERFLOWS', '0');
INSERT INTO `SESSION_STATUS` VALUES('SSL_SESSION_CACHE_SIZE', '0');
INSERT INTO `SESSION_STATUS` VALUES('SSL_SESSION_CACHE_TIMEOUTS', '0');
INSERT INTO `SESSION_STATUS` VALUES('SSL_SESSIONS_REUSED', '0');
INSERT INTO `SESSION_STATUS` VALUES('SSL_USED_SESSION_CACHE_ENTRIES', '0');
INSERT INTO `SESSION_STATUS` VALUES('SSL_VERIFY_DEPTH', '0');
INSERT INTO `SESSION_STATUS` VALUES('SSL_VERIFY_MODE', '0');
INSERT INTO `SESSION_STATUS` VALUES('SSL_VERSION', '');
INSERT INTO `SESSION_STATUS` VALUES('TABLE_LOCKS_IMMEDIATE', '1047461463');
INSERT INTO `SESSION_STATUS` VALUES('TABLE_LOCKS_WAITED', '267043');
INSERT INTO `SESSION_STATUS` VALUES('TC_LOG_MAX_PAGES_USED', '0');
INSERT INTO `SESSION_STATUS` VALUES('TC_LOG_PAGE_SIZE', '0');
INSERT INTO `SESSION_STATUS` VALUES('TC_LOG_PAGE_WAITS', '74');
INSERT INTO `SESSION_STATUS` VALUES('THREADPOOL_IDLE_THREADS', '0');
INSERT INTO `SESSION_STATUS` VALUES('THREADPOOL_THREADS', '0');
INSERT INTO `SESSION_STATUS` VALUES('THREADS_CACHED', '49');
INSERT INTO `SESSION_STATUS` VALUES('THREADS_CONNECTED', '60');
INSERT INTO `SESSION_STATUS` VALUES('THREADS_CREATED', '2232');
INSERT INTO `SESSION_STATUS` VALUES('THREADS_RUNNING', '33');
INSERT INTO `SESSION_STATUS` VALUES('UPTIME', '3413991');
INSERT INTO `SESSION_STATUS` VALUES('UPTIME_SINCE_FLUSH_STATUS', '3413991');
INSERT INTO `SESSION_STATUS` VALUES('BINLOG_COMMITS', '110261097');
INSERT INTO `SESSION_STATUS` VALUES('BINLOG_GROUP_COMMITS', '110248368');

-- --------------------------------------------------------

--
-- Table structure for table `SESSION_VARIABLES`
--

CREATE TEMPORARY TABLE `SESSION_VARIABLES` (
  `VARIABLE_NAME` varchar(64) NOT NULL DEFAULT '',
  `VARIABLE_VALUE` varchar(1024) DEFAULT NULL
) ENGINE=MEMORY DEFAULT CHARSET=utf8;

--
-- Dumping data for table `SESSION_VARIABLES`
--

INSERT INTO `SESSION_VARIABLES` VALUES('MAX_PREPARED_STMT_COUNT', '16382');
INSERT INTO `SESSION_VARIABLES` VALUES('EXPIRE_LOGS_DAYS', '0');
INSERT INTO `SESSION_VARIABLES` VALUES('HAVE_CRYPT', 'YES');
INSERT INTO `SESSION_VARIABLES` VALUES('PERFORMANCE_SCHEMA_EVENTS_WAITS_HISTORY_LONG_SIZE', '10000');
INSERT INTO `SESSION_VARIABLES` VALUES('INNODB_VERSION', '5.5.37-35.0-35.0');
INSERT INTO `SESSION_VARIABLES` VALUES('MAX_SORT_LENGTH', '1024');
INSERT INTO `SESSION_VARIABLES` VALUES('MAX_SLOWLOG_FILES', '0');
INSERT INTO `SESSION_VARIABLES` VALUES('PERFORMANCE_SCHEMA_MAX_COND_INSTANCES', '1000');
INSERT INTO `SESSION_VARIABLES` VALUES('PROFILING_HISTORY_SIZE', '15');
INSERT INTO `SESSION_VARIABLES` VALUES('MAX_SLOWLOG_SIZE', '0');
INSERT INTO `SESSION_VARIABLES` VALUES('LONG_QUERY_TIME', '10.000000');
INSERT INTO `SESSION_VARIABLES` VALUES('THREAD_STACK', '262144');
INSERT INTO `SESSION_VARIABLES` VALUES('DELAYED_INSERT_TIMEOUT', '300');
INSERT INTO `SESSION_VARIABLES` VALUES('INNODB_LAZY_DROP_TABLE', '0');
INSERT INTO `SESSION_VARIABLES` VALUES('DATETIME_FORMAT', '%Y-%m-%d %H:%i:%s');
INSERT INTO `SESSION_VARIABLES` VALUES('PERFORMANCE_SCHEMA_MAX_RWLOCK_INSTANCES', '1000000');
INSERT INTO `SESSION_VARIABLES` VALUES('FOREIGN_KEY_CHECKS', 'ON');
INSERT INTO `SESSION_VARIABLES` VALUES('PERFORMANCE_SCHEMA_MAX_RWLOCK_CLASSES', '30');
INSERT INTO `SESSION_VARIABLES` VALUES('BASEDIR', '/usr/local/mysql-5.5.37');
INSERT INTO `SESSION_VARIABLES` VALUES('PERFORMANCE_SCHEMA_MAX_MUTEX_CLASSES', '200');
INSERT INTO `SESSION_VARIABLES` VALUES('UPDATABLE_VIEWS_WITH_LIMIT', 'YES');
INSERT INTO `SESSION_VARIABLES` VALUES('BACK_LOG', '50');
INSERT INTO `SESSION_VARIABLES` VALUES('SLOW_LAUNCH_TIME', '2');
INSERT INTO `SESSION_VARIABLES` VALUES('PERFORMANCE_SCHEMA_MAX_FILE_HANDLES', '32768');
INSERT INTO `SESSION_VARIABLES` VALUES('MAX_USER_CONNECTIONS', '200');
INSERT INTO `SESSION_VARIABLES` VALUES('SYNC_MASTER_INFO', '0');
INSERT INTO `SESSION_VARIABLES` VALUES('RELAY_LOG_INDEX', '/var/lib/mysql_logs/4/p3nlhdb5501-08-relay-bin.index');
INSERT INTO `SESSION_VARIABLES` VALUES('LOWER_CASE_TABLE_NAMES', '0');
INSERT INTO `SESSION_VARIABLES` VALUES('SQL_QUOTE_SHOW_CREATE', 'ON');
INSERT INTO `SESSION_VARIABLES` VALUES('MYISAM_REPAIR_THREADS', '1');
INSERT INTO `SESSION_VARIABLES` VALUES('QUERY_PREALLOC_SIZE', '8192');
INSERT INTO `SESSION_VARIABLES` VALUES('OLD_PASSWORDS', 'OFF');
INSERT INTO `SESSION_VARIABLES` VALUES('WAIT_TIMEOUT', '60');
INSERT INTO `SESSION_VARIABLES` VALUES('FT_STOPWORD_FILE', '(built-in)');
INSERT INTO `SESSION_VARIABLES` VALUES('PERFORMANCE_SCHEMA_MAX_TABLE_HANDLES', '100000');
INSERT INTO `SESSION_VARIABLES` VALUES('CHARACTER_SETS_DIR', '/usr/local/mysql-5.5.37/share/mysql/charsets/');
INSERT INTO `SESSION_VARIABLES` VALUES('QUERY_RESPONSE_TIME_STATS', 'OFF');
INSERT INTO `SESSION_VARIABLES` VALUES('CONCURRENT_INSERT', 'AUTO');
INSERT INTO `SESSION_VARIABLES` VALUES('LOG_SLOW_SP_STATEMENTS', 'ON');
INSERT INTO `SESSION_VARIABLES` VALUES('CHARACTER_SET_RESULTS', 'utf8');
INSERT INTO `SESSION_VARIABLES` VALUES('MYISAM_SORT_BUFFER_SIZE', '134217728');
INSERT INTO `SESSION_VARIABLES` VALUES('CHARACTER_SET_CONNECTION', 'utf8');
INSERT INTO `SESSION_VARIABLES` VALUES('INNODB_ROLLBACK_SEGMENTS', '128');
INSERT INTO `SESSION_VARIABLES` VALUES('REPORT_USER', '');
INSERT INTO `SESSION_VARIABLES` VALUES('LARGE_FILES_SUPPORT', 'ON');
INSERT INTO `SESSION_VARIABLES` VALUES('SYSTEM_TIME_ZONE', 'MST');
INSERT INTO `SESSION_VARIABLES` VALUES('SQL_SAFE_UPDATES', 'OFF');
INSERT INTO `SESSION_VARIABLES` VALUES('EVENT_SCHEDULER', 'OFF');
INSERT INTO `SESSION_VARIABLES` VALUES('NET_BUFFER_LENGTH', '8192');
INSERT INTO `SESSION_VARIABLES` VALUES('LOG', 'ON');
INSERT INTO `SESSION_VARIABLES` VALUES('SKIP_SHOW_DATABASE', 'OFF');
INSERT INTO `SESSION_VARIABLES` VALUES('MAX_BINLOG_CACHE_SIZE', '18446744073709547520');
INSERT INTO `SESSION_VARIABLES` VALUES('GROUP_CONCAT_MAX_LEN', '1024');
INSERT INTO `SESSION_VARIABLES` VALUES('SSL_CAPATH', '');
INSERT INTO `SESSION_VARIABLES` VALUES('RANGE_ALLOC_BLOCK_SIZE', '4096');
INSERT INTO `SESSION_VARIABLES` VALUES('FT_MAX_WORD_LEN', '84');
INSERT INTO `SESSION_VARIABLES` VALUES('TMPDIR', '/var/lib/mysql_logs/mysqltmp/');
INSERT INTO `SESSION_VARIABLES` VALUES('LC_MESSAGES_DIR', '/usr/local/mysql-5.5.37/share/mysql/');
INSERT INTO `SESSION_VARIABLES` VALUES('INNODB_LOG_FILE_SIZE', '67108864');
INSERT INTO `SESSION_VARIABLES` VALUES('REPORT_HOST', '');
INSERT INTO `SESSION_VARIABLES` VALUES('TRANSACTION_PREALLOC_SIZE', '4096');
INSERT INTO `SESSION_VARIABLES` VALUES('HAVE_GEOMETRY', 'YES');
INSERT INTO `SESSION_VARIABLES` VALUES('MYISAM_RECOVER_OPTIONS', 'FORCE');
INSERT INTO `SESSION_VARIABLES` VALUES('LOG_QUERIES_NOT_USING_INDEXES', 'OFF');
INSERT INTO `SESSION_VARIABLES` VALUES('THREAD_STATISTICS', 'OFF');
INSERT INTO `SESSION_VARIABLES` VALUES('PLUGIN_DIR', '/usr/local/mysql-5.5.37/lib64/mysql/plugin/');
INSERT INTO `SESSION_VARIABLES` VALUES('LOW_PRIORITY_UPDATES', 'OFF');
INSERT INTO `SESSION_VARIABLES` VALUES('AUTOMATIC_SP_PRIVILEGES', 'ON');
INSERT INTO `SESSION_VARIABLES` VALUES('REPORT_PASSWORD', '');
INSERT INTO `SESSION_VARIABLES` VALUES('DELAYED_INSERT_LIMIT', '100');
INSERT INTO `SESSION_VARIABLES` VALUES('MAX_INSERT_DELAYED_THREADS', '20');
INSERT INTO `SESSION_VARIABLES` VALUES('COMPLETION_TYPE', 'NO_CHAIN');
INSERT INTO `SESSION_VARIABLES` VALUES('SQL_BIG_SELECTS', 'ON');
INSERT INTO `SESSION_VARIABLES` VALUES('ENFORCE_STORAGE_ENGINE', '');
INSERT INTO `SESSION_VARIABLES` VALUES('TRANSACTION_ALLOC_BLOCK_SIZE', '8192');
INSERT INTO `SESSION_VARIABLES` VALUES('PERFORMANCE_SCHEMA_MAX_THREAD_CLASSES', '50');
INSERT INTO `SESSION_VARIABLES` VALUES('SLOW_QUERY_LOG_TIMESTAMP_ALWAYS', 'OFF');
INSERT INTO `SESSION_VARIABLES` VALUES('AUTO_INCREMENT_OFFSET', '1');
INSERT INTO `SESSION_VARIABLES` VALUES('INNODB_THREAD_CONCURRENCY_TIMER_BASED', 'OFF');
INSERT INTO `SESSION_VARIABLES` VALUES('JOIN_BUFFER_SIZE', '4194304');
INSERT INTO `SESSION_VARIABLES` VALUES('PID_FILE', '/var/run/mysql/4.pid');
INSERT INTO `SESSION_VARIABLES` VALUES('CONNECT_TIMEOUT', '60');
INSERT INTO `SESSION_VARIABLES` VALUES('LOG_SLOW_RATE_LIMIT', '1');
INSERT INTO `SESSION_VARIABLES` VALUES('SQL_LOW_PRIORITY_UPDATES', 'OFF');
INSERT INTO `SESSION_VARIABLES` VALUES('INNODB_RECOVERY_STATS', 'OFF');
INSERT INTO `SESSION_VARIABLES` VALUES('INIT_FILE', '');
INSERT INTO `SESSION_VARIABLES` VALUES('INNODB_IO_CAPACITY', '200');
INSERT INTO `SESSION_VARIABLES` VALUES('LARGE_PAGES', 'OFF');
INSERT INTO `SESSION_VARIABLES` VALUES('PROTOCOL_VERSION', '10');
INSERT INTO `SESSION_VARIABLES` VALUES('LARGE_PAGE_SIZE', '0');
INSERT INTO `SESSION_VARIABLES` VALUES('HAVE_SYMLINK', 'YES');
INSERT INTO `SESSION_VARIABLES` VALUES('INIT_SLAVE', '');
INSERT INTO `SESSION_VARIABLES` VALUES('INNODB_LOCKS_UNSAFE_FOR_BINLOG', 'OFF');
INSERT INTO `SESSION_VARIABLES` VALUES('EXPAND_FAST_INDEX_CREATION', 'OFF');
INSERT INTO `SESSION_VARIABLES` VALUES('INNODB_TABLE_LOCKS', 'ON');
INSERT INTO `SESSION_VARIABLES` VALUES('MAX_BINLOG_SIZE', '1073741824');
INSERT INTO `SESSION_VARIABLES` VALUES('INNODB_AUTOEXTEND_INCREMENT', '8');
INSERT INTO `SESSION_VARIABLES` VALUES('SOCKET', '/var/run/mysql/4.sock');
INSERT INTO `SESSION_VARIABLES` VALUES('MYISAM_DATA_POINTER_SIZE', '6');
INSERT INTO `SESSION_VARIABLES` VALUES('MAX_CONNECTIONS', '1000');
INSERT INTO `SESSION_VARIABLES` VALUES('INNODB_THREAD_SLEEP_DELAY', '10000');
INSERT INTO `SESSION_VARIABLES` VALUES('LOG_WARNINGS_SUPPRESS', '');
INSERT INTO `SESSION_VARIABLES` VALUES('INNODB_READ_AHEAD', 'linear');
INSERT INTO `SESSION_VARIABLES` VALUES('READ_BUFFER_SIZE', '4194304');
INSERT INTO `SESSION_VARIABLES` VALUES('SLAVE_TRANSACTION_RETRIES', '10');
INSERT INTO `SESSION_VARIABLES` VALUES('PSEUDO_THREAD_ID', '45387764');
INSERT INTO `SESSION_VARIABLES` VALUES('LAST_INSERT_ID', '0');
INSERT INTO `SESSION_VARIABLES` VALUES('PERFORMANCE_SCHEMA_MAX_THREAD_INSTANCES', '1000');
INSERT INTO `SESSION_VARIABLES` VALUES('GENERAL_LOG', 'ON');
INSERT INTO `SESSION_VARIABLES` VALUES('LOWER_CASE_FILE_SYSTEM', 'OFF');
INSERT INTO `SESSION_VARIABLES` VALUES('INNODB_REPLICATION_DELAY', '0');
INSERT INTO `SESSION_VARIABLES` VALUES('MAX_RELAY_LOG_SIZE', '0');
INSERT INTO `SESSION_VARIABLES` VALUES('QUERY_CACHE_MIN_RES_UNIT', '4096');
INSERT INTO `SESSION_VARIABLES` VALUES('OPTIMIZER_SEARCH_DEPTH', '62');
INSERT INTO `SESSION_VARIABLES` VALUES('SORT_BUFFER_SIZE', '4194304');
INSERT INTO `SESSION_VARIABLES` VALUES('INIT_CONNECT', '');
INSERT INTO `SESSION_VARIABLES` VALUES('INNODB_ROLLBACK_ON_TIMEOUT', 'OFF');
INSERT INTO `SESSION_VARIABLES` VALUES('KEY_CACHE_AGE_THRESHOLD', '300');
INSERT INTO `SESSION_VARIABLES` VALUES('INNODB_USE_GLOBAL_FLUSH_LOG_AT_TRX_COMMIT', 'ON');
INSERT INTO `SESSION_VARIABLES` VALUES('NET_RETRY_COUNT', '10');
INSERT INTO `SESSION_VARIABLES` VALUES('INNODB_ADDITIONAL_MEM_POOL_SIZE', '10485760');
INSERT INTO `SESSION_VARIABLES` VALUES('MAX_LONG_DATA_SIZE', '134217728');
INSERT INTO `SESSION_VARIABLES` VALUES('READ_RND_BUFFER_SIZE', '4194304');
INSERT INTO `SESSION_VARIABLES` VALUES('SLAVE_MAX_ALLOWED_PACKET', '1073741824');
INSERT INTO `SESSION_VARIABLES` VALUES('INNODB_FILE_FORMAT', 'Antelope');
INSERT INTO `SESSION_VARIABLES` VALUES('FT_QUERY_EXPANSION_LIMIT', '20');
INSERT INTO `SESSION_VARIABLES` VALUES('BIG_TABLES', 'OFF');
INSERT INTO `SESSION_VARIABLES` VALUES('PERFORMANCE_SCHEMA_MAX_FILE_CLASSES', '50');
INSERT INTO `SESSION_VARIABLES` VALUES('REPLICATE_WILD_DO_TABLE', '');
INSERT INTO `SESSION_VARIABLES` VALUES('VERSION_COMPILE_OS', 'Linux');
INSERT INTO `SESSION_VARIABLES` VALUES('DATE_FORMAT', '%Y-%m-%d');
INSERT INTO `SESSION_VARIABLES` VALUES('HAVE_RESPONSE_TIME_DISTRIBUTION', 'YES');
INSERT INTO `SESSION_VARIABLES` VALUES('READ_ONLY', 'OFF');
INSERT INTO `SESSION_VARIABLES` VALUES('MAX_LENGTH_FOR_SORT_DATA', '1024');
INSERT INTO `SESSION_VARIABLES` VALUES('RAND_SEED1', '0');
INSERT INTO `SESSION_VARIABLES` VALUES('OPTIMIZER_SWITCH', 'index_merge=on,index_merge_union=on,index_merge_sort_union=on,index_merge_intersection=on,engine_condition_pushdown=on');
INSERT INTO `SESSION_VARIABLES` VALUES('INNODB_DATA_FILE_PATH', 'ibdata1:10M:autoextend');
INSERT INTO `SESSION_VARIABLES` VALUES('FLUSH', 'OFF');
INSERT INTO `SESSION_VARIABLES` VALUES('REPLICATE_IGNORE_TABLE', '');
INSERT INTO `SESSION_VARIABLES` VALUES('INNODB_SHOW_VERBOSE_LOCKS', '0');
INSERT INTO `SESSION_VARIABLES` VALUES('BINLOG_DIRECT_NON_TRANSACTIONAL_UPDATES', 'OFF');
INSERT INTO `SESSION_VARIABLES` VALUES('MAX_HEAP_TABLE_SIZE', '16777216');
INSERT INTO `SESSION_VARIABLES` VALUES('INNODB_STRICT_MODE', 'OFF');
INSERT INTO `SESSION_VARIABLES` VALUES('PROXY_USER', '');
INSERT INTO `SESSION_VARIABLES` VALUES('INNODB_BUFFER_POOL_SHM_CHECKSUM', 'ON');
INSERT INTO `SESSION_VARIABLES` VALUES('SQL_MAX_JOIN_SIZE', '18446744073709551615');
INSERT INTO `SESSION_VARIABLES` VALUES('SQL_LOG_BIN', 'ON');
INSERT INTO `SESSION_VARIABLES` VALUES('SKIP_NAME_RESOLVE', 'ON');
INSERT INTO `SESSION_VARIABLES` VALUES('PERFORMANCE_SCHEMA_MAX_COND_CLASSES', '80');
INSERT INTO `SESSION_VARIABLES` VALUES('DELAY_KEY_WRITE', 'ON');
INSERT INTO `SESSION_VARIABLES` VALUES('LOG_SLOW_VERBOSITY', '');
INSERT INTO `SESSION_VARIABLES` VALUES('BINLOG_CACHE_SIZE', '32768');
INSERT INTO `SESSION_VARIABLES` VALUES('REPLICATE_DO_DB', '');
INSERT INTO `SESSION_VARIABLES` VALUES('COLLATION_SERVER', 'latin1_swedish_ci');
INSERT INTO `SESSION_VARIABLES` VALUES('MAX_BINLOG_FILES', '0');
INSERT INTO `SESSION_VARIABLES` VALUES('FLUSH_TIME', '0');
INSERT INTO `SESSION_VARIABLES` VALUES('HAVE_PARTITIONING', 'YES');
INSERT INTO `SESSION_VARIABLES` VALUES('NET_WRITE_TIMEOUT', '60');
INSERT INTO `SESSION_VARIABLES` VALUES('LOG_SLOW_RATE_TYPE', 'session');
INSERT INTO `SESSION_VARIABLES` VALUES('QUERY_CACHE_LIMIT', '1048576');
INSERT INTO `SESSION_VARIABLES` VALUES('INNODB_KILL_IDLE_TRANSACTION', '0');
INSERT INTO `SESSION_VARIABLES` VALUES('LOG_BIN', 'ON');
INSERT INTO `SESSION_VARIABLES` VALUES('INNODB_AUTOINC_LOCK_MODE', '1');
INSERT INTO `SESSION_VARIABLES` VALUES('PERFORMANCE_SCHEMA_EVENTS_WAITS_HISTORY_SIZE', '10');
INSERT INTO `SESSION_VARIABLES` VALUES('INNODB_COMMIT_CONCURRENCY', '0');
INSERT INTO `SESSION_VARIABLES` VALUES('MAX_SEEKS_FOR_KEY', '18446744073709551615');
INSERT INTO `SESSION_VARIABLES` VALUES('INNODB_MIRRORED_LOG_GROUPS', '1');
INSERT INTO `SESSION_VARIABLES` VALUES('METADATA_LOCKS_CACHE_SIZE', '1024');
INSERT INTO `SESSION_VARIABLES` VALUES('INNODB_PURGE_BATCH_SIZE', '20');
INSERT INTO `SESSION_VARIABLES` VALUES('BULK_INSERT_BUFFER_SIZE', '8388608');
INSERT INTO `SESSION_VARIABLES` VALUES('VERSION', '5.5.37-35.0-log');
INSERT INTO `SESSION_VARIABLES` VALUES('QUERY_CACHE_SIZE', '67108864');
INSERT INTO `SESSION_VARIABLES` VALUES('INNODB_SUPPORT_XA', 'OFF');
INSERT INTO `SESSION_VARIABLES` VALUES('AUTOCOMMIT', 'ON');
INSERT INTO `SESSION_VARIABLES` VALUES('INNODB_SYNC_SPIN_LOOPS', '30');
INSERT INTO `SESSION_VARIABLES` VALUES('VERSION_COMMENT', 'Percona Server (GPL), Release rel30.2, Revision 36.0');
INSERT INTO `SESSION_VARIABLES` VALUES('INNODB_BLOCKING_BUFFER_POOL_RESTORE', 'OFF');
INSERT INTO `SESSION_VARIABLES` VALUES('DELAYED_QUEUE_SIZE', '1000');
INSERT INTO `SESSION_VARIABLES` VALUES('INNODB_SHOW_LOCKS_HELD', '10');
INSERT INTO `SESSION_VARIABLES` VALUES('THREAD_POOL_STALL_LIMIT', '500');
INSERT INTO `SESSION_VARIABLES` VALUES('INNODB_ADAPTIVE_HASH_INDEX', 'ON');
INSERT INTO `SESSION_VARIABLES` VALUES('QUERY_ALLOC_BLOCK_SIZE', '8192');
INSERT INTO `SESSION_VARIABLES` VALUES('INNODB_IBUF_ACCEL_RATE', '100');
INSERT INTO `SESSION_VARIABLES` VALUES('MIN_EXAMINED_ROW_LIMIT', '0');
INSERT INTO `SESSION_VARIABLES` VALUES('DIV_PRECISION_INCREMENT', '4');
INSERT INTO `SESSION_VARIABLES` VALUES('LICENSE', 'GPL');
INSERT INTO `SESSION_VARIABLES` VALUES('INNODB_IBUF_MAX_SIZE', '67092480');
INSERT INTO `SESSION_VARIABLES` VALUES('QUERY_CACHE_WLOCK_INVALIDATE', 'OFF');
INSERT INTO `SESSION_VARIABLES` VALUES('INNODB_DATA_HOME_DIR', '/var/lib/mysql_data/4');
INSERT INTO `SESSION_VARIABLES` VALUES('QUERY_CACHE_STRIP_COMMENTS', 'OFF');
INSERT INTO `SESSION_VARIABLES` VALUES('INNODB_READ_IO_THREADS', '4');
INSERT INTO `SESSION_VARIABLES` VALUES('THREAD_POOL_MAX_THREADS', '100000');
INSERT INTO `SESSION_VARIABLES` VALUES('INNODB_MAX_BITMAP_FILE_SIZE', '104857600');
INSERT INTO `SESSION_VARIABLES` VALUES('SLAVE_COMPRESSED_PROTOCOL', 'OFF');
INSERT INTO `SESSION_VARIABLES` VALUES('INNODB_BUFFER_POOL_INSTANCES', '1');
INSERT INTO `SESSION_VARIABLES` VALUES('SLOW_QUERY_LOG_FILE', '/var/lib/mysql_data/4/p3nlhdb5501-08-slow.log');
INSERT INTO `SESSION_VARIABLES` VALUES('INNODB_FORCE_RECOVERY', '0');
INSERT INTO `SESSION_VARIABLES` VALUES('REPLICATE_WILD_IGNORE_TABLE', '');
INSERT INTO `SESSION_VARIABLES` VALUES('INNODB_LOG_FILES_IN_GROUP', '2');
INSERT INTO `SESSION_VARIABLES` VALUES('SKIP_NETWORKING', 'OFF');
INSERT INTO `SESSION_VARIABLES` VALUES('ERROR_COUNT', '0');
INSERT INTO `SESSION_VARIABLES` VALUES('FT_BOOLEAN_SYNTAX', '+ -><()~*:""&|');
INSERT INTO `SESSION_VARIABLES` VALUES('HAVE_DYNAMIC_LOADING', 'YES');
INSERT INTO `SESSION_VARIABLES` VALUES('MAX_CONNECT_ERRORS', '10000');
INSERT INTO `SESSION_VARIABLES` VALUES('SYNC_BINLOG', '0');
INSERT INTO `SESSION_VARIABLES` VALUES('INNODB_FILE_FORMAT_CHECK', 'ON');
INSERT INTO `SESSION_VARIABLES` VALUES('INNODB_PRINT_ALL_DEADLOCKS', 'OFF');
INSERT INTO `SESSION_VARIABLES` VALUES('OPTIMIZER_PRUNE_LEVEL', '1');
INSERT INTO `SESSION_VARIABLES` VALUES('INNODB_OPEN_FILES', '300');
INSERT INTO `SESSION_VARIABLES` VALUES('TABLE_OPEN_CACHE', '10000');
INSERT INTO `SESSION_VARIABLES` VALUES('INNODB_IMPORT_TABLE_FROM_XTRABACKUP', '0');
INSERT INTO `SESSION_VARIABLES` VALUES('TIMED_MUTEXES', 'OFF');
INSERT INTO `SESSION_VARIABLES` VALUES('INNODB_READ_AHEAD_THRESHOLD', '56');
INSERT INTO `SESSION_VARIABLES` VALUES('EXTERNAL_USER', '');
INSERT INTO `SESSION_VARIABLES` VALUES('INNODB_ADAPTIVE_FLUSHING_METHOD', 'estimate');
INSERT INTO `SESSION_VARIABLES` VALUES('INNODB_FAST_CHECKSUM', 'OFF');
INSERT INTO `SESSION_VARIABLES` VALUES('KEY_BUFFER_SIZE', '536870912');
INSERT INTO `SESSION_VARIABLES` VALUES('CHARACTER_SET_DATABASE', 'latin1');
INSERT INTO `SESSION_VARIABLES` VALUES('HAVE_NDBCLUSTER', 'NO');
INSERT INTO `SESSION_VARIABLES` VALUES('THREAD_POOL_OVERSUBSCRIBE', '3');
INSERT INTO `SESSION_VARIABLES` VALUES('PSEUDO_SLAVE_MODE', 'OFF');
INSERT INTO `SESSION_VARIABLES` VALUES('VERSION_COMPILE_MACHINE', 'x86_64');
INSERT INTO `SESSION_VARIABLES` VALUES('INNODB_STATS_METHOD', 'nulls_equal');
INSERT INTO `SESSION_VARIABLES` VALUES('TABLE_DEFINITION_CACHE', '400');
INSERT INTO `SESSION_VARIABLES` VALUES('INNODB_FAST_SHUTDOWN', '1');
INSERT INTO `SESSION_VARIABLES` VALUES('OPTIMIZER_FIX', 'ON');
INSERT INTO `SESSION_VARIABLES` VALUES('INNODB_RECOVERY_UPDATE_RELAY_LOG', 'OFF');
INSERT INTO `SESSION_VARIABLES` VALUES('LOG_WARNINGS', '1');
INSERT INTO `SESSION_VARIABLES` VALUES('INNODB_THREAD_CONCURRENCY', '0');
INSERT INTO `SESSION_VARIABLES` VALUES('TMP_TABLE_SIZE', '8388608');
INSERT INTO `SESSION_VARIABLES` VALUES('SLAVE_NET_TIMEOUT', '3600');
INSERT INTO `SESSION_VARIABLES` VALUES('THREAD_HANDLING', 'one-thread-per-connection');
INSERT INTO `SESSION_VARIABLES` VALUES('INNODB_STATS_SAMPLE_PAGES', '8');
INSERT INTO `SESSION_VARIABLES` VALUES('QUERY_CACHE_TYPE', 'ON');
INSERT INTO `SESSION_VARIABLES` VALUES('LOCAL_INFILE', 'ON');
INSERT INTO `SESSION_VARIABLES` VALUES('SQL_BIG_TABLES', 'OFF');
INSERT INTO `SESSION_VARIABLES` VALUES('HAVE_RTREE_KEYS', 'YES');
INSERT INTO `SESSION_VARIABLES` VALUES('LOCK_WAIT_TIMEOUT', '31536000');
INSERT INTO `SESSION_VARIABLES` VALUES('INNODB_BUFFER_POOL_RESTORE_AT_STARTUP', '0');
INSERT INTO `SESSION_VARIABLES` VALUES('MAX_SP_RECURSION_DEPTH', '0');
INSERT INTO `SESSION_VARIABLES` VALUES('OLD_ALTER_TABLE', 'OFF');
INSERT INTO `SESSION_VARIABLES` VALUES('REPORT_PORT', '3306');
INSERT INTO `SESSION_VARIABLES` VALUES('INNODB_PAGE_SIZE', '16384');
INSERT INTO `SESSION_VARIABLES` VALUES('SSL_CIPHER', '');
INSERT INTO `SESSION_VARIABLES` VALUES('EXTRA_MAX_CONNECTIONS', '1');
INSERT INTO `SESSION_VARIABLES` VALUES('SLAVE_EXEC_MODE', 'STRICT');
INSERT INTO `SESSION_VARIABLES` VALUES('RELAY_LOG_RECOVERY', 'OFF');
INSERT INTO `SESSION_VARIABLES` VALUES('NEW', 'OFF');
INSERT INTO `SESSION_VARIABLES` VALUES('MAX_DELAYED_THREADS', '20');
INSERT INTO `SESSION_VARIABLES` VALUES('SQL_MODE', '');
INSERT INTO `SESSION_VARIABLES` VALUES('SLOW_QUERY_LOG_USE_GLOBAL_CONTROL', '');
INSERT INTO `SESSION_VARIABLES` VALUES('DATADIR', '/var/lib/mysql_data/4/');
INSERT INTO `SESSION_VARIABLES` VALUES('INNODB_FLUSH_LOG_AT_TRX_COMMIT', '0');
INSERT INTO `SESSION_VARIABLES` VALUES('BINLOG_FORMAT', 'MIXED');
INSERT INTO `SESSION_VARIABLES` VALUES('THREAD_POOL_HIGH_PRIO_MODE', 'transactions');
INSERT INTO `SESSION_VARIABLES` VALUES('HOSTNAME', 'p3nlhdb5501-08.shr.prod.phx3.secureserver.net');
INSERT INTO `SESSION_VARIABLES` VALUES('INNODB_RANDOM_READ_AHEAD', 'OFF');
INSERT INTO `SESSION_VARIABLES` VALUES('KEEP_FILES_ON_CREATE', 'OFF');
INSERT INTO `SESSION_VARIABLES` VALUES('HAVE_INNODB', 'YES');
INSERT INTO `SESSION_VARIABLES` VALUES('SECURE_FILE_PRIV', '');
INSERT INTO `SESSION_VARIABLES` VALUES('PORT', '3306');
INSERT INTO `SESSION_VARIABLES` VALUES('ENGINE_CONDITION_PUSHDOWN', 'ON');
INSERT INTO `SESSION_VARIABLES` VALUES('CHARACTER_SET_CLIENT', 'utf8');
INSERT INTO `SESSION_VARIABLES` VALUES('SSL_CA', '');
INSERT INTO `SESSION_VARIABLES` VALUES('LOG_BIN_TRUST_FUNCTION_CREATORS', 'OFF');
INSERT INTO `SESSION_VARIABLES` VALUES('AUTO_INCREMENT_INCREMENT', '1');
INSERT INTO `SESSION_VARIABLES` VALUES('INNODB_MAX_CHANGED_PAGES', '1000000');
INSERT INTO `SESSION_VARIABLES` VALUES('NET_READ_TIMEOUT', '30');
INSERT INTO `SESSION_VARIABLES` VALUES('HAVE_OPENSSL', 'DISABLED');
INSERT INTO `SESSION_VARIABLES` VALUES('SQL_SLAVE_SKIP_COUNTER', '0');
INSERT INTO `SESSION_VARIABLES` VALUES('MAX_BINLOG_STMT_CACHE_SIZE', '18446744073709547520');
INSERT INTO `SESSION_VARIABLES` VALUES('SQL_LOG_OFF', 'OFF');
INSERT INTO `SESSION_VARIABLES` VALUES('INNODB_BUFFER_POOL_POPULATE', 'OFF');
INSERT INTO `SESSION_VARIABLES` VALUES('KEY_CACHE_BLOCK_SIZE', '1024');
INSERT INTO `SESSION_VARIABLES` VALUES('INNODB_SPIN_WAIT_DELAY', '6');
INSERT INTO `SESSION_VARIABLES` VALUES('HAVE_CSV', 'YES');
INSERT INTO `SESSION_VARIABLES` VALUES('INNODB_ADAPTIVE_HASH_INDEX_PARTITIONS', '1');
INSERT INTO `SESSION_VARIABLES` VALUES('FAST_INDEX_CREATION', 'ON');
INSERT INTO `SESSION_VARIABLES` VALUES('DEFAULT_STORAGE_ENGINE', 'MyISAM');
INSERT INTO `SESSION_VARIABLES` VALUES('PRELOAD_BUFFER_SIZE', '32768');
INSERT INTO `SESSION_VARIABLES` VALUES('INNODB_LOCK_WAIT_TIMEOUT', '50');
INSERT INTO `SESSION_VARIABLES` VALUES('THREAD_POOL_IDLE_TIMEOUT', '60');
INSERT INTO `SESSION_VARIABLES` VALUES('INNODB_OLD_BLOCKS_TIME', '0');
INSERT INTO `SESSION_VARIABLES` VALUES('KEY_CACHE_DIVISION_LIMIT', '100');
INSERT INTO `SESSION_VARIABLES` VALUES('RPL_RECOVERY_RANK', '0');
INSERT INTO `SESSION_VARIABLES` VALUES('SQL_AUTO_IS_NULL', 'OFF');
INSERT INTO `SESSION_VARIABLES` VALUES('UNIQUE_CHECKS', 'ON');
INSERT INTO `SESSION_VARIABLES` VALUES('REPLICATE_DO_TABLE', '');
INSERT INTO `SESSION_VARIABLES` VALUES('USERSTAT', 'ON');
INSERT INTO `SESSION_VARIABLES` VALUES('TX_ISOLATION', 'READ-COMMITTED');
INSERT INTO `SESSION_VARIABLES` VALUES('LOCKED_IN_MEMORY', 'OFF');
INSERT INTO `SESSION_VARIABLES` VALUES('LOG_ERROR', '/var/lib/mysql_logs/4/error.log');
INSERT INTO `SESSION_VARIABLES` VALUES('INNODB_LOCKING_FAKE_CHANGES', 'ON');
INSERT INTO `SESSION_VARIABLES` VALUES('INNODB_FILE_FORMAT_MAX', 'Antelope');
INSERT INTO `SESSION_VARIABLES` VALUES('HAVE_COMPRESS', 'YES');
INSERT INTO `SESSION_VARIABLES` VALUES('IDENTITY', '0');
INSERT INTO `SESSION_VARIABLES` VALUES('SSL_KEY', '');
INSERT INTO `SESSION_VARIABLES` VALUES('IGNORE_BUILTIN_INNODB', 'OFF');
INSERT INTO `SESSION_VARIABLES` VALUES('OPEN_FILES_LIMIT', '65535');
INSERT INTO `SESSION_VARIABLES` VALUES('CHARACTER_SET_FILESYSTEM', 'binary');
INSERT INTO `SESSION_VARIABLES` VALUES('SLAVE_SKIP_ERRORS', 'OFF');
INSERT INTO `SESSION_VARIABLES` VALUES('CHARACTER_SET_SYSTEM', 'utf8');
INSERT INTO `SESSION_VARIABLES` VALUES('INSERT_ID', '0');
INSERT INTO `SESSION_VARIABLES` VALUES('TIME_FORMAT', '%H:%i:%s');
INSERT INTO `SESSION_VARIABLES` VALUES('RELAY_LOG_PURGE', 'ON');
INSERT INTO `SESSION_VARIABLES` VALUES('INNODB_WRITE_IO_THREADS', '4');
INSERT INTO `SESSION_VARIABLES` VALUES('INNODB_USE_SYS_STATS_TABLE', 'OFF');
INSERT INTO `SESSION_VARIABLES` VALUES('HAVE_QUERY_CACHE', 'YES');
INSERT INTO `SESSION_VARIABLES` VALUES('INNODB_FAKE_CHANGES', 'OFF');
INSERT INTO `SESSION_VARIABLES` VALUES('SYNC_RELAY_LOG', '0');
INSERT INTO `SESSION_VARIABLES` VALUES('INNODB_LOG_BUFFER_SIZE', '8388608');
INSERT INTO `SESSION_VARIABLES` VALUES('SKIP_EXTERNAL_LOCKING', 'ON');
INSERT INTO `SESSION_VARIABLES` VALUES('INNODB_STATS_UPDATE_NEED_LOCK', '1');
INSERT INTO `SESSION_VARIABLES` VALUES('LC_TIME_NAMES', 'en_US');
INSERT INTO `SESSION_VARIABLES` VALUES('INNODB_MAX_PURGE_LAG', '0');
INSERT INTO `SESSION_VARIABLES` VALUES('PERFORMANCE_SCHEMA_MAX_FILE_INSTANCES', '10000');
INSERT INTO `SESSION_VARIABLES` VALUES('MYISAM_MAX_SORT_FILE_SIZE', '9223372036853727232');
INSERT INTO `SESSION_VARIABLES` VALUES('LOG_SLOW_QUERIES', 'OFF');
INSERT INTO `SESSION_VARIABLES` VALUES('SLAVE_TYPE_CONVERSIONS', '');
INSERT INTO `SESSION_VARIABLES` VALUES('INNODB_BUFFER_POOL_SHM_KEY', '0');
INSERT INTO `SESSION_VARIABLES` VALUES('SQL_NOTES', 'ON');
INSERT INTO `SESSION_VARIABLES` VALUES('LC_MESSAGES', 'en_US');
INSERT INTO `SESSION_VARIABLES` VALUES('MAX_TMP_TABLES', '32');
INSERT INTO `SESSION_VARIABLES` VALUES('RELAY_LOG_INFO_FILE', '/var/lib/mysql_data/4/relay-log.info');
INSERT INTO `SESSION_VARIABLES` VALUES('INNODB_CHECKPOINT_AGE_TARGET', '0');
INSERT INTO `SESSION_VARIABLES` VALUES('TIMESTAMP', '1416863454');
INSERT INTO `SESSION_VARIABLES` VALUES('INNODB_IBUF_ACTIVE_CONTRACT', '1');
INSERT INTO `SESSION_VARIABLES` VALUES('SLOW_QUERY_LOG_TIMESTAMP_PRECISION', 'second');
INSERT INTO `SESSION_VARIABLES` VALUES('LOG_SLOW_SLAVE_STATEMENTS', 'OFF');
INSERT INTO `SESSION_VARIABLES` VALUES('MAX_ALLOWED_PACKET', '134217728');
INSERT INTO `SESSION_VARIABLES` VALUES('INNODB_USE_ATOMIC_WRITES', 'OFF');
INSERT INTO `SESSION_VARIABLES` VALUES('CHARACTER_SET_SERVER', 'latin1');
INSERT INTO `SESSION_VARIABLES` VALUES('INNODB_DICT_SIZE_LIMIT', '0');
INSERT INTO `SESSION_VARIABLES` VALUES('MULTI_RANGE_COUNT', '256');
INSERT INTO `SESSION_VARIABLES` VALUES('INNODB_DOUBLEWRITE', 'ON');
INSERT INTO `SESSION_VARIABLES` VALUES('OLD', 'OFF');
INSERT INTO `SESSION_VARIABLES` VALUES('HAVE_FLASHCACHE', 'YES');
INSERT INTO `SESSION_VARIABLES` VALUES('WARNING_COUNT', '0');
INSERT INTO `SESSION_VARIABLES` VALUES('DEFAULT_WEEK_FORMAT', '0');
INSERT INTO `SESSION_VARIABLES` VALUES('MYISAM_STATS_METHOD', 'nulls_unequal');
INSERT INTO `SESSION_VARIABLES` VALUES('LOG_OUTPUT', 'FILE');
INSERT INTO `SESSION_VARIABLES` VALUES('BINLOG_STMT_CACHE_SIZE', '32768');
INSERT INTO `SESSION_VARIABLES` VALUES('PERFORMANCE_SCHEMA_MAX_TABLE_INSTANCES', '50000');
INSERT INTO `SESSION_VARIABLES` VALUES('INNODB_FLUSH_METHOD', 'O_DIRECT');
INSERT INTO `SESSION_VARIABLES` VALUES('INNODB_USE_NATIVE_AIO', 'ON');
INSERT INTO `SESSION_VARIABLES` VALUES('MYISAM_MMAP_SIZE', '18446744073709551615');
INSERT INTO `SESSION_VARIABLES` VALUES('INNODB_CHECKSUMS', 'ON');
INSERT INTO `SESSION_VARIABLES` VALUES('STORAGE_ENGINE', 'MyISAM');
INSERT INTO `SESSION_VARIABLES` VALUES('TIME_ZONE', 'SYSTEM');
INSERT INTO `SESSION_VARIABLES` VALUES('HAVE_SSL', 'DISABLED');
INSERT INTO `SESSION_VARIABLES` VALUES('INNODB_TRACK_CHANGED_PAGES', 'OFF');
INSERT INTO `SESSION_VARIABLES` VALUES('INTERACTIVE_TIMEOUT', '60');
INSERT INTO `SESSION_VARIABLES` VALUES('INNODB_CONCURRENCY_TICKETS', '500');
INSERT INTO `SESSION_VARIABLES` VALUES('QUERY_RESPONSE_TIME_RANGE_BASE', '10');
INSERT INTO `SESSION_VARIABLES` VALUES('FT_MIN_WORD_LEN', '4');
INSERT INTO `SESSION_VARIABLES` VALUES('LOG_SLAVE_UPDATES', 'OFF');
INSERT INTO `SESSION_VARIABLES` VALUES('THREAD_POOL_HIGH_PRIO_TICKETS', '4294967295');
INSERT INTO `SESSION_VARIABLES` VALUES('MAX_JOIN_SIZE', '18446744073709551615');
INSERT INTO `SESSION_VARIABLES` VALUES('SERVER_ID', '1');
INSERT INTO `SESSION_VARIABLES` VALUES('COLLATION_DATABASE', 'latin1_swedish_ci');
INSERT INTO `SESSION_VARIABLES` VALUES('SQL_BUFFER_RESULT', 'OFF');
INSERT INTO `SESSION_VARIABLES` VALUES('INNODB_STATS_AUTO_UPDATE', '1');
INSERT INTO `SESSION_VARIABLES` VALUES('INNODB_BUFFER_POOL_SIZE', '134217728');
INSERT INTO `SESSION_VARIABLES` VALUES('INNODB_FILE_PER_TABLE', 'ON');
INSERT INTO `SESSION_VARIABLES` VALUES('SYNC_RELAY_LOG_INFO', '0');
INSERT INTO `SESSION_VARIABLES` VALUES('INNODB_LOG_GROUP_HOME_DIR', '/var/lib/mysql_data/4');
INSERT INTO `SESSION_VARIABLES` VALUES('SSL_CERT', '');
INSERT INTO `SESSION_VARIABLES` VALUES('INNODB_LARGE_PREFIX', 'OFF');
INSERT INTO `SESSION_VARIABLES` VALUES('MAX_ERROR_COUNT', '64');
INSERT INTO `SESSION_VARIABLES` VALUES('LOG_SLOW_FILTER', '');
INSERT INTO `SESSION_VARIABLES` VALUES('INNODB_STATS_ON_METADATA', 'ON');
INSERT INTO `SESSION_VARIABLES` VALUES('MYISAM_USE_MMAP', 'OFF');
INSERT INTO `SESSION_VARIABLES` VALUES('INNODB_LOG_BLOCK_SIZE', '512');
INSERT INTO `SESSION_VARIABLES` VALUES('SYNC_FRM', 'ON');
INSERT INTO `SESSION_VARIABLES` VALUES('SLOW_QUERY_LOG_ALWAYS_WRITE_TIME', '10.000000');
INSERT INTO `SESSION_VARIABLES` VALUES('SLAVE_LOAD_TMPDIR', '/var/lib/mysql_logs/mysqltmp/');
INSERT INTO `SESSION_VARIABLES` VALUES('INNODB_CHANGE_BUFFERING', 'all');
INSERT INTO `SESSION_VARIABLES` VALUES('INNODB_ADAPTIVE_FLUSHING', 'ON');
INSERT INTO `SESSION_VARIABLES` VALUES('PERFORMANCE_SCHEMA', 'OFF');
INSERT INTO `SESSION_VARIABLES` VALUES('STORED_PROGRAM_CACHE', '256');
INSERT INTO `SESSION_VARIABLES` VALUES('SECURE_AUTH', 'OFF');
INSERT INTO `SESSION_VARIABLES` VALUES('EXTRA_PORT', '0');
INSERT INTO `SESSION_VARIABLES` VALUES('MAX_WRITE_LOCK_COUNT', '18446744073709551615');
INSERT INTO `SESSION_VARIABLES` VALUES('RELAY_LOG', '/var/lib/mysql_logs/4/p3nlhdb5501-08-relay-bin');
INSERT INTO `SESSION_VARIABLES` VALUES('SQL_SELECT_LIMIT', '18446744073709551615');
INSERT INTO `SESSION_VARIABLES` VALUES('THREAD_POOL_SIZE', '24');
INSERT INTO `SESSION_VARIABLES` VALUES('INNODB_CORRUPT_TABLE_ACTION', 'assert');
INSERT INTO `SESSION_VARIABLES` VALUES('THREAD_CACHE_SIZE', '100');
INSERT INTO `SESSION_VARIABLES` VALUES('INNODB_FLUSH_NEIGHBOR_PAGES', 'area');
INSERT INTO `SESSION_VARIABLES` VALUES('INNODB_DOUBLEWRITE_FILE', '');
INSERT INTO `SESSION_VARIABLES` VALUES('INNODB_USE_SYS_MALLOC', 'ON');
INSERT INTO `SESSION_VARIABLES` VALUES('RAND_SEED2', '0');
INSERT INTO `SESSION_VARIABLES` VALUES('LOG_SLOW_ADMIN_STATEMENTS', 'OFF');
INSERT INTO `SESSION_VARIABLES` VALUES('INNODB_FORCE_LOAD_CORRUPTED', 'OFF');
INSERT INTO `SESSION_VARIABLES` VALUES('INNODB_MERGE_SORT_BLOCK_SIZE', '1048576');
INSERT INTO `SESSION_VARIABLES` VALUES('INNODB_MAX_DIRTY_PAGES_PCT', '75');
INSERT INTO `SESSION_VARIABLES` VALUES('PROFILING', 'OFF');
INSERT INTO `SESSION_VARIABLES` VALUES('HAVE_PROFILING', 'YES');
INSERT INTO `SESSION_VARIABLES` VALUES('COLLATION_CONNECTION', 'utf8_unicode_ci');
INSERT INTO `SESSION_VARIABLES` VALUES('THREAD_CONCURRENCY', '10');
INSERT INTO `SESSION_VARIABLES` VALUES('REPLICATE_IGNORE_DB', '');
INSERT INTO `SESSION_VARIABLES` VALUES('INNODB_OLD_BLOCKS_PCT', '37');
INSERT INTO `SESSION_VARIABLES` VALUES('GENERAL_LOG_FILE', '/var/lib/mysql_logs/4/p3nlhdb5501-08.log');
INSERT INTO `SESSION_VARIABLES` VALUES('INNODB_PURGE_THREADS', '1');
INSERT INTO `SESSION_VARIABLES` VALUES('SQL_WARNINGS', 'OFF');
INSERT INTO `SESSION_VARIABLES` VALUES('SLOW_QUERY_LOG', 'OFF');
INSERT INTO `SESSION_VARIABLES` VALUES('PERFORMANCE_SCHEMA_MAX_MUTEX_INSTANCES', '1000000');
INSERT INTO `SESSION_VARIABLES` VALUES('RELAY_LOG_SPACE_LIMIT', '0');

-- --------------------------------------------------------

--
-- Table structure for table `STATISTICS`
--

CREATE TEMPORARY TABLE `STATISTICS` (
  `TABLE_CATALOG` varchar(512) NOT NULL DEFAULT '',
  `TABLE_SCHEMA` varchar(64) NOT NULL DEFAULT '',
  `TABLE_NAME` varchar(64) NOT NULL DEFAULT '',
  `NON_UNIQUE` bigint(1) NOT NULL DEFAULT '0',
  `INDEX_SCHEMA` varchar(64) NOT NULL DEFAULT '',
  `INDEX_NAME` varchar(64) NOT NULL DEFAULT '',
  `SEQ_IN_INDEX` bigint(2) NOT NULL DEFAULT '0',
  `COLUMN_NAME` varchar(64) NOT NULL DEFAULT '',
  `COLLATION` varchar(1) DEFAULT NULL,
  `CARDINALITY` bigint(21) DEFAULT NULL,
  `SUB_PART` bigint(3) DEFAULT NULL,
  `PACKED` varchar(10) DEFAULT NULL,
  `NULLABLE` varchar(3) NOT NULL DEFAULT '',
  `INDEX_TYPE` varchar(16) NOT NULL DEFAULT '',
  `COMMENT` varchar(16) DEFAULT NULL,
  `INDEX_COMMENT` varchar(1024) NOT NULL DEFAULT ''
) ENGINE=MEMORY DEFAULT CHARSET=utf8;

--
-- Dumping data for table `STATISTICS`
--

INSERT INTO `STATISTICS` VALUES('def', 'swatimobecourtDB', 'admin', 0, 'swatimobecourtDB', 'PRIMARY', 1, 'admin_id', 'A', 0, NULL, NULL, '', 'BTREE', '', '');
INSERT INTO `STATISTICS` VALUES('def', 'swatimobecourtDB', 'banner', 0, 'swatimobecourtDB', 'PRIMARY', 1, 'id', 'A', 6, NULL, NULL, '', 'BTREE', '', '');
INSERT INTO `STATISTICS` VALUES('def', 'swatimobecourtDB', 'calendar', 0, 'swatimobecourtDB', 'PRIMARY', 1, 'id', 'A', 5, NULL, NULL, '', 'BTREE', '', '');
INSERT INTO `STATISTICS` VALUES('def', 'swatimobecourtDB', 'calendar_urls', 0, 'swatimobecourtDB', 'PRIMARY', 1, 'id', 'A', 2, NULL, NULL, '', 'BTREE', '', '');
INSERT INTO `STATISTICS` VALUES('def', 'swatimobecourtDB', 'chat', 0, 'swatimobecourtDB', 'PRIMARY', 1, 'id', 'A', 0, NULL, NULL, '', 'BTREE', '', '');
INSERT INTO `STATISTICS` VALUES('def', 'swatimobecourtDB', 'contact', 0, 'swatimobecourtDB', 'PRIMARY', 1, 'id', 'A', 1, NULL, NULL, '', 'BTREE', '', '');
INSERT INTO `STATISTICS` VALUES('def', 'swatimobecourtDB', 'country', 0, 'swatimobecourtDB', 'PRIMARY', 1, 'country_id', 'A', 214, NULL, NULL, '', 'BTREE', '', '');
INSERT INTO `STATISTICS` VALUES('def', 'swatimobecourtDB', 'court_case', 0, 'swatimobecourtDB', 'PRIMARY', 1, 'case_id', 'A', 4, NULL, NULL, '', 'BTREE', '', '');
INSERT INTO `STATISTICS` VALUES('def', 'swatimobecourtDB', 'documents', 0, 'swatimobecourtDB', 'PRIMARY', 1, 'doc_id', 'A', 4, NULL, NULL, '', 'BTREE', '', '');
INSERT INTO `STATISTICS` VALUES('def', 'swatimobecourtDB', 'dossiers', 0, 'swatimobecourtDB', 'PRIMARY', 1, 'dos_id', 'A', 10, NULL, NULL, '', 'BTREE', '', '');
INSERT INTO `STATISTICS` VALUES('def', 'swatimobecourtDB', 'draft_msg', 0, 'swatimobecourtDB', 'PRIMARY', 1, 'draft_id', 'A', 9, NULL, NULL, '', 'BTREE', '', '');
INSERT INTO `STATISTICS` VALUES('def', 'swatimobecourtDB', 'event_calendar', 0, 'swatimobecourtDB', 'PRIMARY', 1, 'id', 'A', 2, NULL, NULL, '', 'BTREE', '', '');
INSERT INTO `STATISTICS` VALUES('def', 'swatimobecourtDB', 'events', 0, 'swatimobecourtDB', 'PRIMARY', 1, 'event_id', 'A', 2, NULL, NULL, '', 'BTREE', '', '');
INSERT INTO `STATISTICS` VALUES('def', 'swatimobecourtDB', 'form_1', 0, 'swatimobecourtDB', 'PRIMARY', 1, 'form1_id', 'A', 0, NULL, NULL, '', 'BTREE', '', '');
INSERT INTO `STATISTICS` VALUES('def', 'swatimobecourtDB', 'form_2', 0, 'swatimobecourtDB', 'PRIMARY', 1, 'from2_id', 'A', 0, NULL, NULL, '', 'BTREE', '', '');
INSERT INTO `STATISTICS` VALUES('def', 'swatimobecourtDB', 'form_3', 0, 'swatimobecourtDB', 'PRIMARY', 1, 'form3_id', 'A', 0, NULL, NULL, '', 'BTREE', '', '');
INSERT INTO `STATISTICS` VALUES('def', 'swatimobecourtDB', 'form_4', 0, 'swatimobecourtDB', 'PRIMARY', 1, 'form4_id', 'A', 0, NULL, NULL, '', 'BTREE', '', '');
INSERT INTO `STATISTICS` VALUES('def', 'swatimobecourtDB', 'fresh_invoice', 0, 'swatimobecourtDB', 'PRIMARY', 1, 'fresh_id', 'A', 30, NULL, NULL, '', 'BTREE', '', '');
INSERT INTO `STATISTICS` VALUES('def', 'swatimobecourtDB', 'frnd_req', 0, 'swatimobecourtDB', 'PRIMARY', 1, 'frnd_id', 'A', 16, NULL, NULL, '', 'BTREE', '', '');
INSERT INTO `STATISTICS` VALUES('def', 'swatimobecourtDB', 'gallery', 0, 'swatimobecourtDB', 'PRIMARY', 1, 'img_id', 'A', 8, NULL, NULL, '', 'BTREE', '', '');
INSERT INTO `STATISTICS` VALUES('def', 'swatimobecourtDB', 'int_cat', 0, 'swatimobecourtDB', 'PRIMARY', 1, 'int_cat_id', 'A', 5, NULL, NULL, '', 'BTREE', '', '');
INSERT INTO `STATISTICS` VALUES('def', 'swatimobecourtDB', 'int_subcat', 0, 'swatimobecourtDB', 'PRIMARY', 1, 'int_subCat_id', 'A', 10, NULL, NULL, '', 'BTREE', '', '');
INSERT INTO `STATISTICS` VALUES('def', 'swatimobecourtDB', 'invoice', 0, 'swatimobecourtDB', 'PRIMARY', 1, 'voice_id', 'A', 5, NULL, NULL, '', 'BTREE', '', '');
INSERT INTO `STATISTICS` VALUES('def', 'swatimobecourtDB', 'leagal_areas', 0, 'swatimobecourtDB', 'PRIMARY', 1, 'la_id', 'A', 30, NULL, NULL, '', 'BTREE', '', '');
INSERT INTO `STATISTICS` VALUES('def', 'swatimobecourtDB', 'non_reg', 0, 'swatimobecourtDB', 'PRIMARY', 1, 'non_re_id', 'A', 0, NULL, NULL, '', 'BTREE', '', '');
INSERT INTO `STATISTICS` VALUES('def', 'swatimobecourtDB', 'online_show', 0, 'swatimobecourtDB', 'PRIMARY', 1, 'online_id', 'A', 7, NULL, NULL, '', 'BTREE', '', '');
INSERT INTO `STATISTICS` VALUES('def', 'swatimobecourtDB', 'prof_service', 0, 'swatimobecourtDB', 'PRIMARY', 1, 'service_id', 'A', 33, NULL, NULL, '', 'BTREE', '', '');
INSERT INTO `STATISTICS` VALUES('def', 'swatimobecourtDB', 'professional', 0, 'swatimobecourtDB', 'PRIMARY', 1, 'prof_id', 'A', 7, NULL, NULL, '', 'BTREE', '', '');
INSERT INTO `STATISTICS` VALUES('def', 'swatimobecourtDB', 'province', 0, 'swatimobecourtDB', 'PRIMARY', 1, 'province_id', 'A', 13, NULL, NULL, '', 'BTREE', '', '');
INSERT INTO `STATISTICS` VALUES('def', 'swatimobecourtDB', 'reg_type', 0, 'swatimobecourtDB', 'PRIMARY', 1, 'reg_type_id', 'A', 13, NULL, NULL, '', 'BTREE', '', '');
INSERT INTO `STATISTICS` VALUES('def', 'swatimobecourtDB', 'state', 0, 'swatimobecourtDB', 'PRIMARY', 1, 'state_id', 'A', 52, NULL, NULL, '', 'BTREE', '', '');
INSERT INTO `STATISTICS` VALUES('def', 'swatimobecourtDB', 'std_li', 0, 'swatimobecourtDB', 'PRIMARY', 1, 'std_id', 'A', 2, NULL, NULL, '', 'BTREE', '', '');
INSERT INTO `STATISTICS` VALUES('def', 'swatimobecourtDB', 'tbl_article', 0, 'swatimobecourtDB', 'PRIMARY', 1, 'article_id', 'A', 3, NULL, NULL, '', 'BTREE', '', '');
INSERT INTO `STATISTICS` VALUES('def', 'swatimobecourtDB', 'tbl_pages', 0, 'swatimobecourtDB', 'PRIMARY', 1, 'page_id', 'A', 12, NULL, NULL, '', 'BTREE', '', '');
INSERT INTO `STATISTICS` VALUES('def', 'swatimobecourtDB', 'tbl_settings', 0, 'swatimobecourtDB', 'PRIMARY', 1, 'id', 'A', 1, NULL, NULL, '', 'BTREE', '', '');
INSERT INTO `STATISTICS` VALUES('def', 'swatimobecourtDB', 'tbl_social', 0, 'swatimobecourtDB', 'PRIMARY', 1, 's_id', 'A', 6, NULL, NULL, '', 'BTREE', '', '');
INSERT INTO `STATISTICS` VALUES('def', 'swatimobecourtDB', 'tbl_subpages', 0, 'swatimobecourtDB', 'PRIMARY', 1, 'subpage_id', 'A', 63, NULL, NULL, '', 'BTREE', '', '');
INSERT INTO `STATISTICS` VALUES('def', 'swatimobecourtDB', 'tbl_team_member', 0, 'swatimobecourtDB', 'PRIMARY', 1, 'member_id', 'A', 3, NULL, NULL, '', 'BTREE', '', '');
INSERT INTO `STATISTICS` VALUES('def', 'swatimobecourtDB', 'tbl_testimonial', 0, 'swatimobecourtDB', 'PRIMARY', 1, 'test_id', 'A', 6, NULL, NULL, '', 'BTREE', '', '');
INSERT INTO `STATISTICS` VALUES('def', 'swatimobecourtDB', 'trash_msg', 0, 'swatimobecourtDB', 'PRIMARY', 1, 'trash_id', 'A', 2, NULL, NULL, '', 'BTREE', '', '');
INSERT INTO `STATISTICS` VALUES('def', 'swatimobecourtDB', 'user', 0, 'swatimobecourtDB', 'PRIMARY', 1, 'user_id', 'A', 20, NULL, NULL, '', 'BTREE', '', '');
INSERT INTO `STATISTICS` VALUES('def', 'swatimobecourtDB', 'user_inbox', 0, 'swatimobecourtDB', 'PRIMARY', 1, 'in_id', 'A', 8, NULL, NULL, '', 'BTREE', '', '');

-- --------------------------------------------------------

--
-- Table structure for table `TABLES`
--

CREATE TEMPORARY TABLE `TABLES` (
  `TABLE_CATALOG` varchar(512) NOT NULL DEFAULT '',
  `TABLE_SCHEMA` varchar(64) NOT NULL DEFAULT '',
  `TABLE_NAME` varchar(64) NOT NULL DEFAULT '',
  `TABLE_TYPE` varchar(64) NOT NULL DEFAULT '',
  `ENGINE` varchar(64) DEFAULT NULL,
  `VERSION` bigint(21) unsigned DEFAULT NULL,
  `ROW_FORMAT` varchar(10) DEFAULT NULL,
  `TABLE_ROWS` bigint(21) unsigned DEFAULT NULL,
  `AVG_ROW_LENGTH` bigint(21) unsigned DEFAULT NULL,
  `DATA_LENGTH` bigint(21) unsigned DEFAULT NULL,
  `MAX_DATA_LENGTH` bigint(21) unsigned DEFAULT NULL,
  `INDEX_LENGTH` bigint(21) unsigned DEFAULT NULL,
  `DATA_FREE` bigint(21) unsigned DEFAULT NULL,
  `AUTO_INCREMENT` bigint(21) unsigned DEFAULT NULL,
  `CREATE_TIME` datetime DEFAULT NULL,
  `UPDATE_TIME` datetime DEFAULT NULL,
  `CHECK_TIME` datetime DEFAULT NULL,
  `TABLE_COLLATION` varchar(32) DEFAULT NULL,
  `CHECKSUM` bigint(21) unsigned DEFAULT NULL,
  `CREATE_OPTIONS` varchar(255) DEFAULT NULL,
  `TABLE_COMMENT` varchar(2048) NOT NULL DEFAULT ''
) ENGINE=MEMORY DEFAULT CHARSET=utf8;

--
-- Dumping data for table `TABLES`
--

INSERT INTO `TABLES` VALUES('def', 'information_schema', 'CHARACTER_SETS', 'SYSTEM VIEW', 'MEMORY', 10, 'Fixed', NULL, 384, 0, 8388480, 0, 0, NULL, '2014-11-24 14:10:54', NULL, NULL, 'utf8_general_ci', NULL, 'max_rows=21845', '');
INSERT INTO `TABLES` VALUES('def', 'information_schema', 'CLIENT_STATISTICS', 'SYSTEM VIEW', 'MEMORY', 10, 'Fixed', NULL, 362, 0, 8388264, 0, 0, NULL, '2014-11-24 14:10:54', NULL, NULL, 'utf8_general_ci', NULL, 'max_rows=23172', '');
INSERT INTO `TABLES` VALUES('def', 'information_schema', 'COLLATIONS', 'SYSTEM VIEW', 'MEMORY', 10, 'Fixed', NULL, 231, 0, 8388534, 0, 0, NULL, '2014-11-24 14:10:54', NULL, NULL, 'utf8_general_ci', NULL, 'max_rows=36314', '');
INSERT INTO `TABLES` VALUES('def', 'information_schema', 'COLLATION_CHARACTER_SET_APPLICABILITY', 'SYSTEM VIEW', 'MEMORY', 10, 'Fixed', NULL, 195, 0, 8388510, 0, 0, NULL, '2014-11-24 14:10:54', NULL, NULL, 'utf8_general_ci', NULL, 'max_rows=43018', '');
INSERT INTO `TABLES` VALUES('def', 'information_schema', 'COLUMNS', 'SYSTEM VIEW', 'MyISAM', 10, 'Dynamic', NULL, 0, 0, 281474976710655, 1024, 0, NULL, '2014-11-24 14:10:54', '2014-11-24 14:10:54', NULL, 'utf8_general_ci', NULL, 'max_rows=1401', '');
INSERT INTO `TABLES` VALUES('def', 'information_schema', 'COLUMN_PRIVILEGES', 'SYSTEM VIEW', 'MEMORY', 10, 'Fixed', NULL, 2565, 0, 8387550, 0, 0, NULL, '2014-11-24 14:10:54', NULL, NULL, 'utf8_general_ci', NULL, 'max_rows=3270', '');
INSERT INTO `TABLES` VALUES('def', 'information_schema', 'INDEX_STATISTICS', 'SYSTEM VIEW', 'MEMORY', 10, 'Fixed', NULL, 1743, 0, 8387316, 0, 0, NULL, '2014-11-24 14:10:54', NULL, NULL, 'utf8_general_ci', NULL, 'max_rows=4812', '');
INSERT INTO `TABLES` VALUES('def', 'information_schema', 'ENGINES', 'SYSTEM VIEW', 'MEMORY', 10, 'Fixed', NULL, 490, 0, 8388310, 0, 0, NULL, '2014-11-24 14:10:54', NULL, NULL, 'utf8_general_ci', NULL, 'max_rows=17119', '');
INSERT INTO `TABLES` VALUES('def', 'information_schema', 'EVENTS', 'SYSTEM VIEW', 'MyISAM', 10, 'Dynamic', NULL, 0, 0, 281474976710655, 1024, 0, NULL, '2014-11-24 14:10:54', '2014-11-24 14:10:54', NULL, 'utf8_general_ci', NULL, 'max_rows=309', '');
INSERT INTO `TABLES` VALUES('def', 'information_schema', 'FILES', 'SYSTEM VIEW', 'MEMORY', 10, 'Fixed', NULL, 2677, 0, 8387041, 0, 0, NULL, '2014-11-24 14:10:54', NULL, NULL, 'utf8_general_ci', NULL, 'max_rows=3133', '');
INSERT INTO `TABLES` VALUES('def', 'information_schema', 'GLOBAL_STATUS', 'SYSTEM VIEW', 'MEMORY', 10, 'Fixed', NULL, 3268, 0, 8385688, 0, 0, NULL, '2014-11-24 14:10:54', NULL, NULL, 'utf8_general_ci', NULL, 'max_rows=2566', '');
INSERT INTO `TABLES` VALUES('def', 'information_schema', 'GLOBAL_TEMPORARY_TABLES', 'SYSTEM VIEW', 'MEMORY', 10, 'Fixed', NULL, 2174, 0, 8387292, 0, 0, NULL, '2014-11-24 14:10:54', NULL, NULL, 'utf8_general_ci', NULL, 'max_rows=3858', '');
INSERT INTO `TABLES` VALUES('def', 'information_schema', 'GLOBAL_VARIABLES', 'SYSTEM VIEW', 'MEMORY', 10, 'Fixed', NULL, 3268, 0, 8385688, 0, 0, NULL, '2014-11-24 14:10:54', NULL, NULL, 'utf8_general_ci', NULL, 'max_rows=2566', '');
INSERT INTO `TABLES` VALUES('def', 'information_schema', 'KEY_COLUMN_USAGE', 'SYSTEM VIEW', 'MEMORY', 10, 'Fixed', NULL, 4637, 0, 8388333, 0, 0, NULL, '2014-11-24 14:10:54', NULL, NULL, 'utf8_general_ci', NULL, 'max_rows=1809', '');
INSERT INTO `TABLES` VALUES('def', 'information_schema', 'PARAMETERS', 'SYSTEM VIEW', 'MyISAM', 10, 'Dynamic', NULL, 0, 0, 281474976710655, 1024, 0, NULL, '2014-11-24 14:10:54', '2014-11-24 14:10:54', NULL, 'utf8_general_ci', NULL, 'max_rows=3025', '');
INSERT INTO `TABLES` VALUES('def', 'information_schema', 'PARTITIONS', 'SYSTEM VIEW', 'MyISAM', 10, 'Dynamic', NULL, 0, 0, 281474976710655, 1024, 0, NULL, '2014-11-24 14:10:54', '2014-11-24 14:10:54', NULL, 'utf8_general_ci', NULL, 'max_rows=2789', '');
INSERT INTO `TABLES` VALUES('def', 'information_schema', 'PLUGINS', 'SYSTEM VIEW', 'MyISAM', 10, 'Dynamic', NULL, 0, 0, 281474976710655, 1024, 0, NULL, '2014-11-24 14:10:54', '2014-11-24 14:10:54', NULL, 'utf8_general_ci', NULL, 'max_rows=5664', '');
INSERT INTO `TABLES` VALUES('def', 'information_schema', 'PROCESSLIST', 'SYSTEM VIEW', 'MyISAM', 10, 'Dynamic', NULL, 0, 0, 281474976710655, 1024, 0, NULL, '2014-11-24 14:10:54', '2014-11-24 14:10:54', NULL, 'utf8_general_ci', NULL, 'max_rows=11428', '');
INSERT INTO `TABLES` VALUES('def', 'information_schema', 'PROFILING', 'SYSTEM VIEW', 'MEMORY', 10, 'Fixed', NULL, 308, 0, 8388380, 0, 0, NULL, '2014-11-24 14:10:54', NULL, NULL, 'utf8_general_ci', NULL, 'max_rows=27235', '');
INSERT INTO `TABLES` VALUES('def', 'information_schema', 'REFERENTIAL_CONSTRAINTS', 'SYSTEM VIEW', 'MEMORY', 10, 'Fixed', NULL, 4814, 0, 8385988, 0, 0, NULL, '2014-11-24 14:10:54', NULL, NULL, 'utf8_general_ci', NULL, 'max_rows=1742', '');
INSERT INTO `TABLES` VALUES('def', 'information_schema', 'ROUTINES', 'SYSTEM VIEW', 'MyISAM', 10, 'Dynamic', NULL, 0, 0, 281474976710655, 1024, 0, NULL, '2014-11-24 14:10:54', '2014-11-24 14:10:54', NULL, 'utf8_general_ci', NULL, 'max_rows=291', '');
INSERT INTO `TABLES` VALUES('def', 'information_schema', 'QUERY_RESPONSE_TIME', 'SYSTEM VIEW', 'MEMORY', 10, 'Fixed', NULL, 91, 0, 8388562, 0, 0, NULL, '2014-11-24 14:10:54', NULL, NULL, 'utf8_general_ci', NULL, 'max_rows=92182', '');
INSERT INTO `TABLES` VALUES('def', 'information_schema', 'SCHEMATA', 'SYSTEM VIEW', 'MEMORY', 10, 'Fixed', NULL, 3464, 0, 8386344, 0, 0, NULL, '2014-11-24 14:10:54', NULL, NULL, 'utf8_general_ci', NULL, 'max_rows=2421', '');
INSERT INTO `TABLES` VALUES('def', 'information_schema', 'SCHEMA_PRIVILEGES', 'SYSTEM VIEW', 'MEMORY', 10, 'Fixed', NULL, 2179, 0, 8386971, 0, 0, NULL, '2014-11-24 14:10:54', NULL, NULL, 'utf8_general_ci', NULL, 'max_rows=3849', '');
INSERT INTO `TABLES` VALUES('def', 'information_schema', 'SESSION_STATUS', 'SYSTEM VIEW', 'MEMORY', 10, 'Fixed', NULL, 3268, 0, 8385688, 0, 0, NULL, '2014-11-24 14:10:54', NULL, NULL, 'utf8_general_ci', NULL, 'max_rows=2566', '');
INSERT INTO `TABLES` VALUES('def', 'information_schema', 'SESSION_VARIABLES', 'SYSTEM VIEW', 'MEMORY', 10, 'Fixed', NULL, 3268, 0, 8385688, 0, 0, NULL, '2014-11-24 14:10:54', NULL, NULL, 'utf8_general_ci', NULL, 'max_rows=2566', '');
INSERT INTO `TABLES` VALUES('def', 'information_schema', 'STATISTICS', 'SYSTEM VIEW', 'MEMORY', 10, 'Fixed', NULL, 5753, 0, 8387874, 0, 0, NULL, '2014-11-24 14:10:54', NULL, NULL, 'utf8_general_ci', NULL, 'max_rows=1458', '');
INSERT INTO `TABLES` VALUES('def', 'information_schema', 'TABLES', 'SYSTEM VIEW', 'MEMORY', 10, 'Fixed', NULL, 9450, 0, 8382150, 0, 0, NULL, '2014-11-24 14:10:54', NULL, NULL, 'utf8_general_ci', NULL, 'max_rows=887', '');
INSERT INTO `TABLES` VALUES('def', 'information_schema', 'TABLESPACES', 'SYSTEM VIEW', 'MEMORY', 10, 'Fixed', NULL, 6951, 0, 8382906, 0, 0, NULL, '2014-11-24 14:10:54', NULL, NULL, 'utf8_general_ci', NULL, 'max_rows=1206', '');
INSERT INTO `TABLES` VALUES('def', 'information_schema', 'TABLE_CONSTRAINTS', 'SYSTEM VIEW', 'MEMORY', 10, 'Fixed', NULL, 2504, 0, 8388400, 0, 0, NULL, '2014-11-24 14:10:54', NULL, NULL, 'utf8_general_ci', NULL, 'max_rows=3350', '');
INSERT INTO `TABLES` VALUES('def', 'information_schema', 'TABLE_PRIVILEGES', 'SYSTEM VIEW', 'MEMORY', 10, 'Fixed', NULL, 2372, 0, 8387392, 0, 0, NULL, '2014-11-24 14:10:54', NULL, NULL, 'utf8_general_ci', NULL, 'max_rows=3536', '');
INSERT INTO `TABLES` VALUES('def', 'information_schema', 'TABLE_STATISTICS', 'SYSTEM VIEW', 'MEMORY', 10, 'Fixed', NULL, 1181, 0, 8387462, 0, 0, NULL, '2014-11-24 14:10:54', NULL, NULL, 'utf8_general_ci', NULL, 'max_rows=7102', '');
INSERT INTO `TABLES` VALUES('def', 'information_schema', 'TEMPORARY_TABLES', 'SYSTEM VIEW', 'MEMORY', 10, 'Fixed', NULL, 2174, 0, 8387292, 0, 0, NULL, '2014-11-24 14:10:54', NULL, NULL, 'utf8_general_ci', NULL, 'max_rows=3858', '');
INSERT INTO `TABLES` VALUES('def', 'information_schema', 'THREAD_STATISTICS', 'SYSTEM VIEW', 'MEMORY', 10, 'Fixed', NULL, 177, 0, 8388561, 0, 0, NULL, '2014-11-24 14:10:54', NULL, NULL, 'utf8_general_ci', NULL, 'max_rows=47393', '');
INSERT INTO `TABLES` VALUES('def', 'information_schema', 'TRIGGERS', 'SYSTEM VIEW', 'MyISAM', 10, 'Dynamic', NULL, 0, 0, 281474976710655, 1024, 0, NULL, '2014-11-24 14:10:54', '2014-11-24 14:10:54', NULL, 'utf8_general_ci', NULL, 'max_rows=284', '');
INSERT INTO `TABLES` VALUES('def', 'information_schema', 'USER_PRIVILEGES', 'SYSTEM VIEW', 'MEMORY', 10, 'Fixed', NULL, 1986, 0, 8386878, 0, 0, NULL, '2014-11-24 14:10:54', NULL, NULL, 'utf8_general_ci', NULL, 'max_rows=4223', '');
INSERT INTO `TABLES` VALUES('def', 'information_schema', 'USER_STATISTICS', 'SYSTEM VIEW', 'MEMORY', 10, 'Fixed', NULL, 314, 0, 8388510, 0, 0, NULL, '2014-11-24 14:10:54', NULL, NULL, 'utf8_general_ci', NULL, 'max_rows=26715', '');
INSERT INTO `TABLES` VALUES('def', 'information_schema', 'VIEWS', 'SYSTEM VIEW', 'MyISAM', 10, 'Dynamic', NULL, 0, 0, 281474976710655, 1024, 0, NULL, '2014-11-24 14:10:54', '2014-11-24 14:10:54', NULL, 'utf8_general_ci', NULL, 'max_rows=3467', '');
INSERT INTO `TABLES` VALUES('def', 'information_schema', 'INNODB_CMPMEM_RESET', 'SYSTEM VIEW', 'MEMORY', 10, 'Fixed', NULL, 29, 0, 8388598, 0, 0, NULL, '2014-11-24 14:10:54', NULL, NULL, 'utf8_general_ci', NULL, 'max_rows=289262', '');
INSERT INTO `TABLES` VALUES('def', 'information_schema', 'INNODB_RSEG', 'SYSTEM VIEW', 'MEMORY', 10, 'Fixed', NULL, 49, 0, 8388604, 0, 0, NULL, '2014-11-24 14:10:54', NULL, NULL, 'utf8_general_ci', NULL, 'max_rows=171196', '');
INSERT INTO `TABLES` VALUES('def', 'information_schema', 'INNODB_UNDO_LOGS', 'SYSTEM VIEW', 'MEMORY', 10, 'Fixed', NULL, 1620, 0, 8388360, 0, 0, NULL, '2014-11-24 14:10:54', NULL, NULL, 'utf8_general_ci', NULL, 'max_rows=5178', '');
INSERT INTO `TABLES` VALUES('def', 'information_schema', 'INNODB_CMPMEM', 'SYSTEM VIEW', 'MEMORY', 10, 'Fixed', NULL, 29, 0, 8388598, 0, 0, NULL, '2014-11-24 14:10:54', NULL, NULL, 'utf8_general_ci', NULL, 'max_rows=289262', '');
INSERT INTO `TABLES` VALUES('def', 'information_schema', 'INNODB_SYS_TABLESTATS', 'SYSTEM VIEW', 'MEMORY', 10, 'Fixed', NULL, 1796, 0, 8387320, 0, 0, NULL, '2014-11-24 14:10:54', NULL, NULL, 'utf8_general_ci', NULL, 'max_rows=4670', '');
INSERT INTO `TABLES` VALUES('def', 'information_schema', 'INNODB_LOCK_WAITS', 'SYSTEM VIEW', 'MEMORY', 10, 'Fixed', NULL, 599, 0, 8388396, 0, 0, NULL, '2014-11-24 14:10:54', NULL, NULL, 'utf8_general_ci', NULL, 'max_rows=14004', '');
INSERT INTO `TABLES` VALUES('def', 'information_schema', 'INNODB_INDEX_STATS', 'SYSTEM VIEW', 'MEMORY', 10, 'Fixed', NULL, 2529, 0, 8386164, 0, 0, NULL, '2014-11-24 14:10:54', NULL, NULL, 'utf8_general_ci', NULL, 'max_rows=3316', '');
INSERT INTO `TABLES` VALUES('def', 'information_schema', 'INNODB_CMP', 'SYSTEM VIEW', 'MEMORY', 10, 'Fixed', NULL, 25, 0, 8388600, 0, 0, NULL, '2014-11-24 14:10:54', NULL, NULL, 'utf8_general_ci', NULL, 'max_rows=335544', '');
INSERT INTO `TABLES` VALUES('def', 'information_schema', 'INNODB_CMP_RESET', 'SYSTEM VIEW', 'MEMORY', 10, 'Fixed', NULL, 25, 0, 8388600, 0, 0, NULL, '2014-11-24 14:10:54', NULL, NULL, 'utf8_general_ci', NULL, 'max_rows=335544', '');
INSERT INTO `TABLES` VALUES('def', 'information_schema', 'INNODB_CHANGED_PAGES', 'SYSTEM VIEW', 'MEMORY', 10, 'Fixed', NULL, 25, 0, 8388600, 0, 0, NULL, '2014-11-24 14:10:54', NULL, NULL, 'utf8_general_ci', NULL, 'max_rows=335544', '');
INSERT INTO `TABLES` VALUES('def', 'information_schema', 'INNODB_BUFFER_POOL_PAGES', 'SYSTEM VIEW', 'MEMORY', 10, 'Fixed', NULL, 234, 0, 8388432, 0, 0, NULL, '2014-11-24 14:10:54', NULL, NULL, 'utf8_general_ci', NULL, 'max_rows=35848', '');
INSERT INTO `TABLES` VALUES('def', 'information_schema', 'INNODB_TRX', 'SYSTEM VIEW', 'MEMORY', 10, 'Fixed', NULL, 4534, 0, 8387900, 0, 0, NULL, '2014-11-24 14:10:54', NULL, NULL, 'utf8_general_ci', NULL, 'max_rows=1850', '');
INSERT INTO `TABLES` VALUES('def', 'information_schema', 'INNODB_BUFFER_POOL_PAGES_INDEX', 'SYSTEM VIEW', 'MEMORY', 10, 'Fixed', NULL, 105, 0, 8388555, 0, 0, NULL, '2014-11-24 14:10:54', NULL, NULL, 'utf8_general_ci', NULL, 'max_rows=79891', '');
INSERT INTO `TABLES` VALUES('def', 'information_schema', 'INNODB_LOCKS', 'SYSTEM VIEW', 'MEMORY', 10, 'Fixed', NULL, 31244, 0, 8373392, 0, 0, NULL, '2014-11-24 14:10:54', NULL, NULL, 'utf8_general_ci', NULL, 'max_rows=268', '');
INSERT INTO `TABLES` VALUES('def', 'information_schema', 'INNODB_BUFFER_POOL_PAGES_BLOB', 'SYSTEM VIEW', 'MEMORY', 10, 'Fixed', NULL, 65, 0, 8388575, 0, 0, NULL, '2014-11-24 14:10:54', NULL, NULL, 'utf8_general_ci', NULL, 'max_rows=129055', '');
INSERT INTO `TABLES` VALUES('def', 'information_schema', 'INNODB_SYS_TABLES', 'SYSTEM VIEW', 'MEMORY', 10, 'Fixed', NULL, 1183, 0, 8387470, 0, 0, NULL, '2014-11-24 14:10:54', NULL, NULL, 'utf8_general_ci', NULL, 'max_rows=7090', '');
INSERT INTO `TABLES` VALUES('def', 'information_schema', 'INNODB_SYS_FIELDS', 'SYSTEM VIEW', 'MEMORY', 10, 'Fixed', NULL, 594, 0, 8388468, 0, 0, NULL, '2014-11-24 14:10:54', NULL, NULL, 'utf8_general_ci', NULL, 'max_rows=14122', '');
INSERT INTO `TABLES` VALUES('def', 'information_schema', 'INNODB_SYS_COLUMNS', 'SYSTEM VIEW', 'MEMORY', 10, 'Fixed', NULL, 610, 0, 8388110, 0, 0, NULL, '2014-11-24 14:10:54', NULL, NULL, 'utf8_general_ci', NULL, 'max_rows=13751', '');
INSERT INTO `TABLES` VALUES('def', 'information_schema', 'INNODB_BUFFER_PAGE', 'SYSTEM VIEW', 'MEMORY', 10, 'Fixed', NULL, 6852, 0, 8386848, 0, 0, NULL, '2014-11-24 14:10:54', NULL, NULL, 'utf8_general_ci', NULL, 'max_rows=1224', '');
INSERT INTO `TABLES` VALUES('def', 'information_schema', 'INNODB_SYS_STATS', 'SYSTEM VIEW', 'MEMORY', 10, 'Fixed', NULL, 29, 0, 8388598, 0, 0, NULL, '2014-11-24 14:10:54', NULL, NULL, 'utf8_general_ci', NULL, 'max_rows=289262', '');
INSERT INTO `TABLES` VALUES('def', 'information_schema', 'INNODB_SYS_FOREIGN', 'SYSTEM VIEW', 'MEMORY', 10, 'Fixed', NULL, 1752, 0, 8388576, 0, 0, NULL, '2014-11-24 14:10:54', NULL, NULL, 'utf8_general_ci', NULL, 'max_rows=4788', '');
INSERT INTO `TABLES` VALUES('def', 'information_schema', 'INNODB_SYS_INDEXES', 'SYSTEM VIEW', 'MEMORY', 10, 'Fixed', NULL, 614, 0, 8388468, 0, 0, NULL, '2014-11-24 14:10:54', NULL, NULL, 'utf8_general_ci', NULL, 'max_rows=13662', '');
INSERT INTO `TABLES` VALUES('def', 'information_schema', 'XTRADB_ADMIN_COMMAND', 'SYSTEM VIEW', 'MEMORY', 10, 'Fixed', NULL, 3075, 0, 8388600, 0, 0, NULL, '2014-11-24 14:10:54', NULL, NULL, 'utf8_general_ci', NULL, 'max_rows=2728', '');
INSERT INTO `TABLES` VALUES('def', 'information_schema', 'INNODB_TABLE_STATS', 'SYSTEM VIEW', 'MEMORY', 10, 'Fixed', NULL, 1189, 0, 8388395, 0, 0, NULL, '2014-11-24 14:10:54', NULL, NULL, 'utf8_general_ci', NULL, 'max_rows=7055', '');
INSERT INTO `TABLES` VALUES('def', 'information_schema', 'INNODB_SYS_FOREIGN_COLS', 'SYSTEM VIEW', 'MEMORY', 10, 'Fixed', NULL, 1748, 0, 8386904, 0, 0, NULL, '2014-11-24 14:10:54', NULL, NULL, 'utf8_general_ci', NULL, 'max_rows=4798', '');
INSERT INTO `TABLES` VALUES('def', 'information_schema', 'INNODB_BUFFER_PAGE_LRU', 'SYSTEM VIEW', 'MEMORY', 10, 'Fixed', NULL, 6669, 0, 8382933, 0, 0, NULL, '2014-11-24 14:10:54', NULL, NULL, 'utf8_general_ci', NULL, 'max_rows=1257', '');
INSERT INTO `TABLES` VALUES('def', 'information_schema', 'INNODB_BUFFER_POOL_STATS', 'SYSTEM VIEW', 'MEMORY', 10, 'Fixed', NULL, 257, 0, 8388480, 0, 0, NULL, '2014-11-24 14:10:54', NULL, NULL, 'utf8_general_ci', NULL, 'max_rows=32640', '');
INSERT INTO `TABLES` VALUES('def', 'swatimobecourtDB', 'admin', 'BASE TABLE', 'InnoDB', 10, 'Compact', 0, 0, 16384, 0, 0, 0, 1, '2014-10-10 06:24:13', NULL, NULL, 'latin1_swedish_ci', NULL, '', '');
INSERT INTO `TABLES` VALUES('def', 'swatimobecourtDB', 'banner', 'BASE TABLE', 'InnoDB', 10, 'Compact', 6, 2730, 16384, 0, 0, 0, 30, '2014-10-10 06:24:13', NULL, NULL, 'latin1_swedish_ci', NULL, '', '');
INSERT INTO `TABLES` VALUES('def', 'swatimobecourtDB', 'calendar', 'BASE TABLE', 'InnoDB', 10, 'Compact', 5, 3276, 16384, 0, 0, 0, 14, '2014-10-10 06:24:13', NULL, NULL, 'latin1_swedish_ci', NULL, '', '');
INSERT INTO `TABLES` VALUES('def', 'swatimobecourtDB', 'calendar_urls', 'BASE TABLE', 'InnoDB', 10, 'Compact', 2, 8192, 16384, 0, 0, 0, 3, '2014-10-10 06:24:13', NULL, NULL, 'latin1_swedish_ci', NULL, '', '');
INSERT INTO `TABLES` VALUES('def', 'swatimobecourtDB', 'chat', 'BASE TABLE', 'InnoDB', 10, 'Compact', 0, 0, 16384, 0, 0, 0, 41, '2014-10-25 01:35:12', NULL, NULL, 'latin1_swedish_ci', NULL, '', '');
INSERT INTO `TABLES` VALUES('def', 'swatimobecourtDB', 'contact', 'BASE TABLE', 'InnoDB', 10, 'Compact', 1, 16384, 16384, 0, 0, 0, 2, '2014-10-10 06:24:13', NULL, NULL, 'latin1_swedish_ci', NULL, '', '');
INSERT INTO `TABLES` VALUES('def', 'swatimobecourtDB', 'country', 'BASE TABLE', 'InnoDB', 10, 'Compact', 214, 76, 16384, 0, 0, 0, 215, '2014-11-05 06:22:53', NULL, NULL, 'latin1_swedish_ci', NULL, '', '');
INSERT INTO `TABLES` VALUES('def', 'swatimobecourtDB', 'court_case', 'BASE TABLE', 'InnoDB', 10, 'Compact', 4, 4096, 16384, 0, 0, 0, 8, '2014-10-10 06:24:13', NULL, NULL, 'latin1_swedish_ci', NULL, '', '');
INSERT INTO `TABLES` VALUES('def', 'swatimobecourtDB', 'documents', 'BASE TABLE', 'InnoDB', 10, 'Compact', 4, 4096, 16384, 0, 0, 0, 5, '2014-10-10 06:24:13', NULL, NULL, 'latin1_swedish_ci', NULL, '', '');
INSERT INTO `TABLES` VALUES('def', 'swatimobecourtDB', 'dossiers', 'BASE TABLE', 'InnoDB', 10, 'Compact', 10, 1638, 16384, 0, 0, 0, 11, '2014-10-10 06:24:13', NULL, NULL, 'latin1_swedish_ci', NULL, '', '');
INSERT INTO `TABLES` VALUES('def', 'swatimobecourtDB', 'draft_msg', 'BASE TABLE', 'InnoDB', 10, 'Compact', 9, 1820, 16384, 0, 0, 0, 28, '2014-10-10 06:24:13', NULL, NULL, 'latin1_swedish_ci', NULL, '', '');
INSERT INTO `TABLES` VALUES('def', 'swatimobecourtDB', 'event_calendar', 'BASE TABLE', 'InnoDB', 10, 'Compact', 2, 8192, 16384, 0, 0, 0, 3, '2014-10-10 06:24:13', NULL, NULL, 'latin1_swedish_ci', NULL, '', '');
INSERT INTO `TABLES` VALUES('def', 'swatimobecourtDB', 'events', 'BASE TABLE', 'InnoDB', 10, 'Compact', 2, 8192, 16384, 0, 0, 0, 3, '2014-10-10 06:24:13', NULL, NULL, 'latin1_swedish_ci', NULL, '', '');
INSERT INTO `TABLES` VALUES('def', 'swatimobecourtDB', 'form_1', 'BASE TABLE', 'InnoDB', 10, 'Compact', 0, 0, 16384, 0, 0, 0, 1, '2014-10-10 06:24:13', NULL, NULL, 'latin1_swedish_ci', NULL, '', '');
INSERT INTO `TABLES` VALUES('def', 'swatimobecourtDB', 'form_2', 'BASE TABLE', 'InnoDB', 10, 'Compact', 0, 0, 16384, 0, 0, 0, 1, '2014-10-10 06:24:13', NULL, NULL, 'latin1_swedish_ci', NULL, '', '');
INSERT INTO `TABLES` VALUES('def', 'swatimobecourtDB', 'form_3', 'BASE TABLE', 'InnoDB', 10, 'Compact', 0, 0, 16384, 0, 0, 0, 1, '2014-10-10 06:24:13', NULL, NULL, 'latin1_swedish_ci', NULL, '', '');
INSERT INTO `TABLES` VALUES('def', 'swatimobecourtDB', 'form_4', 'BASE TABLE', 'InnoDB', 10, 'Compact', 0, 0, 16384, 0, 0, 0, 1, '2014-10-10 06:24:13', NULL, NULL, 'latin1_swedish_ci', NULL, '', '');
INSERT INTO `TABLES` VALUES('def', 'swatimobecourtDB', 'fresh_invoice', 'BASE TABLE', 'InnoDB', 10, 'Compact', 30, 546, 16384, 0, 0, 0, 31, '2014-11-18 06:05:33', NULL, NULL, 'latin1_swedish_ci', NULL, '', '');
INSERT INTO `TABLES` VALUES('def', 'swatimobecourtDB', 'frnd_req', 'BASE TABLE', 'InnoDB', 10, 'Compact', 16, 1024, 16384, 0, 0, 0, 63, '2014-11-04 05:40:29', NULL, NULL, 'latin1_swedish_ci', NULL, '', '');
INSERT INTO `TABLES` VALUES('def', 'swatimobecourtDB', 'gallery', 'BASE TABLE', 'InnoDB', 10, 'Compact', 8, 2048, 16384, 0, 0, 0, 9, '2014-10-10 06:24:13', NULL, NULL, 'latin1_swedish_ci', NULL, '', '');
INSERT INTO `TABLES` VALUES('def', 'swatimobecourtDB', 'int_cat', 'BASE TABLE', 'InnoDB', 10, 'Compact', 5, 3276, 16384, 0, 0, 0, 6, '2014-10-30 05:49:07', NULL, NULL, 'latin1_swedish_ci', NULL, '', '');
INSERT INTO `TABLES` VALUES('def', 'swatimobecourtDB', 'int_subcat', 'BASE TABLE', 'InnoDB', 10, 'Compact', 10, 1638, 16384, 0, 0, 0, 11, '2014-10-30 05:48:57', NULL, NULL, 'latin1_swedish_ci', NULL, '', '');
INSERT INTO `TABLES` VALUES('def', 'swatimobecourtDB', 'invoice', 'BASE TABLE', 'InnoDB', 10, 'Compact', 5, 3276, 16384, 0, 0, 0, 12, '2014-10-17 06:30:10', NULL, NULL, 'latin1_swedish_ci', NULL, '', '');
INSERT INTO `TABLES` VALUES('def', 'swatimobecourtDB', 'leagal_areas', 'BASE TABLE', 'InnoDB', 10, 'Compact', 30, 546, 16384, 0, 0, 0, 31, '2014-10-27 22:28:50', NULL, NULL, 'latin1_swedish_ci', NULL, '', '');
INSERT INTO `TABLES` VALUES('def', 'swatimobecourtDB', 'non_reg', 'BASE TABLE', 'InnoDB', 10, 'Compact', 0, 0, 16384, 0, 0, 0, 1, '2014-10-10 06:24:13', NULL, NULL, 'latin1_swedish_ci', NULL, '', '');
INSERT INTO `TABLES` VALUES('def', 'swatimobecourtDB', 'online_show', 'BASE TABLE', 'InnoDB', 10, 'Compact', 7, 2340, 16384, 0, 0, 0, 35, '2014-10-10 06:24:13', NULL, NULL, 'latin1_swedish_ci', NULL, '', '');
INSERT INTO `TABLES` VALUES('def', 'swatimobecourtDB', 'prof_service', 'BASE TABLE', 'InnoDB', 10, 'Compact', 33, 496, 16384, 0, 0, 0, 34, '2014-10-10 06:24:13', NULL, NULL, 'latin1_swedish_ci', NULL, '', '');
INSERT INTO `TABLES` VALUES('def', 'swatimobecourtDB', 'professional', 'BASE TABLE', 'InnoDB', 10, 'Compact', 7, 2340, 16384, 0, 0, 0, 8, '2014-11-01 06:06:27', NULL, NULL, 'latin1_swedish_ci', NULL, '', '');
INSERT INTO `TABLES` VALUES('def', 'swatimobecourtDB', 'province', 'BASE TABLE', 'InnoDB', 10, 'Compact', 13, 1260, 16384, 0, 0, 0, 14, '2014-11-18 06:05:19', NULL, NULL, 'latin1_swedish_ci', NULL, '', '');
INSERT INTO `TABLES` VALUES('def', 'swatimobecourtDB', 'reg_type', 'BASE TABLE', 'InnoDB', 10, 'Compact', 13, 1260, 16384, 0, 0, 0, 14, '2014-11-05 06:45:08', NULL, NULL, 'latin1_swedish_ci', NULL, '', '');
INSERT INTO `TABLES` VALUES('def', 'swatimobecourtDB', 'state', 'BASE TABLE', 'InnoDB', 10, 'Compact', 52, 315, 16384, 0, 0, 0, 53, '2014-10-10 06:24:13', NULL, NULL, 'latin1_swedish_ci', NULL, '', '');
INSERT INTO `TABLES` VALUES('def', 'swatimobecourtDB', 'std_li', 'BASE TABLE', 'InnoDB', 10, 'Compact', 2, 8192, 16384, 0, 0, 0, 3, '2014-11-17 04:03:42', NULL, NULL, 'latin1_swedish_ci', NULL, '', '');
INSERT INTO `TABLES` VALUES('def', 'swatimobecourtDB', 'tbl_article', 'BASE TABLE', 'InnoDB', 10, 'Compact', 3, 5461, 16384, 0, 0, 0, 15, '2014-10-10 06:24:13', NULL, NULL, 'latin1_swedish_ci', NULL, '', '');
INSERT INTO `TABLES` VALUES('def', 'swatimobecourtDB', 'tbl_pages', 'BASE TABLE', 'MyISAM', 10, 'Dynamic', 12, 67, 808, 281474976710655, 2048, 0, 656, '2014-10-10 06:24:13', '2014-10-10 06:24:13', NULL, 'utf8_general_ci', NULL, '', '');
INSERT INTO `TABLES` VALUES('def', 'swatimobecourtDB', 'tbl_settings', 'BASE TABLE', 'MyISAM', 10, 'Dynamic', 1, 180, 180, 281474976710655, 2048, 0, 4, '2014-10-10 06:24:13', '2014-10-10 06:24:13', NULL, 'latin1_swedish_ci', NULL, '', '');
INSERT INTO `TABLES` VALUES('def', 'swatimobecourtDB', 'tbl_social', 'BASE TABLE', 'InnoDB', 10, 'Compact', 6, 2730, 16384, 0, 0, 0, 11, '2014-11-11 06:24:20', NULL, NULL, 'latin1_swedish_ci', NULL, '', '');
INSERT INTO `TABLES` VALUES('def', 'swatimobecourtDB', 'tbl_subpages', 'BASE TABLE', 'InnoDB', 10, 'Compact', 63, 260, 16384, 0, 0, 0, 112, '2014-10-10 06:24:13', NULL, NULL, 'latin1_swedish_ci', NULL, '', '');
INSERT INTO `TABLES` VALUES('def', 'swatimobecourtDB', 'tbl_team_member', 'BASE TABLE', 'InnoDB', 10, 'Compact', 3, 5461, 16384, 0, 0, 0, 4, '2014-10-10 06:24:13', NULL, NULL, 'latin1_swedish_ci', NULL, '', '');
INSERT INTO `TABLES` VALUES('def', 'swatimobecourtDB', 'tbl_testimonial', 'BASE TABLE', 'InnoDB', 10, 'Compact', 6, 2730, 16384, 0, 0, 0, 15, '2014-10-10 06:24:13', NULL, NULL, 'latin1_swedish_ci', NULL, '', '');
INSERT INTO `TABLES` VALUES('def', 'swatimobecourtDB', 'trash_msg', 'BASE TABLE', 'InnoDB', 10, 'Compact', 2, 8192, 16384, 0, 0, 0, 3, '2014-10-10 06:24:13', NULL, NULL, 'latin1_swedish_ci', NULL, '', '');
INSERT INTO `TABLES` VALUES('def', 'swatimobecourtDB', 'user', 'BASE TABLE', 'InnoDB', 10, 'Compact', 20, 819, 16384, 0, 0, 0, 7906, '2014-11-07 22:53:07', NULL, NULL, 'latin1_swedish_ci', NULL, '', '');
INSERT INTO `TABLES` VALUES('def', 'swatimobecourtDB', 'user_inbox', 'BASE TABLE', 'InnoDB', 10, 'Compact', 8, 2048, 16384, 0, 0, 0, 9, '2014-10-10 06:24:13', NULL, NULL, 'latin1_swedish_ci', NULL, '', '');

-- --------------------------------------------------------

--
-- Table structure for table `TABLESPACES`
--

CREATE TEMPORARY TABLE `TABLESPACES` (
  `TABLESPACE_NAME` varchar(64) NOT NULL DEFAULT '',
  `ENGINE` varchar(64) NOT NULL DEFAULT '',
  `TABLESPACE_TYPE` varchar(64) DEFAULT NULL,
  `LOGFILE_GROUP_NAME` varchar(64) DEFAULT NULL,
  `EXTENT_SIZE` bigint(21) unsigned DEFAULT NULL,
  `AUTOEXTEND_SIZE` bigint(21) unsigned DEFAULT NULL,
  `MAXIMUM_SIZE` bigint(21) unsigned DEFAULT NULL,
  `NODEGROUP_ID` bigint(21) unsigned DEFAULT NULL,
  `TABLESPACE_COMMENT` varchar(2048) DEFAULT NULL
) ENGINE=MEMORY DEFAULT CHARSET=utf8;

--
-- Dumping data for table `TABLESPACES`
--


-- --------------------------------------------------------

--
-- Table structure for table `TABLE_CONSTRAINTS`
--

CREATE TEMPORARY TABLE `TABLE_CONSTRAINTS` (
  `CONSTRAINT_CATALOG` varchar(512) NOT NULL DEFAULT '',
  `CONSTRAINT_SCHEMA` varchar(64) NOT NULL DEFAULT '',
  `CONSTRAINT_NAME` varchar(64) NOT NULL DEFAULT '',
  `TABLE_SCHEMA` varchar(64) NOT NULL DEFAULT '',
  `TABLE_NAME` varchar(64) NOT NULL DEFAULT '',
  `CONSTRAINT_TYPE` varchar(64) NOT NULL DEFAULT ''
) ENGINE=MEMORY DEFAULT CHARSET=utf8;

--
-- Dumping data for table `TABLE_CONSTRAINTS`
--

INSERT INTO `TABLE_CONSTRAINTS` VALUES('def', 'swatimobecourtDB', 'PRIMARY', 'swatimobecourtDB', 'admin', 'PRIMARY KEY');
INSERT INTO `TABLE_CONSTRAINTS` VALUES('def', 'swatimobecourtDB', 'PRIMARY', 'swatimobecourtDB', 'banner', 'PRIMARY KEY');
INSERT INTO `TABLE_CONSTRAINTS` VALUES('def', 'swatimobecourtDB', 'PRIMARY', 'swatimobecourtDB', 'calendar', 'PRIMARY KEY');
INSERT INTO `TABLE_CONSTRAINTS` VALUES('def', 'swatimobecourtDB', 'PRIMARY', 'swatimobecourtDB', 'calendar_urls', 'PRIMARY KEY');
INSERT INTO `TABLE_CONSTRAINTS` VALUES('def', 'swatimobecourtDB', 'PRIMARY', 'swatimobecourtDB', 'chat', 'PRIMARY KEY');
INSERT INTO `TABLE_CONSTRAINTS` VALUES('def', 'swatimobecourtDB', 'PRIMARY', 'swatimobecourtDB', 'contact', 'PRIMARY KEY');
INSERT INTO `TABLE_CONSTRAINTS` VALUES('def', 'swatimobecourtDB', 'PRIMARY', 'swatimobecourtDB', 'country', 'PRIMARY KEY');
INSERT INTO `TABLE_CONSTRAINTS` VALUES('def', 'swatimobecourtDB', 'PRIMARY', 'swatimobecourtDB', 'court_case', 'PRIMARY KEY');
INSERT INTO `TABLE_CONSTRAINTS` VALUES('def', 'swatimobecourtDB', 'PRIMARY', 'swatimobecourtDB', 'documents', 'PRIMARY KEY');
INSERT INTO `TABLE_CONSTRAINTS` VALUES('def', 'swatimobecourtDB', 'PRIMARY', 'swatimobecourtDB', 'dossiers', 'PRIMARY KEY');
INSERT INTO `TABLE_CONSTRAINTS` VALUES('def', 'swatimobecourtDB', 'PRIMARY', 'swatimobecourtDB', 'draft_msg', 'PRIMARY KEY');
INSERT INTO `TABLE_CONSTRAINTS` VALUES('def', 'swatimobecourtDB', 'PRIMARY', 'swatimobecourtDB', 'event_calendar', 'PRIMARY KEY');
INSERT INTO `TABLE_CONSTRAINTS` VALUES('def', 'swatimobecourtDB', 'PRIMARY', 'swatimobecourtDB', 'events', 'PRIMARY KEY');
INSERT INTO `TABLE_CONSTRAINTS` VALUES('def', 'swatimobecourtDB', 'PRIMARY', 'swatimobecourtDB', 'form_1', 'PRIMARY KEY');
INSERT INTO `TABLE_CONSTRAINTS` VALUES('def', 'swatimobecourtDB', 'PRIMARY', 'swatimobecourtDB', 'form_2', 'PRIMARY KEY');
INSERT INTO `TABLE_CONSTRAINTS` VALUES('def', 'swatimobecourtDB', 'PRIMARY', 'swatimobecourtDB', 'form_3', 'PRIMARY KEY');
INSERT INTO `TABLE_CONSTRAINTS` VALUES('def', 'swatimobecourtDB', 'PRIMARY', 'swatimobecourtDB', 'form_4', 'PRIMARY KEY');
INSERT INTO `TABLE_CONSTRAINTS` VALUES('def', 'swatimobecourtDB', 'PRIMARY', 'swatimobecourtDB', 'fresh_invoice', 'PRIMARY KEY');
INSERT INTO `TABLE_CONSTRAINTS` VALUES('def', 'swatimobecourtDB', 'PRIMARY', 'swatimobecourtDB', 'frnd_req', 'PRIMARY KEY');
INSERT INTO `TABLE_CONSTRAINTS` VALUES('def', 'swatimobecourtDB', 'PRIMARY', 'swatimobecourtDB', 'gallery', 'PRIMARY KEY');
INSERT INTO `TABLE_CONSTRAINTS` VALUES('def', 'swatimobecourtDB', 'PRIMARY', 'swatimobecourtDB', 'int_cat', 'PRIMARY KEY');
INSERT INTO `TABLE_CONSTRAINTS` VALUES('def', 'swatimobecourtDB', 'PRIMARY', 'swatimobecourtDB', 'int_subcat', 'PRIMARY KEY');
INSERT INTO `TABLE_CONSTRAINTS` VALUES('def', 'swatimobecourtDB', 'PRIMARY', 'swatimobecourtDB', 'invoice', 'PRIMARY KEY');
INSERT INTO `TABLE_CONSTRAINTS` VALUES('def', 'swatimobecourtDB', 'PRIMARY', 'swatimobecourtDB', 'leagal_areas', 'PRIMARY KEY');
INSERT INTO `TABLE_CONSTRAINTS` VALUES('def', 'swatimobecourtDB', 'PRIMARY', 'swatimobecourtDB', 'non_reg', 'PRIMARY KEY');
INSERT INTO `TABLE_CONSTRAINTS` VALUES('def', 'swatimobecourtDB', 'PRIMARY', 'swatimobecourtDB', 'online_show', 'PRIMARY KEY');
INSERT INTO `TABLE_CONSTRAINTS` VALUES('def', 'swatimobecourtDB', 'PRIMARY', 'swatimobecourtDB', 'prof_service', 'PRIMARY KEY');
INSERT INTO `TABLE_CONSTRAINTS` VALUES('def', 'swatimobecourtDB', 'PRIMARY', 'swatimobecourtDB', 'professional', 'PRIMARY KEY');
INSERT INTO `TABLE_CONSTRAINTS` VALUES('def', 'swatimobecourtDB', 'PRIMARY', 'swatimobecourtDB', 'province', 'PRIMARY KEY');
INSERT INTO `TABLE_CONSTRAINTS` VALUES('def', 'swatimobecourtDB', 'PRIMARY', 'swatimobecourtDB', 'reg_type', 'PRIMARY KEY');
INSERT INTO `TABLE_CONSTRAINTS` VALUES('def', 'swatimobecourtDB', 'PRIMARY', 'swatimobecourtDB', 'state', 'PRIMARY KEY');
INSERT INTO `TABLE_CONSTRAINTS` VALUES('def', 'swatimobecourtDB', 'PRIMARY', 'swatimobecourtDB', 'std_li', 'PRIMARY KEY');
INSERT INTO `TABLE_CONSTRAINTS` VALUES('def', 'swatimobecourtDB', 'PRIMARY', 'swatimobecourtDB', 'tbl_article', 'PRIMARY KEY');
INSERT INTO `TABLE_CONSTRAINTS` VALUES('def', 'swatimobecourtDB', 'PRIMARY', 'swatimobecourtDB', 'tbl_pages', 'PRIMARY KEY');
INSERT INTO `TABLE_CONSTRAINTS` VALUES('def', 'swatimobecourtDB', 'PRIMARY', 'swatimobecourtDB', 'tbl_settings', 'PRIMARY KEY');
INSERT INTO `TABLE_CONSTRAINTS` VALUES('def', 'swatimobecourtDB', 'PRIMARY', 'swatimobecourtDB', 'tbl_social', 'PRIMARY KEY');
INSERT INTO `TABLE_CONSTRAINTS` VALUES('def', 'swatimobecourtDB', 'PRIMARY', 'swatimobecourtDB', 'tbl_subpages', 'PRIMARY KEY');
INSERT INTO `TABLE_CONSTRAINTS` VALUES('def', 'swatimobecourtDB', 'PRIMARY', 'swatimobecourtDB', 'tbl_team_member', 'PRIMARY KEY');
INSERT INTO `TABLE_CONSTRAINTS` VALUES('def', 'swatimobecourtDB', 'PRIMARY', 'swatimobecourtDB', 'tbl_testimonial', 'PRIMARY KEY');
INSERT INTO `TABLE_CONSTRAINTS` VALUES('def', 'swatimobecourtDB', 'PRIMARY', 'swatimobecourtDB', 'trash_msg', 'PRIMARY KEY');
INSERT INTO `TABLE_CONSTRAINTS` VALUES('def', 'swatimobecourtDB', 'PRIMARY', 'swatimobecourtDB', 'user', 'PRIMARY KEY');
INSERT INTO `TABLE_CONSTRAINTS` VALUES('def', 'swatimobecourtDB', 'PRIMARY', 'swatimobecourtDB', 'user_inbox', 'PRIMARY KEY');

-- --------------------------------------------------------

--
-- Table structure for table `TABLE_PRIVILEGES`
--

CREATE TEMPORARY TABLE `TABLE_PRIVILEGES` (
  `GRANTEE` varchar(81) NOT NULL DEFAULT '',
  `TABLE_CATALOG` varchar(512) NOT NULL DEFAULT '',
  `TABLE_SCHEMA` varchar(64) NOT NULL DEFAULT '',
  `TABLE_NAME` varchar(64) NOT NULL DEFAULT '',
  `PRIVILEGE_TYPE` varchar(64) NOT NULL DEFAULT '',
  `IS_GRANTABLE` varchar(3) NOT NULL DEFAULT ''
) ENGINE=MEMORY DEFAULT CHARSET=utf8;

--
-- Dumping data for table `TABLE_PRIVILEGES`
--


-- --------------------------------------------------------

--
-- Table structure for table `TABLE_STATISTICS`
--

CREATE TEMPORARY TABLE `TABLE_STATISTICS` (
  `TABLE_SCHEMA` varchar(192) NOT NULL DEFAULT '',
  `TABLE_NAME` varchar(192) NOT NULL DEFAULT '',
  `ROWS_READ` bigint(21) unsigned NOT NULL DEFAULT '0',
  `ROWS_CHANGED` bigint(21) unsigned NOT NULL DEFAULT '0',
  `ROWS_CHANGED_X_INDEXES` bigint(21) unsigned NOT NULL DEFAULT '0'
) ENGINE=MEMORY DEFAULT CHARSET=utf8;

--
-- Dumping data for table `TABLE_STATISTICS`
--

INSERT INTO `TABLE_STATISTICS` VALUES('swatimobecourtDB', 'province', 15950, 39, 39);
INSERT INTO `TABLE_STATISTICS` VALUES('swatimobecourtDB', 'user_inbox', 70263, 0, 0);
INSERT INTO `TABLE_STATISTICS` VALUES('swatimobecourtDB', 'reg_type', 6805, 13, 13);
INSERT INTO `TABLE_STATISTICS` VALUES('swatimobecourtDB', 'tbl_social', 13705, 12, 12);
INSERT INTO `TABLE_STATISTICS` VALUES('swatimobecourtDB', 'frnd_req', 24296, 18, 18);
INSERT INTO `TABLE_STATISTICS` VALUES('swatimobecourtDB', 'dossiers', 237, 8, 8);
INSERT INTO `TABLE_STATISTICS` VALUES('swatimobecourtDB', 'country', 175382, 214, 214);
INSERT INTO `TABLE_STATISTICS` VALUES('swatimobecourtDB', 'professional', 834, 7, 7);
INSERT INTO `TABLE_STATISTICS` VALUES('swatimobecourtDB', '#sql-270d_bf751b', 0, 15, 15);
INSERT INTO `TABLE_STATISTICS` VALUES('swatimobecourtDB', '#sql-270d_585858', 0, 15, 15);
INSERT INTO `TABLE_STATISTICS` VALUES('swatimobecourtDB', 'tbl_subpages', 12663, 0, 0);
INSERT INTO `TABLE_STATISTICS` VALUES('swatimobecourtDB', 'events', 88, 0, 0);
INSERT INTO `TABLE_STATISTICS` VALUES('swatimobecourtDB', 'contact', 44, 0, 0);
INSERT INTO `TABLE_STATISTICS` VALUES('swatimobecourtDB', 'invoice', 361, 11, 11);
INSERT INTO `TABLE_STATISTICS` VALUES('swatimobecourtDB', 'state', 13051, 0, 0);
INSERT INTO `TABLE_STATISTICS` VALUES('swatimobecourtDB', 'calendar_urls', 736, 0, 0);
INSERT INTO `TABLE_STATISTICS` VALUES('swatimobecourtDB', 'documents', 4716, 0, 0);
INSERT INTO `TABLE_STATISTICS` VALUES('swatimobecourtDB', 'user', 3089224, 145, 145);
INSERT INTO `TABLE_STATISTICS` VALUES('swatimobecourtDB', 'event_calendar', 84, 0, 0);
INSERT INTO `TABLE_STATISTICS` VALUES('swatimobecourtDB', 'chat', 130, 80, 80);
INSERT INTO `TABLE_STATISTICS` VALUES('swatimobecourtDB', 'tbl_settings', 1356, 0, 0);
INSERT INTO `TABLE_STATISTICS` VALUES('swatimobecourtDB', '#sql-270d_16336a', 0, 2, 2);
INSERT INTO `TABLE_STATISTICS` VALUES('swatimobecourtDB', 'tbl_pages', 288, 0, 0);
INSERT INTO `TABLE_STATISTICS` VALUES('swatimobecourtDB', 'calendar', 1917, 1, 1);
INSERT INTO `TABLE_STATISTICS` VALUES('swatimobecourtDB', 'court_case', 308, 0, 0);
INSERT INTO `TABLE_STATISTICS` VALUES('swatimobecourtDB', 'int_subcat', 260, 10, 10);
INSERT INTO `TABLE_STATISTICS` VALUES('swatimobecourtDB', '#sql-270d_c6992f', 0, 15, 15);
INSERT INTO `TABLE_STATISTICS` VALUES('swatimobecourtDB', '#sql-270d_1710c1b', 0, 16, 16);
INSERT INTO `TABLE_STATISTICS` VALUES('swatimobecourtDB', 'online_show', 2485, 0, 0);
INSERT INTO `TABLE_STATISTICS` VALUES('swatimobecourtDB', 'fresh_invoice', 540, 30, 30);
INSERT INTO `TABLE_STATISTICS` VALUES('swatimobecourtDB', 'trash_msg', 2366, 0, 0);
INSERT INTO `TABLE_STATISTICS` VALUES('swatimobecourtDB', 'prof_service', 1386, 0, 0);
INSERT INTO `TABLE_STATISTICS` VALUES('swatimobecourtDB', 'gallery', 776, 0, 0);
INSERT INTO `TABLE_STATISTICS` VALUES('swatimobecourtDB', 'banner', 264, 0, 0);
INSERT INTO `TABLE_STATISTICS` VALUES('swatimobecourtDB', 'int_cat', 140, 5, 5);
INSERT INTO `TABLE_STATISTICS` VALUES('swatimobecourtDB', '#sql-270d_b9f576', 0, 15, 15);
INSERT INTO `TABLE_STATISTICS` VALUES('swatimobecourtDB', 'tbl_team_member', 126, 0, 0);
INSERT INTO `TABLE_STATISTICS` VALUES('swatimobecourtDB', 'tbl_article', 126, 0, 0);
INSERT INTO `TABLE_STATISTICS` VALUES('swatimobecourtDB', 'leagal_areas', 1445, 32, 32);
INSERT INTO `TABLE_STATISTICS` VALUES('swatimobecourtDB', 'draft_msg', 10663, 0, 0);
INSERT INTO `TABLE_STATISTICS` VALUES('swatimobecourtDB', 'std_li', 18, 2, 2);
INSERT INTO `TABLE_STATISTICS` VALUES('swatimobecourtDB', 'tbl_testimonial', 252, 0, 0);

-- --------------------------------------------------------

--
-- Table structure for table `TEMPORARY_TABLES`
--

CREATE TEMPORARY TABLE `TEMPORARY_TABLES` (
  `SESSION_ID` bigint(4) NOT NULL DEFAULT '0',
  `TABLE_SCHEMA` varchar(64) NOT NULL DEFAULT '',
  `TABLE_NAME` varchar(64) NOT NULL DEFAULT '',
  `ENGINE` varchar(64) NOT NULL DEFAULT '',
  `NAME` varchar(512) NOT NULL DEFAULT '',
  `TABLE_ROWS` bigint(21) unsigned NOT NULL DEFAULT '0',
  `AVG_ROW_LENGTH` bigint(21) unsigned NOT NULL DEFAULT '0',
  `DATA_LENGTH` bigint(21) unsigned NOT NULL DEFAULT '0',
  `INDEX_LENGTH` bigint(21) unsigned NOT NULL DEFAULT '0',
  `CREATE_TIME` datetime DEFAULT NULL,
  `UPDATE_TIME` datetime DEFAULT NULL
) ENGINE=MEMORY DEFAULT CHARSET=utf8;

--
-- Dumping data for table `TEMPORARY_TABLES`
--


-- --------------------------------------------------------

--
-- Table structure for table `THREAD_STATISTICS`
--

CREATE TEMPORARY TABLE `THREAD_STATISTICS` (
  `THREAD_ID` bigint(21) unsigned NOT NULL DEFAULT '0',
  `TOTAL_CONNECTIONS` bigint(21) unsigned NOT NULL DEFAULT '0',
  `CONCURRENT_CONNECTIONS` bigint(21) unsigned NOT NULL DEFAULT '0',
  `CONNECTED_TIME` bigint(21) unsigned NOT NULL DEFAULT '0',
  `BUSY_TIME` bigint(21) unsigned NOT NULL DEFAULT '0',
  `CPU_TIME` bigint(21) unsigned NOT NULL DEFAULT '0',
  `BYTES_RECEIVED` bigint(21) unsigned NOT NULL DEFAULT '0',
  `BYTES_SENT` bigint(21) unsigned NOT NULL DEFAULT '0',
  `BINLOG_BYTES_WRITTEN` bigint(21) unsigned NOT NULL DEFAULT '0',
  `ROWS_FETCHED` bigint(21) unsigned NOT NULL DEFAULT '0',
  `ROWS_UPDATED` bigint(21) unsigned NOT NULL DEFAULT '0',
  `TABLE_ROWS_READ` bigint(21) unsigned NOT NULL DEFAULT '0',
  `SELECT_COMMANDS` bigint(21) unsigned NOT NULL DEFAULT '0',
  `UPDATE_COMMANDS` bigint(21) unsigned NOT NULL DEFAULT '0',
  `OTHER_COMMANDS` bigint(21) unsigned NOT NULL DEFAULT '0',
  `COMMIT_TRANSACTIONS` bigint(21) unsigned NOT NULL DEFAULT '0',
  `ROLLBACK_TRANSACTIONS` bigint(21) unsigned NOT NULL DEFAULT '0',
  `DENIED_CONNECTIONS` bigint(21) unsigned NOT NULL DEFAULT '0',
  `LOST_CONNECTIONS` bigint(21) unsigned NOT NULL DEFAULT '0',
  `ACCESS_DENIED` bigint(21) unsigned NOT NULL DEFAULT '0',
  `EMPTY_QUERIES` bigint(21) unsigned NOT NULL DEFAULT '0',
  `TOTAL_SSL_CONNECTIONS` bigint(21) unsigned NOT NULL DEFAULT '0'
) ENGINE=MEMORY DEFAULT CHARSET=utf8;

--
-- Dumping data for table `THREAD_STATISTICS`
--

-- in use (#1227 - Access denied; you need (at least one of) the PROCESS,SUPER privilege(s) for this operation)

-- --------------------------------------------------------

--
-- Table structure for table `TRIGGERS`
--

CREATE TEMPORARY TABLE `TRIGGERS` (
  `TRIGGER_CATALOG` varchar(512) NOT NULL DEFAULT '',
  `TRIGGER_SCHEMA` varchar(64) NOT NULL DEFAULT '',
  `TRIGGER_NAME` varchar(64) NOT NULL DEFAULT '',
  `EVENT_MANIPULATION` varchar(6) NOT NULL DEFAULT '',
  `EVENT_OBJECT_CATALOG` varchar(512) NOT NULL DEFAULT '',
  `EVENT_OBJECT_SCHEMA` varchar(64) NOT NULL DEFAULT '',
  `EVENT_OBJECT_TABLE` varchar(64) NOT NULL DEFAULT '',
  `ACTION_ORDER` bigint(4) NOT NULL DEFAULT '0',
  `ACTION_CONDITION` longtext,
  `ACTION_STATEMENT` longtext NOT NULL,
  `ACTION_ORIENTATION` varchar(9) NOT NULL DEFAULT '',
  `ACTION_TIMING` varchar(6) NOT NULL DEFAULT '',
  `ACTION_REFERENCE_OLD_TABLE` varchar(64) DEFAULT NULL,
  `ACTION_REFERENCE_NEW_TABLE` varchar(64) DEFAULT NULL,
  `ACTION_REFERENCE_OLD_ROW` varchar(3) NOT NULL DEFAULT '',
  `ACTION_REFERENCE_NEW_ROW` varchar(3) NOT NULL DEFAULT '',
  `CREATED` datetime DEFAULT NULL,
  `SQL_MODE` varchar(8192) NOT NULL DEFAULT '',
  `DEFINER` varchar(77) NOT NULL DEFAULT '',
  `CHARACTER_SET_CLIENT` varchar(32) NOT NULL DEFAULT '',
  `COLLATION_CONNECTION` varchar(32) NOT NULL DEFAULT '',
  `DATABASE_COLLATION` varchar(32) NOT NULL DEFAULT ''
) ENGINE=MyISAM DEFAULT CHARSET=utf8;

--
-- Dumping data for table `TRIGGERS`
--


-- --------------------------------------------------------

--
-- Table structure for table `USER_PRIVILEGES`
--

CREATE TEMPORARY TABLE `USER_PRIVILEGES` (
  `GRANTEE` varchar(81) NOT NULL DEFAULT '',
  `TABLE_CATALOG` varchar(512) NOT NULL DEFAULT '',
  `PRIVILEGE_TYPE` varchar(64) NOT NULL DEFAULT '',
  `IS_GRANTABLE` varchar(3) NOT NULL DEFAULT ''
) ENGINE=MEMORY DEFAULT CHARSET=utf8;

--
-- Dumping data for table `USER_PRIVILEGES`
--

INSERT INTO `USER_PRIVILEGES` VALUES('''swatimobecourtDB''@''%''', 'def', 'USAGE', 'NO');

-- --------------------------------------------------------

--
-- Table structure for table `USER_STATISTICS`
--

CREATE TEMPORARY TABLE `USER_STATISTICS` (
  `USER` varchar(48) NOT NULL DEFAULT '',
  `TOTAL_CONNECTIONS` bigint(21) unsigned NOT NULL DEFAULT '0',
  `CONCURRENT_CONNECTIONS` bigint(21) unsigned NOT NULL DEFAULT '0',
  `CONNECTED_TIME` bigint(21) unsigned NOT NULL DEFAULT '0',
  `BUSY_TIME` bigint(21) unsigned NOT NULL DEFAULT '0',
  `CPU_TIME` bigint(21) unsigned NOT NULL DEFAULT '0',
  `BYTES_RECEIVED` bigint(21) unsigned NOT NULL DEFAULT '0',
  `BYTES_SENT` bigint(21) unsigned NOT NULL DEFAULT '0',
  `BINLOG_BYTES_WRITTEN` bigint(21) unsigned NOT NULL DEFAULT '0',
  `ROWS_FETCHED` bigint(21) unsigned NOT NULL DEFAULT '0',
  `ROWS_UPDATED` bigint(21) unsigned NOT NULL DEFAULT '0',
  `TABLE_ROWS_READ` bigint(21) unsigned NOT NULL DEFAULT '0',
  `SELECT_COMMANDS` bigint(21) unsigned NOT NULL DEFAULT '0',
  `UPDATE_COMMANDS` bigint(21) unsigned NOT NULL DEFAULT '0',
  `OTHER_COMMANDS` bigint(21) unsigned NOT NULL DEFAULT '0',
  `COMMIT_TRANSACTIONS` bigint(21) unsigned NOT NULL DEFAULT '0',
  `ROLLBACK_TRANSACTIONS` bigint(21) unsigned NOT NULL DEFAULT '0',
  `DENIED_CONNECTIONS` bigint(21) unsigned NOT NULL DEFAULT '0',
  `LOST_CONNECTIONS` bigint(21) unsigned NOT NULL DEFAULT '0',
  `ACCESS_DENIED` bigint(21) unsigned NOT NULL DEFAULT '0',
  `EMPTY_QUERIES` bigint(21) unsigned NOT NULL DEFAULT '0',
  `TOTAL_SSL_CONNECTIONS` bigint(21) unsigned NOT NULL DEFAULT '0'
) ENGINE=MEMORY DEFAULT CHARSET=utf8;

--
-- Dumping data for table `USER_STATISTICS`
--

-- in use (#1227 - Access denied; you need (at least one of) the PROCESS,SUPER privilege(s) for this operation)

-- --------------------------------------------------------

--
-- Table structure for table `VIEWS`
--

CREATE TEMPORARY TABLE `VIEWS` (
  `TABLE_CATALOG` varchar(512) NOT NULL DEFAULT '',
  `TABLE_SCHEMA` varchar(64) NOT NULL DEFAULT '',
  `TABLE_NAME` varchar(64) NOT NULL DEFAULT '',
  `VIEW_DEFINITION` longtext NOT NULL,
  `CHECK_OPTION` varchar(8) NOT NULL DEFAULT '',
  `IS_UPDATABLE` varchar(3) NOT NULL DEFAULT '',
  `DEFINER` varchar(77) NOT NULL DEFAULT '',
  `SECURITY_TYPE` varchar(7) NOT NULL DEFAULT '',
  `CHARACTER_SET_CLIENT` varchar(32) NOT NULL DEFAULT '',
  `COLLATION_CONNECTION` varchar(32) NOT NULL DEFAULT ''
) ENGINE=MyISAM DEFAULT CHARSET=utf8;

--
-- Dumping data for table `VIEWS`
--


-- --------------------------------------------------------

--
-- Table structure for table `INNODB_CMPMEM_RESET`
--

CREATE TEMPORARY TABLE `INNODB_CMPMEM_RESET` (
  `page_size` int(5) NOT NULL DEFAULT '0',
  `buffer_pool_instance` int(11) NOT NULL DEFAULT '0',
  `pages_used` int(11) NOT NULL DEFAULT '0',
  `pages_free` int(11) NOT NULL DEFAULT '0',
  `relocation_ops` bigint(21) NOT NULL DEFAULT '0',
  `relocation_time` int(11) NOT NULL DEFAULT '0'
) ENGINE=MEMORY DEFAULT CHARSET=utf8;

--
-- Dumping data for table `INNODB_CMPMEM_RESET`
--

-- in use (#1227 - Access denied; you need (at least one of) the PROCESS privilege(s) for this operation)

-- --------------------------------------------------------

--
-- Table structure for table `INNODB_RSEG`
--

CREATE TEMPORARY TABLE `INNODB_RSEG` (
  `rseg_id` bigint(21) unsigned NOT NULL DEFAULT '0',
  `space_id` bigint(21) unsigned NOT NULL DEFAULT '0',
  `zip_size` bigint(21) unsigned NOT NULL DEFAULT '0',
  `page_no` bigint(21) unsigned NOT NULL DEFAULT '0',
  `max_size` bigint(21) unsigned NOT NULL DEFAULT '0',
  `curr_size` bigint(21) unsigned NOT NULL DEFAULT '0'
) ENGINE=MEMORY DEFAULT CHARSET=utf8;

--
-- Dumping data for table `INNODB_RSEG`
--

-- in use (#1227 - Access denied; you need (at least one of) the PROCESS privilege(s) for this operation)

-- --------------------------------------------------------

--
-- Table structure for table `INNODB_UNDO_LOGS`
--

CREATE TEMPORARY TABLE `INNODB_UNDO_LOGS` (
  `trx_id` varchar(18) NOT NULL DEFAULT '',
  `rseg_id` bigint(21) unsigned NOT NULL DEFAULT '0',
  `useg_id` bigint(21) unsigned NOT NULL DEFAULT '0',
  `type` varchar(256) NOT NULL DEFAULT '',
  `state` varchar(256) NOT NULL DEFAULT '',
  `size` bigint(21) unsigned NOT NULL DEFAULT '0'
) ENGINE=MEMORY DEFAULT CHARSET=utf8;

--
-- Dumping data for table `INNODB_UNDO_LOGS`
--

-- in use (#1227 - Access denied; you need (at least one of) the PROCESS privilege(s) for this operation)

-- --------------------------------------------------------

--
-- Table structure for table `INNODB_CMPMEM`
--

CREATE TEMPORARY TABLE `INNODB_CMPMEM` (
  `page_size` int(5) NOT NULL DEFAULT '0',
  `buffer_pool_instance` int(11) NOT NULL DEFAULT '0',
  `pages_used` int(11) NOT NULL DEFAULT '0',
  `pages_free` int(11) NOT NULL DEFAULT '0',
  `relocation_ops` bigint(21) NOT NULL DEFAULT '0',
  `relocation_time` int(11) NOT NULL DEFAULT '0'
) ENGINE=MEMORY DEFAULT CHARSET=utf8;

--
-- Dumping data for table `INNODB_CMPMEM`
--

-- in use (#1227 - Access denied; you need (at least one of) the PROCESS privilege(s) for this operation)

-- --------------------------------------------------------

--
-- Table structure for table `INNODB_SYS_TABLESTATS`
--

CREATE TEMPORARY TABLE `INNODB_SYS_TABLESTATS` (
  `TABLE_ID` bigint(21) unsigned NOT NULL DEFAULT '0',
  `SCHEMA` varchar(193) NOT NULL DEFAULT '',
  `NAME` varchar(193) NOT NULL DEFAULT '',
  `STATS_INITIALIZED` varchar(193) NOT NULL DEFAULT '',
  `NUM_ROWS` bigint(21) unsigned NOT NULL DEFAULT '0',
  `CLUST_INDEX_SIZE` bigint(21) unsigned NOT NULL DEFAULT '0',
  `OTHER_INDEX_SIZE` bigint(21) unsigned NOT NULL DEFAULT '0',
  `MODIFIED_COUNTER` bigint(21) unsigned NOT NULL DEFAULT '0',
  `AUTOINC` bigint(21) unsigned NOT NULL DEFAULT '0',
  `MYSQL_HANDLES_OPENED` int(11) NOT NULL DEFAULT '0'
) ENGINE=MEMORY DEFAULT CHARSET=utf8;

--
-- Dumping data for table `INNODB_SYS_TABLESTATS`
--

-- in use (#1227 - Access denied; you need (at least one of) the PROCESS privilege(s) for this operation)

-- --------------------------------------------------------

--
-- Table structure for table `INNODB_LOCK_WAITS`
--

CREATE TEMPORARY TABLE `INNODB_LOCK_WAITS` (
  `requesting_trx_id` varchar(18) NOT NULL DEFAULT '',
  `requested_lock_id` varchar(81) NOT NULL DEFAULT '',
  `blocking_trx_id` varchar(18) NOT NULL DEFAULT '',
  `blocking_lock_id` varchar(81) NOT NULL DEFAULT ''
) ENGINE=MEMORY DEFAULT CHARSET=utf8;

--
-- Dumping data for table `INNODB_LOCK_WAITS`
--

-- in use (#1227 - Access denied; you need (at least one of) the PROCESS privilege(s) for this operation)

-- --------------------------------------------------------

--
-- Table structure for table `INNODB_INDEX_STATS`
--

CREATE TEMPORARY TABLE `INNODB_INDEX_STATS` (
  `table_schema` varchar(192) NOT NULL DEFAULT '',
  `table_name` varchar(192) NOT NULL DEFAULT '',
  `index_name` varchar(192) NOT NULL DEFAULT '',
  `fields` bigint(21) unsigned NOT NULL DEFAULT '0',
  `rows_per_key` varchar(256) NOT NULL DEFAULT '',
  `index_total_pages` bigint(21) unsigned NOT NULL DEFAULT '0',
  `index_leaf_pages` bigint(21) unsigned NOT NULL DEFAULT '0'
) ENGINE=MEMORY DEFAULT CHARSET=utf8;

--
-- Dumping data for table `INNODB_INDEX_STATS`
--

-- in use (#1227 - Access denied; you need (at least one of) the PROCESS privilege(s) for this operation)

-- --------------------------------------------------------

--
-- Table structure for table `INNODB_CMP`
--

CREATE TEMPORARY TABLE `INNODB_CMP` (
  `page_size` int(5) NOT NULL DEFAULT '0',
  `compress_ops` int(11) NOT NULL DEFAULT '0',
  `compress_ops_ok` int(11) NOT NULL DEFAULT '0',
  `compress_time` int(11) NOT NULL DEFAULT '0',
  `uncompress_ops` int(11) NOT NULL DEFAULT '0',
  `uncompress_time` int(11) NOT NULL DEFAULT '0'
) ENGINE=MEMORY DEFAULT CHARSET=utf8;

--
-- Dumping data for table `INNODB_CMP`
--

-- in use (#1227 - Access denied; you need (at least one of) the PROCESS privilege(s) for this operation)

-- --------------------------------------------------------

--
-- Table structure for table `INNODB_CMP_RESET`
--

CREATE TEMPORARY TABLE `INNODB_CMP_RESET` (
  `page_size` int(5) NOT NULL DEFAULT '0',
  `compress_ops` int(11) NOT NULL DEFAULT '0',
  `compress_ops_ok` int(11) NOT NULL DEFAULT '0',
  `compress_time` int(11) NOT NULL DEFAULT '0',
  `uncompress_ops` int(11) NOT NULL DEFAULT '0',
  `uncompress_time` int(11) NOT NULL DEFAULT '0'
) ENGINE=MEMORY DEFAULT CHARSET=utf8;

--
-- Dumping data for table `INNODB_CMP_RESET`
--

-- in use (#1227 - Access denied; you need (at least one of) the PROCESS privilege(s) for this operation)

-- --------------------------------------------------------

--
-- Table structure for table `INNODB_CHANGED_PAGES`
--

CREATE TEMPORARY TABLE `INNODB_CHANGED_PAGES` (
  `space_id` int(11) unsigned NOT NULL DEFAULT '0',
  `page_id` int(11) unsigned NOT NULL DEFAULT '0',
  `start_lsn` bigint(21) unsigned NOT NULL DEFAULT '0',
  `end_lsn` bigint(21) unsigned NOT NULL DEFAULT '0'
) ENGINE=MEMORY DEFAULT CHARSET=utf8;

--
-- Dumping data for table `INNODB_CHANGED_PAGES`
--

-- in use (#1227 - Access denied; you need (at least one of) the PROCESS privilege(s) for this operation)

-- --------------------------------------------------------

--
-- Table structure for table `INNODB_BUFFER_POOL_PAGES`
--

CREATE TEMPORARY TABLE `INNODB_BUFFER_POOL_PAGES` (
  `page_type` varchar(64) DEFAULT NULL,
  `space_id` bigint(21) unsigned NOT NULL DEFAULT '0',
  `page_no` bigint(21) unsigned NOT NULL DEFAULT '0',
  `lru_position` bigint(21) unsigned NOT NULL DEFAULT '0',
  `fix_count` bigint(21) unsigned NOT NULL DEFAULT '0',
  `flush_type` bigint(21) unsigned NOT NULL DEFAULT '0'
) ENGINE=MEMORY DEFAULT CHARSET=utf8;

--
-- Dumping data for table `INNODB_BUFFER_POOL_PAGES`
--

-- in use (#1227 - Access denied; you need (at least one of) the PROCESS privilege(s) for this operation)

-- --------------------------------------------------------

--
-- Table structure for table `INNODB_TRX`
--

CREATE TEMPORARY TABLE `INNODB_TRX` (
  `trx_id` varchar(18) NOT NULL DEFAULT '',
  `trx_state` varchar(13) NOT NULL DEFAULT '',
  `trx_started` datetime NOT NULL DEFAULT '0000-00-00 00:00:00',
  `trx_requested_lock_id` varchar(81) DEFAULT NULL,
  `trx_wait_started` datetime DEFAULT NULL,
  `trx_weight` bigint(21) unsigned NOT NULL DEFAULT '0',
  `trx_mysql_thread_id` bigint(21) unsigned NOT NULL DEFAULT '0',
  `trx_query` varchar(1024) DEFAULT NULL,
  `trx_operation_state` varchar(64) DEFAULT NULL,
  `trx_tables_in_use` bigint(21) unsigned NOT NULL DEFAULT '0',
  `trx_tables_locked` bigint(21) unsigned NOT NULL DEFAULT '0',
  `trx_lock_structs` bigint(21) unsigned NOT NULL DEFAULT '0',
  `trx_lock_memory_bytes` bigint(21) unsigned NOT NULL DEFAULT '0',
  `trx_rows_locked` bigint(21) unsigned NOT NULL DEFAULT '0',
  `trx_rows_modified` bigint(21) unsigned NOT NULL DEFAULT '0',
  `trx_concurrency_tickets` bigint(21) unsigned NOT NULL DEFAULT '0',
  `trx_isolation_level` varchar(16) NOT NULL DEFAULT '',
  `trx_unique_checks` int(1) NOT NULL DEFAULT '0',
  `trx_foreign_key_checks` int(1) NOT NULL DEFAULT '0',
  `trx_last_foreign_key_error` varchar(256) DEFAULT NULL,
  `trx_adaptive_hash_latched` int(1) NOT NULL DEFAULT '0',
  `trx_adaptive_hash_timeout` bigint(21) unsigned NOT NULL DEFAULT '0'
) ENGINE=MEMORY DEFAULT CHARSET=utf8;

--
-- Dumping data for table `INNODB_TRX`
--

-- in use (#1227 - Access denied; you need (at least one of) the PROCESS privilege(s) for this operation)

-- --------------------------------------------------------

--
-- Table structure for table `INNODB_BUFFER_POOL_PAGES_INDEX`
--

CREATE TEMPORARY TABLE `INNODB_BUFFER_POOL_PAGES_INDEX` (
  `index_id` bigint(21) unsigned NOT NULL DEFAULT '0',
  `space_id` bigint(21) unsigned NOT NULL DEFAULT '0',
  `page_no` bigint(21) unsigned NOT NULL DEFAULT '0',
  `n_recs` bigint(21) unsigned NOT NULL DEFAULT '0',
  `data_size` bigint(21) unsigned NOT NULL DEFAULT '0',
  `hashed` bigint(21) unsigned NOT NULL DEFAULT '0',
  `access_time` bigint(21) unsigned NOT NULL DEFAULT '0',
  `modified` bigint(21) unsigned NOT NULL DEFAULT '0',
  `dirty` bigint(21) unsigned NOT NULL DEFAULT '0',
  `old` bigint(21) unsigned NOT NULL DEFAULT '0',
  `lru_position` bigint(21) unsigned NOT NULL DEFAULT '0',
  `fix_count` bigint(21) unsigned NOT NULL DEFAULT '0',
  `flush_type` bigint(21) unsigned NOT NULL DEFAULT '0'
) ENGINE=MEMORY DEFAULT CHARSET=utf8;

--
-- Dumping data for table `INNODB_BUFFER_POOL_PAGES_INDEX`
--

-- in use (#1227 - Access denied; you need (at least one of) the PROCESS privilege(s) for this operation)

-- --------------------------------------------------------

--
-- Table structure for table `INNODB_LOCKS`
--

CREATE TEMPORARY TABLE `INNODB_LOCKS` (
  `lock_id` varchar(81) NOT NULL DEFAULT '',
  `lock_trx_id` varchar(18) NOT NULL DEFAULT '',
  `lock_mode` varchar(32) NOT NULL DEFAULT '',
  `lock_type` varchar(32) NOT NULL DEFAULT '',
  `lock_table` varchar(1024) NOT NULL DEFAULT '',
  `lock_index` varchar(1024) DEFAULT NULL,
  `lock_space` bigint(21) unsigned DEFAULT NULL,
  `lock_page` bigint(21) unsigned DEFAULT NULL,
  `lock_rec` bigint(21) unsigned DEFAULT NULL,
  `lock_data` varchar(8192) DEFAULT NULL
) ENGINE=MEMORY DEFAULT CHARSET=utf8;

--
-- Dumping data for table `INNODB_LOCKS`
--

-- in use (#1227 - Access denied; you need (at least one of) the PROCESS privilege(s) for this operation)

-- --------------------------------------------------------

--
-- Table structure for table `INNODB_BUFFER_POOL_PAGES_BLOB`
--

CREATE TEMPORARY TABLE `INNODB_BUFFER_POOL_PAGES_BLOB` (
  `space_id` bigint(21) unsigned NOT NULL DEFAULT '0',
  `page_no` bigint(21) unsigned NOT NULL DEFAULT '0',
  `compressed` bigint(21) unsigned NOT NULL DEFAULT '0',
  `part_len` bigint(21) unsigned NOT NULL DEFAULT '0',
  `next_page_no` bigint(21) unsigned NOT NULL DEFAULT '0',
  `lru_position` bigint(21) unsigned NOT NULL DEFAULT '0',
  `fix_count` bigint(21) unsigned NOT NULL DEFAULT '0',
  `flush_type` bigint(21) unsigned NOT NULL DEFAULT '0'
) ENGINE=MEMORY DEFAULT CHARSET=utf8;

--
-- Dumping data for table `INNODB_BUFFER_POOL_PAGES_BLOB`
--

-- in use (#1227 - Access denied; you need (at least one of) the PROCESS privilege(s) for this operation)

-- --------------------------------------------------------

--
-- Table structure for table `INNODB_SYS_TABLES`
--

CREATE TEMPORARY TABLE `INNODB_SYS_TABLES` (
  `TABLE_ID` bigint(21) unsigned NOT NULL DEFAULT '0',
  `SCHEMA` varchar(193) NOT NULL DEFAULT '',
  `NAME` varchar(193) NOT NULL DEFAULT '',
  `FLAG` int(11) NOT NULL DEFAULT '0',
  `N_COLS` int(11) NOT NULL DEFAULT '0',
  `SPACE` int(11) NOT NULL DEFAULT '0'
) ENGINE=MEMORY DEFAULT CHARSET=utf8;

--
-- Dumping data for table `INNODB_SYS_TABLES`
--

-- in use (#1227 - Access denied; you need (at least one of) the PROCESS privilege(s) for this operation)

-- --------------------------------------------------------

--
-- Table structure for table `INNODB_SYS_FIELDS`
--

CREATE TEMPORARY TABLE `INNODB_SYS_FIELDS` (
  `INDEX_ID` bigint(21) unsigned NOT NULL DEFAULT '0',
  `NAME` varchar(193) NOT NULL DEFAULT '',
  `POS` int(11) unsigned NOT NULL DEFAULT '0'
) ENGINE=MEMORY DEFAULT CHARSET=utf8;

--
-- Dumping data for table `INNODB_SYS_FIELDS`
--

-- in use (#1227 - Access denied; you need (at least one of) the PROCESS privilege(s) for this operation)

-- --------------------------------------------------------

--
-- Table structure for table `INNODB_SYS_COLUMNS`
--

CREATE TEMPORARY TABLE `INNODB_SYS_COLUMNS` (
  `TABLE_ID` bigint(21) unsigned NOT NULL DEFAULT '0',
  `NAME` varchar(193) NOT NULL DEFAULT '',
  `POS` bigint(21) unsigned NOT NULL DEFAULT '0',
  `MTYPE` int(11) NOT NULL DEFAULT '0',
  `PRTYPE` int(11) NOT NULL DEFAULT '0',
  `LEN` int(11) NOT NULL DEFAULT '0'
) ENGINE=MEMORY DEFAULT CHARSET=utf8;

--
-- Dumping data for table `INNODB_SYS_COLUMNS`
--

-- in use (#1227 - Access denied; you need (at least one of) the PROCESS privilege(s) for this operation)

-- --------------------------------------------------------

--
-- Table structure for table `INNODB_BUFFER_PAGE`
--

CREATE TEMPORARY TABLE `INNODB_BUFFER_PAGE` (
  `POOL_ID` bigint(21) unsigned NOT NULL DEFAULT '0',
  `BLOCK_ID` bigint(21) unsigned NOT NULL DEFAULT '0',
  `SPACE` bigint(21) unsigned NOT NULL DEFAULT '0',
  `PAGE_NUMBER` bigint(21) unsigned NOT NULL DEFAULT '0',
  `PAGE_TYPE` varchar(64) DEFAULT NULL,
  `FLUSH_TYPE` bigint(21) unsigned NOT NULL DEFAULT '0',
  `FIX_COUNT` bigint(21) unsigned NOT NULL DEFAULT '0',
  `IS_HASHED` varchar(3) DEFAULT NULL,
  `NEWEST_MODIFICATION` bigint(21) unsigned NOT NULL DEFAULT '0',
  `OLDEST_MODIFICATION` bigint(21) unsigned NOT NULL DEFAULT '0',
  `ACCESS_TIME` bigint(21) unsigned NOT NULL DEFAULT '0',
  `TABLE_NAME` varchar(1024) DEFAULT NULL,
  `INDEX_NAME` varchar(1024) DEFAULT NULL,
  `NUMBER_RECORDS` bigint(21) unsigned NOT NULL DEFAULT '0',
  `DATA_SIZE` bigint(21) unsigned NOT NULL DEFAULT '0',
  `COMPRESSED_SIZE` bigint(21) unsigned NOT NULL DEFAULT '0',
  `PAGE_STATE` varchar(64) DEFAULT NULL,
  `IO_FIX` varchar(64) DEFAULT NULL,
  `IS_OLD` varchar(3) DEFAULT NULL,
  `FREE_PAGE_CLOCK` bigint(21) unsigned NOT NULL DEFAULT '0'
) ENGINE=MEMORY DEFAULT CHARSET=utf8;

--
-- Dumping data for table `INNODB_BUFFER_PAGE`
--

-- in use (#1227 - Access denied; you need (at least one of) the PROCESS privilege(s) for this operation)

-- --------------------------------------------------------

--
-- Table structure for table `INNODB_SYS_STATS`
--

CREATE TEMPORARY TABLE `INNODB_SYS_STATS` (
  `INDEX_ID` bigint(21) unsigned NOT NULL DEFAULT '0',
  `KEY_COLS` int(11) unsigned NOT NULL DEFAULT '0',
  `DIFF_VALS` bigint(21) unsigned NOT NULL DEFAULT '0',
  `NON_NULL_VALS` bigint(21) unsigned DEFAULT NULL
) ENGINE=MEMORY DEFAULT CHARSET=utf8;

--
-- Dumping data for table `INNODB_SYS_STATS`
--

-- in use (#1227 - Access denied; you need (at least one of) the PROCESS privilege(s) for this operation)

-- --------------------------------------------------------

--
-- Table structure for table `INNODB_SYS_FOREIGN`
--

CREATE TEMPORARY TABLE `INNODB_SYS_FOREIGN` (
  `ID` varchar(193) NOT NULL DEFAULT '',
  `FOR_NAME` varchar(193) NOT NULL DEFAULT '',
  `REF_NAME` varchar(193) NOT NULL DEFAULT '',
  `N_COLS` int(11) unsigned NOT NULL DEFAULT '0',
  `TYPE` int(11) unsigned NOT NULL DEFAULT '0'
) ENGINE=MEMORY DEFAULT CHARSET=utf8;

--
-- Dumping data for table `INNODB_SYS_FOREIGN`
--

-- in use (#1227 - Access denied; you need (at least one of) the PROCESS privilege(s) for this operation)

-- --------------------------------------------------------

--
-- Table structure for table `INNODB_SYS_INDEXES`
--

CREATE TEMPORARY TABLE `INNODB_SYS_INDEXES` (
  `INDEX_ID` bigint(21) unsigned NOT NULL DEFAULT '0',
  `NAME` varchar(193) NOT NULL DEFAULT '',
  `TABLE_ID` bigint(21) unsigned NOT NULL DEFAULT '0',
  `TYPE` int(11) NOT NULL DEFAULT '0',
  `N_FIELDS` int(11) NOT NULL DEFAULT '0',
  `PAGE_NO` int(11) NOT NULL DEFAULT '0',
  `SPACE` int(11) NOT NULL DEFAULT '0'
) ENGINE=MEMORY DEFAULT CHARSET=utf8;

--
-- Dumping data for table `INNODB_SYS_INDEXES`
--

-- in use (#1227 - Access denied; you need (at least one of) the PROCESS privilege(s) for this operation)

-- --------------------------------------------------------

--
-- Table structure for table `XTRADB_ADMIN_COMMAND`
--

CREATE TEMPORARY TABLE `XTRADB_ADMIN_COMMAND` (
  `result_message` varchar(1024) NOT NULL DEFAULT ''
) ENGINE=MEMORY DEFAULT CHARSET=utf8;

--
-- Dumping data for table `XTRADB_ADMIN_COMMAND`
--

-- in use (#1227 - Access denied; you need (at least one of) the PROCESS privilege(s) for this operation)

-- --------------------------------------------------------

--
-- Table structure for table `INNODB_TABLE_STATS`
--

CREATE TEMPORARY TABLE `INNODB_TABLE_STATS` (
  `table_schema` varchar(192) NOT NULL DEFAULT '',
  `table_name` varchar(192) NOT NULL DEFAULT '',
  `rows` bigint(21) unsigned NOT NULL DEFAULT '0',
  `clust_size` bigint(21) unsigned NOT NULL DEFAULT '0',
  `other_size` bigint(21) unsigned NOT NULL DEFAULT '0',
  `modified` bigint(21) unsigned NOT NULL DEFAULT '0'
) ENGINE=MEMORY DEFAULT CHARSET=utf8;

--
-- Dumping data for table `INNODB_TABLE_STATS`
--

-- in use (#1227 - Access denied; you need (at least one of) the PROCESS privilege(s) for this operation)

-- --------------------------------------------------------

--
-- Table structure for table `INNODB_SYS_FOREIGN_COLS`
--

CREATE TEMPORARY TABLE `INNODB_SYS_FOREIGN_COLS` (
  `ID` varchar(193) NOT NULL DEFAULT '',
  `FOR_COL_NAME` varchar(193) NOT NULL DEFAULT '',
  `REF_COL_NAME` varchar(193) NOT NULL DEFAULT '',
  `POS` int(11) unsigned NOT NULL DEFAULT '0'
) ENGINE=MEMORY DEFAULT CHARSET=utf8;

--
-- Dumping data for table `INNODB_SYS_FOREIGN_COLS`
--

-- in use (#1227 - Access denied; you need (at least one of) the PROCESS privilege(s) for this operation)

-- --------------------------------------------------------

--
-- Table structure for table `INNODB_BUFFER_PAGE_LRU`
--

CREATE TEMPORARY TABLE `INNODB_BUFFER_PAGE_LRU` (
  `POOL_ID` bigint(21) unsigned NOT NULL DEFAULT '0',
  `LRU_POSITION` bigint(21) unsigned NOT NULL DEFAULT '0',
  `SPACE` bigint(21) unsigned NOT NULL DEFAULT '0',
  `PAGE_NUMBER` bigint(21) unsigned NOT NULL DEFAULT '0',
  `PAGE_TYPE` varchar(64) DEFAULT NULL,
  `FLUSH_TYPE` bigint(21) unsigned NOT NULL DEFAULT '0',
  `FIX_COUNT` bigint(21) unsigned NOT NULL DEFAULT '0',
  `IS_HASHED` varchar(3) DEFAULT NULL,
  `NEWEST_MODIFICATION` bigint(21) unsigned NOT NULL DEFAULT '0',
  `OLDEST_MODIFICATION` bigint(21) unsigned NOT NULL DEFAULT '0',
  `ACCESS_TIME` bigint(21) unsigned NOT NULL DEFAULT '0',
  `TABLE_NAME` varchar(1024) DEFAULT NULL,
  `INDEX_NAME` varchar(1024) DEFAULT NULL,
  `NUMBER_RECORDS` bigint(21) unsigned NOT NULL DEFAULT '0',
  `DATA_SIZE` bigint(21) unsigned NOT NULL DEFAULT '0',
  `COMPRESSED_SIZE` bigint(21) unsigned NOT NULL DEFAULT '0',
  `COMPRESSED` varchar(3) DEFAULT NULL,
  `IO_FIX` varchar(64) DEFAULT NULL,
  `IS_OLD` varchar(3) DEFAULT NULL,
  `FREE_PAGE_CLOCK` bigint(21) unsigned NOT NULL DEFAULT '0'
) ENGINE=MEMORY DEFAULT CHARSET=utf8;

--
-- Dumping data for table `INNODB_BUFFER_PAGE_LRU`
--

-- in use (#1227 - Access denied; you need (at least one of) the PROCESS privilege(s) for this operation)

-- --------------------------------------------------------

--
-- Table structure for table `INNODB_BUFFER_POOL_STATS`
--

CREATE TEMPORARY TABLE `INNODB_BUFFER_POOL_STATS` (
  `POOL_ID` bigint(21) unsigned NOT NULL DEFAULT '0',
  `POOL_SIZE` bigint(21) unsigned NOT NULL DEFAULT '0',
  `FREE_BUFFERS` bigint(21) unsigned NOT NULL DEFAULT '0',
  `DATABASE_PAGES` bigint(21) unsigned NOT NULL DEFAULT '0',
  `OLD_DATABASE_PAGES` bigint(21) unsigned NOT NULL DEFAULT '0',
  `MODIFIED_DATABASE_PAGES` bigint(21) unsigned NOT NULL DEFAULT '0',
  `PENDING_DECOMPRESS` bigint(21) unsigned NOT NULL DEFAULT '0',
  `PENDING_READS` bigint(21) unsigned NOT NULL DEFAULT '0',
  `PENDING_FLUSH_LRU` bigint(21) unsigned NOT NULL DEFAULT '0',
  `PENDING_FLUSH_LIST` bigint(21) unsigned NOT NULL DEFAULT '0',
  `PAGES_MADE_YOUNG` bigint(21) unsigned NOT NULL DEFAULT '0',
  `PAGES_NOT_MADE_YOUNG` bigint(21) unsigned NOT NULL DEFAULT '0',
  `PAGES_MADE_YOUNG_RATE` double NOT NULL DEFAULT '0',
  `PAGES_MADE_NOT_YOUNG_RATE` double NOT NULL DEFAULT '0',
  `NUMBER_PAGES_READ` bigint(21) unsigned NOT NULL DEFAULT '0',
  `NUMBER_PAGES_CREATED` bigint(21) unsigned NOT NULL DEFAULT '0',
  `NUMBER_PAGES_WRITTEN` bigint(21) unsigned NOT NULL DEFAULT '0',
  `PAGES_READ_RATE` double NOT NULL DEFAULT '0',
  `PAGES_CREATE_RATE` double NOT NULL DEFAULT '0',
  `PAGES_WRITTEN_RATE` double NOT NULL DEFAULT '0',
  `NUMBER_PAGES_GET` bigint(21) unsigned NOT NULL DEFAULT '0',
  `HIT_RATE` bigint(21) unsigned NOT NULL DEFAULT '0',
  `YOUNG_MAKE_PER_THOUSAND_GETS` bigint(21) unsigned NOT NULL DEFAULT '0',
  `NOT_YOUNG_MAKE_PER_THOUSAND_GETS` bigint(21) unsigned NOT NULL DEFAULT '0',
  `NUMBER_PAGES_READ_AHEAD` bigint(21) unsigned NOT NULL DEFAULT '0',
  `NUMBER_READ_AHEAD_EVICTED` bigint(21) unsigned NOT NULL DEFAULT '0',
  `READ_AHEAD_RATE` double NOT NULL DEFAULT '0',
  `READ_AHEAD_EVICTED_RATE` double NOT NULL DEFAULT '0',
  `LRU_IO_TOTAL` bigint(21) unsigned NOT NULL DEFAULT '0',
  `LRU_IO_CURRENT` bigint(21) unsigned NOT NULL DEFAULT '0',
  `UNCOMPRESS_TOTAL` bigint(21) unsigned NOT NULL DEFAULT '0',
  `UNCOMPRESS_CURRENT` bigint(21) unsigned NOT NULL DEFAULT '0'
) ENGINE=MEMORY DEFAULT CHARSET=utf8;

--
-- Dumping data for table `INNODB_BUFFER_POOL_STATS`
--

-- in use (#1227 - Access denied; you need (at least one of) the PROCESS privilege(s) for this operation)
--
-- Database: `swatimobecourtDB`
--
CREATE DATABASE `swatimobecourtDB` DEFAULT CHARACTER SET latin1 COLLATE latin1_swedish_ci;
USE `swatimobecourtDB`;

-- --------------------------------------------------------

--
-- Table structure for table `admin`
--

CREATE TABLE `admin` (
  `admin_id` int(11) NOT NULL AUTO_INCREMENT,
  `username` varchar(50) DEFAULT NULL,
  `email` varchar(100) DEFAULT NULL,
  PRIMARY KEY (`admin_id`)
) ENGINE=InnoDB DEFAULT CHARSET=latin1 AUTO_INCREMENT=1 ;

--
-- Dumping data for table `admin`
--


-- --------------------------------------------------------

--
-- Table structure for table `banner`
--

CREATE TABLE `banner` (
  `id` int(10) NOT NULL AUTO_INCREMENT,
  `images` varchar(50) NOT NULL,
  `status` varchar(50) NOT NULL,
  `title` varchar(100) NOT NULL,
  `website_link` text CHARACTER SET utf8 NOT NULL,
  PRIMARY KEY (`id`)
) ENGINE=InnoDB  DEFAULT CHARSET=latin1 AUTO_INCREMENT=30 ;

--
-- Dumping data for table `banner`
--

INSERT INTO `banner` VALUES(1, 'slide3.jpg', 'Enabled', 'E-Court Canada Networking', 'E-Court Canada Networking');
INSERT INTO `banner` VALUES(2, '0PA_Banner5.jpg', 'Enabled', 'Advisory Council', 'Advisory Council');
INSERT INTO `banner` VALUES(3, 'court1.jpg', 'Enabled', 'E-Court Canada Online', 'E-Court Canada Online');
INSERT INTO `banner` VALUES(4, 'slide2.jpg', 'Enabled', 'E-Court Canada offline', 'E-Court Canada offline');
INSERT INTO `banner` VALUES(28, '0commercial_litigation_banner1.jpg', 'Enabled', 'E- Court Management', 'E- Court Management');
INSERT INTO `banner` VALUES(29, '0PA_Banner3.jpg', 'Enabled', 'E-Court Canada', 'E-Court Canada');

-- --------------------------------------------------------

--
-- Table structure for table `calendar`
--

CREATE TABLE `calendar` (
  `id` int(11) NOT NULL AUTO_INCREMENT,
  `title` varchar(55) NOT NULL,
  `description` text NOT NULL,
  `start` datetime NOT NULL,
  `end` datetime NOT NULL,
  PRIMARY KEY (`id`)
) ENGINE=InnoDB  DEFAULT CHARSET=latin1 AUTO_INCREMENT=14 ;

--
-- Dumping data for table `calendar`
--

INSERT INTO `calendar` VALUES(2, 'birthday', 'party', '2014-09-24 12:00:00', '2014-09-24 03:00:00');
INSERT INTO `calendar` VALUES(3, 'office', 'holiday', '2014-09-23 01:10:00', '0000-00-00 00:00:00');
INSERT INTO `calendar` VALUES(8, 'e-Court Meeting', '      On this ......', '2014-09-29 00:00:00', '2014-09-30 00:00:00');
INSERT INTO `calendar` VALUES(11, 'Case Events', '      HIII', '2014-10-10 00:00:00', '2014-10-12 00:00:00');
INSERT INTO `calendar` VALUES(13, 'meeting', '      new event', '2014-10-13 00:00:00', '2014-10-13 00:00:00');

-- --------------------------------------------------------

--
-- Table structure for table `calendar_urls`
--

CREATE TABLE `calendar_urls` (
  `id` int(11) NOT NULL AUTO_INCREMENT,
  `calendar_array` text NOT NULL,
  PRIMARY KEY (`id`)
) ENGINE=InnoDB  DEFAULT CHARSET=latin1 AUTO_INCREMENT=3 ;

--
-- Dumping data for table `calendar_urls`
--

INSERT INTO `calendar_urls` VALUES(1, '''events.php''');
INSERT INTO `calendar_urls` VALUES(2, '''https://www.google.com/calendar/feeds/kelchuk68%40gmail.com/public/basic''');

-- --------------------------------------------------------

--
-- Table structure for table `chat`
--

CREATE TABLE `chat` (
  `id` int(10) unsigned NOT NULL AUTO_INCREMENT,
  `from` varchar(255) NOT NULL DEFAULT '',
  `to` varchar(255) NOT NULL DEFAULT '',
  `message` text NOT NULL,
  `sent` datetime NOT NULL DEFAULT '0000-00-00 00:00:00',
  `recd` int(10) unsigned NOT NULL DEFAULT '0',
  PRIMARY KEY (`id`)
) ENGINE=InnoDB  DEFAULT CHARSET=latin1 AUTO_INCREMENT=41 ;

--
-- Dumping data for table `chat`
--


-- --------------------------------------------------------

--
-- Table structure for table `contact`
--

CREATE TABLE `contact` (
  `id` int(5) NOT NULL AUTO_INCREMENT,
  `first_name` varchar(200) NOT NULL,
  `last_name` varchar(200) NOT NULL,
  `company_name` varchar(500) NOT NULL,
  `job_title` varchar(500) NOT NULL,
  `email` varchar(200) NOT NULL,
  `country` varchar(250) NOT NULL,
  `telephone` varchar(100) NOT NULL,
  `im` varchar(100) NOT NULL,
  `im_input` varchar(200) NOT NULL,
  `website` varchar(1000) NOT NULL,
  `currency` varchar(200) NOT NULL,
  `file_name` varchar(300) NOT NULL,
  `message` text NOT NULL,
  `c_date` varchar(100) NOT NULL,
  PRIMARY KEY (`id`)
) ENGINE=InnoDB  DEFAULT CHARSET=latin1 AUTO_INCREMENT=2 ;

--
-- Dumping data for table `contact`
--

INSERT INTO `contact` VALUES(1, 'shikha', 'dubey', 'sss', 'sss', 'sss@gmail.com', 'Iceland', '87765757', 'gtalk', '', 'http://s', 'jpy', '3768', 'dwdwqd', '2013-05-15');

-- --------------------------------------------------------

--
-- Table structure for table `country`
--

CREATE TABLE `country` (
  `country_id` int(11) NOT NULL AUTO_INCREMENT,
  `count_name` varchar(500) DEFAULT NULL,
  `flag` varchar(255) NOT NULL,
  PRIMARY KEY (`country_id`)
) ENGINE=InnoDB  DEFAULT CHARSET=latin1 AUTO_INCREMENT=215 ;

--
-- Dumping data for table `country`
--

INSERT INTO `country` VALUES(1, 'Afghanistan', 'Afghanistan.png');
INSERT INTO `country` VALUES(2, 'Alaska', '');
INSERT INTO `country` VALUES(3, 'Albania', 'Albania.png');
INSERT INTO `country` VALUES(4, 'Algeria', 'Algeria.png');
INSERT INTO `country` VALUES(5, 'American Samoa', 'American_Samoa.png');
INSERT INTO `country` VALUES(6, 'Andorra', 'Andorra.png');
INSERT INTO `country` VALUES(7, 'Angola', 'Angola.png');
INSERT INTO `country` VALUES(8, 'Anguilla', 'Anguilla.png');
INSERT INTO `country` VALUES(9, 'Antigua', 'Antigua.png');
INSERT INTO `country` VALUES(10, 'Argentina', 'Argentina.png');
INSERT INTO `country` VALUES(11, 'Armenia', 'Armenia.png');
INSERT INTO `country` VALUES(12, 'Aruba', 'Aruba.png');
INSERT INTO `country` VALUES(13, 'Ascention Island', '');
INSERT INTO `country` VALUES(14, 'Australia', 'Australia.png');
INSERT INTO `country` VALUES(15, 'Austria', 'Austria.png');
INSERT INTO `country` VALUES(16, 'Azerbaijan', 'Azerbaijan.png');
INSERT INTO `country` VALUES(17, 'Azores', '');
INSERT INTO `country` VALUES(18, 'Bahamas', 'Bahamas.png');
INSERT INTO `country` VALUES(19, 'Bahrain', 'Bahrain.png');
INSERT INTO `country` VALUES(20, 'Bangladesh', 'Bangladesh.png');
INSERT INTO `country` VALUES(21, 'Barbados', 'Barbados.png');
INSERT INTO `country` VALUES(22, 'Belarus', 'Belarus.png');
INSERT INTO `country` VALUES(23, 'Belgium', 'Belgium.png');
INSERT INTO `country` VALUES(24, 'Belize', 'Belize.png');
INSERT INTO `country` VALUES(25, 'Benin', 'Benin.png');
INSERT INTO `country` VALUES(26, 'Bermuda', 'Bermuda.png');
INSERT INTO `country` VALUES(27, 'Bhutan', 'Bhutan.png');
INSERT INTO `country` VALUES(28, 'Bosnia and Herzegovina', 'Bosnia_&_Herzegovina.png');
INSERT INTO `country` VALUES(29, 'Botswana', 'Botswana.png');
INSERT INTO `country` VALUES(30, 'Brazil', 'Brazil.png');
INSERT INTO `country` VALUES(31, 'Brunei Darussalam', 'Brunei.png');
INSERT INTO `country` VALUES(32, 'Bulgaria', 'Bulgaria.png');
INSERT INTO `country` VALUES(33, 'Burkina Faso', 'Burkina_Faso.png');
INSERT INTO `country` VALUES(34, 'Burundi', 'Burundi.png');
INSERT INTO `country` VALUES(35, 'Cameroon', 'Cameroon.png');
INSERT INTO `country` VALUES(36, 'Canada', 'Canada.png');
INSERT INTO `country` VALUES(37, 'Canary Island', '');
INSERT INTO `country` VALUES(38, 'Cape Verde', 'Cape_Verde.png');
INSERT INTO `country` VALUES(39, 'Cayman Islands', 'Cayman_Islands.png');
INSERT INTO `country` VALUES(40, 'Central African Republic', 'Central_African_Republic.png');
INSERT INTO `country` VALUES(41, 'Chad', 'Chad.png');
INSERT INTO `country` VALUES(42, 'Chile', 'Chile.png');
INSERT INTO `country` VALUES(43, 'China', 'China.png');
INSERT INTO `country` VALUES(44, 'Christmas Island', '');
INSERT INTO `country` VALUES(45, 'Ciskei', '');
INSERT INTO `country` VALUES(46, 'Colombia', 'Colombia.png');
INSERT INTO `country` VALUES(47, 'Comoros', '');
INSERT INTO `country` VALUES(48, 'Congo', 'Congo-Brazzaville.png');
INSERT INTO `country` VALUES(49, 'Costa Rica', 'Costa_Rica.png');
INSERT INTO `country` VALUES(50, 'Croatia (Hrvatska)', 'Croatia.png');
INSERT INTO `country` VALUES(51, 'Cuba', 'Cuba.png');
INSERT INTO `country` VALUES(52, 'Cyprus', 'Cyprus.png');
INSERT INTO `country` VALUES(53, 'Czech Republic', 'Czech_Republic.png');
INSERT INTO `country` VALUES(54, 'Denmark', 'Denmark.png');
INSERT INTO `country` VALUES(55, 'Diego Garcia', '');
INSERT INTO `country` VALUES(56, 'Djibouti', 'Djibouti.png');
INSERT INTO `country` VALUES(57, 'Dominican Republic', 'Dominican_Republic.png');
INSERT INTO `country` VALUES(58, 'East Timor', '');
INSERT INTO `country` VALUES(59, 'Ecuador', 'Ecuador.png');
INSERT INTO `country` VALUES(60, 'Egypt', 'Egypt.png');
INSERT INTO `country` VALUES(61, 'El Salvador', '');
INSERT INTO `country` VALUES(62, 'Eritrea', 'Eritrea.png');
INSERT INTO `country` VALUES(63, 'Estonia', '');
INSERT INTO `country` VALUES(64, 'Ethiopia', 'Ethiopia.png');
INSERT INTO `country` VALUES(65, 'Falkland Island', '');
INSERT INTO `country` VALUES(66, 'Faroe Island', '');
INSERT INTO `country` VALUES(67, 'Fiji Islands', 'Fiji.png');
INSERT INTO `country` VALUES(68, 'Finland', 'Finland.png');
INSERT INTO `country` VALUES(69, 'France', 'France.png');
INSERT INTO `country` VALUES(70, 'Gabon', 'Gabon.png');
INSERT INTO `country` VALUES(71, 'Gambia', 'Gambia.png');
INSERT INTO `country` VALUES(72, 'Georgia', 'Georgia.png');
INSERT INTO `country` VALUES(73, 'Germany', 'Germany.png');
INSERT INTO `country` VALUES(74, 'Ghana', 'Ghana.png');
INSERT INTO `country` VALUES(75, 'Gibraltar', 'Gibraltar.png');
INSERT INTO `country` VALUES(76, 'Greece', 'Greece.png');
INSERT INTO `country` VALUES(77, 'Greenland', 'Greenland.png');
INSERT INTO `country` VALUES(78, 'Guadelope', 'Guadeloupe.png');
INSERT INTO `country` VALUES(79, 'Guam', 'Guam.png');
INSERT INTO `country` VALUES(80, 'Guatemala', '');
INSERT INTO `country` VALUES(81, 'Guinea', 'Guinea.png');
INSERT INTO `country` VALUES(82, 'Guinea Bissau', 'Guinea-Bissau.png');
INSERT INTO `country` VALUES(83, 'Guyana', 'Guyana.png');
INSERT INTO `country` VALUES(84, 'Haiti', 'Haiti.png');
INSERT INTO `country` VALUES(85, 'Honduras', 'Honduras.png');
INSERT INTO `country` VALUES(86, 'Hong Kong', 'Hong_Kong.png');
INSERT INTO `country` VALUES(87, 'Hungary', 'Hungary.png');
INSERT INTO `country` VALUES(88, 'Iceland', 'Iceland.png');
INSERT INTO `country` VALUES(89, 'India', 'India.png');
INSERT INTO `country` VALUES(90, 'Indonesia', 'Indonesia.png');
INSERT INTO `country` VALUES(91, 'Iran', 'Iran.png');
INSERT INTO `country` VALUES(92, 'Iraq', 'Iraq.png');
INSERT INTO `country` VALUES(93, 'Ireland', 'Ireland.png');
INSERT INTO `country` VALUES(94, 'Israel', 'Israel.png');
INSERT INTO `country` VALUES(95, 'Italy', 'Italy.png');
INSERT INTO `country` VALUES(96, 'Ivory Coast', '');
INSERT INTO `country` VALUES(97, 'Jamaica', 'Jamaica.png');
INSERT INTO `country` VALUES(98, 'Japan', 'Japan.png');
INSERT INTO `country` VALUES(99, 'Jordan', 'Jordan.png');
INSERT INTO `country` VALUES(100, 'Kampuchea', '');
INSERT INTO `country` VALUES(101, 'Kazakhstan', 'Kazakhstan.png');
INSERT INTO `country` VALUES(102, 'Kenya', 'Kenya.png');
INSERT INTO `country` VALUES(103, 'Kiribati', 'Kiribati.png');
INSERT INTO `country` VALUES(104, 'Korea (North)', '');
INSERT INTO `country` VALUES(105, 'Korea (South)', '');
INSERT INTO `country` VALUES(106, 'Kuwait', 'Kuwait.png');
INSERT INTO `country` VALUES(107, 'Kyrgyzstan', 'Kyrgyzstan.png');
INSERT INTO `country` VALUES(108, 'Laos', 'Loas.png');
INSERT INTO `country` VALUES(109, 'Latvia', 'Latvia.png');
INSERT INTO `country` VALUES(110, 'Lebanon', 'Lebanon.png');
INSERT INTO `country` VALUES(111, 'Lesotho', 'Lesotho.png');
INSERT INTO `country` VALUES(112, 'Liberia', 'Liberia.png');
INSERT INTO `country` VALUES(113, 'Libya', 'Libya.png');
INSERT INTO `country` VALUES(114, 'Lithuania', 'Lithuania.png');
INSERT INTO `country` VALUES(115, 'Luxembourg', 'Luxembourg.png');
INSERT INTO `country` VALUES(116, 'Macau', 'Macao.png');
INSERT INTO `country` VALUES(117, 'Macedonia', 'Macedonia.png');
INSERT INTO `country` VALUES(118, 'Madagascar', 'Madagascar.png');
INSERT INTO `country` VALUES(119, 'Madeira Island', '');
INSERT INTO `country` VALUES(120, 'Malawi', 'Malawi.png');
INSERT INTO `country` VALUES(121, 'Malaysia', 'Malaysia.png');
INSERT INTO `country` VALUES(122, 'Maldives', 'Maldives.png');
INSERT INTO `country` VALUES(123, 'Mali', 'Mali.png');
INSERT INTO `country` VALUES(124, 'Malta', 'Malta.png');
INSERT INTO `country` VALUES(125, 'Marshall Island', 'Marshall_Islands.png');
INSERT INTO `country` VALUES(126, 'Mauritania', 'Mauritania.png');
INSERT INTO `country` VALUES(127, 'Mauritius', 'Mauritius.png');
INSERT INTO `country` VALUES(128, 'Mexico', 'Mexico.png');
INSERT INTO `country` VALUES(129, 'Monaco', 'Monaco.png');
INSERT INTO `country` VALUES(130, 'Mongolia', 'Mongolia.png');
INSERT INTO `country` VALUES(131, 'Morocco', 'Morocco.png');
INSERT INTO `country` VALUES(132, 'Mozambique', 'Mozambique.png');
INSERT INTO `country` VALUES(133, 'Myanmar', 'Myanmar(Burma).png');
INSERT INTO `country` VALUES(134, 'Namibia', 'Namibia.png');
INSERT INTO `country` VALUES(135, 'Nauru', 'Nauru.png');
INSERT INTO `country` VALUES(136, 'Nepal', 'Nepal.png');
INSERT INTO `country` VALUES(137, 'Netherlands', 'Netherlands.png');
INSERT INTO `country` VALUES(138, 'Netherlands Antilles', 'Netherlands_Antilles.png');
INSERT INTO `country` VALUES(139, 'New Zealand', 'New_Zealand.png');
INSERT INTO `country` VALUES(140, 'Nicaragua', 'Nicaragua.png');
INSERT INTO `country` VALUES(141, 'Niger', 'Niger.png');
INSERT INTO `country` VALUES(142, 'Nigeria', 'Nigeria.png');
INSERT INTO `country` VALUES(143, 'Norfolk Island', '');
INSERT INTO `country` VALUES(144, 'Norway', 'Norway.png');
INSERT INTO `country` VALUES(145, 'Oman', 'Oman.png');
INSERT INTO `country` VALUES(146, 'Pakistan', 'Pakistan.png');
INSERT INTO `country` VALUES(147, 'Palau', 'Palau.png');
INSERT INTO `country` VALUES(148, 'Palestine', 'Palestine.png');
INSERT INTO `country` VALUES(149, 'Panama', 'Panama.png');
INSERT INTO `country` VALUES(150, 'Papua New Guinea', 'Papua_New_Guinea.png');
INSERT INTO `country` VALUES(151, 'Paraguay', 'Paraguay.png');
INSERT INTO `country` VALUES(152, 'Peru', 'Peru.png');
INSERT INTO `country` VALUES(153, 'Philippines', 'Philippines.png');
INSERT INTO `country` VALUES(154, 'Poland', 'Poland.png');
INSERT INTO `country` VALUES(155, 'Portugal', 'Portugal.png');
INSERT INTO `country` VALUES(156, 'Puerto Rico', 'Puerto_Rico.png');
INSERT INTO `country` VALUES(157, 'Qatar', 'Qatar.png');
INSERT INTO `country` VALUES(158, 'Romania', 'Romania.png');
INSERT INTO `country` VALUES(159, 'Russia', 'Russian Federation.png');
INSERT INTO `country` VALUES(160, 'Rwanda', 'Rwanda.png');
INSERT INTO `country` VALUES(161, 'Samoa', 'Samoa.png');
INSERT INTO `country` VALUES(162, 'San Marino', 'San_Marino.png');
INSERT INTO `country` VALUES(163, 'Sao Tome', 'Sao_Tome&Principe.png');
INSERT INTO `country` VALUES(164, 'Saudi Arabia', 'Saudi_Arabia.png');
INSERT INTO `country` VALUES(165, 'Senegal', 'Senegal.png');
INSERT INTO `country` VALUES(166, 'Serbia & Montenegro', 'Serbia.png');
INSERT INTO `country` VALUES(167, 'Seychelles', 'Seyshelles.png');
INSERT INTO `country` VALUES(168, 'Sierra Leone', 'Sierra_Leone.png');
INSERT INTO `country` VALUES(169, 'Singapore', 'Singapore.png');
INSERT INTO `country` VALUES(170, 'Slovak Republic', '');
INSERT INTO `country` VALUES(171, 'Slovakia', 'Slovakia.png');
INSERT INTO `country` VALUES(172, 'Slovenia', 'Slovenia.png');
INSERT INTO `country` VALUES(173, 'Solomon Islands', 'Solomon_Islands.png');
INSERT INTO `country` VALUES(174, 'Somalia', 'Somalia.png');
INSERT INTO `country` VALUES(175, 'South Africa', 'South_Afriica.png');
INSERT INTO `country` VALUES(176, 'Spain', 'Spain.png');
INSERT INTO `country` VALUES(177, 'Sri Lanka', 'Sri_Lanka.png');
INSERT INTO `country` VALUES(178, 'St. Kitts & Navis', 'St _Kitts&Nevis.png');
INSERT INTO `country` VALUES(179, 'St. Vincent & Grenadian', 'St_Vincent&the_ Grenadines.png');
INSERT INTO `country` VALUES(180, 'Sudan', 'Sudan.png');
INSERT INTO `country` VALUES(181, 'Suriname', 'Suriname.png');
INSERT INTO `country` VALUES(182, 'Swaziland', 'Swaziland.png');
INSERT INTO `country` VALUES(183, 'Sweden', 'Sweden.png');
INSERT INTO `country` VALUES(184, 'Switzerland', 'Switzerland.png');
INSERT INTO `country` VALUES(185, 'Syria', 'Syria.png');
INSERT INTO `country` VALUES(186, 'Taiwan', 'Taiwan.png');
INSERT INTO `country` VALUES(187, 'Tajikistan', 'Tajikistan.png');
INSERT INTO `country` VALUES(188, 'Tanzania', 'Tanzania.png');
INSERT INTO `country` VALUES(189, 'Thailand', 'Thailand.png');
INSERT INTO `country` VALUES(190, 'Togo', 'Togo.png');
INSERT INTO `country` VALUES(191, 'Tonga', 'Tonga.png');
INSERT INTO `country` VALUES(192, 'Trinidad and Tobago', 'Trinidad&Tobago.png');
INSERT INTO `country` VALUES(193, 'Tunisia', 'Tunisia.png');
INSERT INTO `country` VALUES(194, 'Turkey', 'Turkey.png');
INSERT INTO `country` VALUES(195, 'Turkmenistan', 'Turkmenistan.png');
INSERT INTO `country` VALUES(196, 'Tuvalu', 'Tuvalu.png');
INSERT INTO `country` VALUES(197, 'Uganda', 'Uganda.png');
INSERT INTO `country` VALUES(198, 'Ukraine', 'Ukraine.png');
INSERT INTO `country` VALUES(199, 'United Arab Emirates', 'United_Arab_Emirates.png');
INSERT INTO `country` VALUES(200, 'United Kingdom (UK)', 'United_Kingdom(Great Britain).png');
INSERT INTO `country` VALUES(201, 'Uruguay', 'Uruguay.png');
INSERT INTO `country` VALUES(202, 'USA', 'United_States_of_America.png');
INSERT INTO `country` VALUES(203, 'Uzbekistan', 'Uzbekistan.png');
INSERT INTO `country` VALUES(204, 'Vanatu', 'Vanutau.png');
INSERT INTO `country` VALUES(205, 'Vatican City State (Holy See)', 'Vatican_City.png');
INSERT INTO `country` VALUES(206, 'Venezuela', 'Venezuela.png');
INSERT INTO `country` VALUES(207, 'Vietnam', 'Viet_Nam.png');
INSERT INTO `country` VALUES(208, 'Virgin Island', 'Virgin_Islands_British.png');
INSERT INTO `country` VALUES(209, 'Western Sahara', 'Western_Sahara.png');
INSERT INTO `country` VALUES(210, 'Yemen', 'Yemen.png');
INSERT INTO `country` VALUES(211, 'Yugoslavia', '');
INSERT INTO `country` VALUES(212, 'Zaire', '');
INSERT INTO `country` VALUES(213, 'Zambia', 'Zambia.png');
INSERT INTO `country` VALUES(214, 'Zimbabwe', 'Zimbabwe.png');

-- --------------------------------------------------------

--
-- Table structure for table `court_case`
--

CREATE TABLE `court_case` (
  `case_id` int(11) NOT NULL AUTO_INCREMENT,
  `case_name` varchar(500) NOT NULL,
  `case_date` datetime NOT NULL,
  `status` varchar(11) NOT NULL,
  `user_id` int(11) NOT NULL,
  PRIMARY KEY (`case_id`)
) ENGINE=InnoDB  DEFAULT CHARSET=latin1 AUTO_INCREMENT=8 ;

--
-- Dumping data for table `court_case`
--

INSERT INTO `court_case` VALUES(1, 'Property', '2014-08-14 12:28:22', 'Enabled', 1);
INSERT INTO `court_case` VALUES(3, 'Builder', '2014-08-14 15:55:22', 'Enabled', 2);
INSERT INTO `court_case` VALUES(4, 'Crime', '2014-08-14 12:29:54', 'Enabled', 1);
INSERT INTO `court_case` VALUES(7, 'College', '2014-08-29 00:00:00', 'Enabled', 1);

-- --------------------------------------------------------

--
-- Table structure for table `documents`
--

CREATE TABLE `documents` (
  `doc_id` int(11) NOT NULL AUTO_INCREMENT,
  `file_name` varchar(5000) NOT NULL,
  `status` varchar(11) NOT NULL,
  `user_id` int(11) NOT NULL,
  `case_id` int(11) NOT NULL,
  `date` timestamp NOT NULL DEFAULT CURRENT_TIMESTAMP,
  PRIMARY KEY (`doc_id`)
) ENGINE=InnoDB  DEFAULT CHARSET=latin1 AUTO_INCREMENT=5 ;

--
-- Dumping data for table `documents`
--

INSERT INTO `documents` VALUES(1, 'uploads/Ecourt- Upadate.doc', 'Enabled', 1, 1, '2014-09-02 04:28:06');
INSERT INTO `documents` VALUES(2, 'uploads/invoice.pdf', 'Enabled', 2, 1, '2014-09-02 04:28:06');
INSERT INTO `documents` VALUES(3, 'uploads/Ecourt.doc', 'Enabled', 1, 3, '2014-09-02 04:28:06');
INSERT INTO `documents` VALUES(4, 'uploads/e-court.doc', 'Enabled', 1, 0, '2014-10-01 04:33:20');

-- --------------------------------------------------------

--
-- Table structure for table `dossiers`
--

CREATE TABLE `dossiers` (
  `dos_id` int(11) NOT NULL AUTO_INCREMENT,
  `email` varchar(255) NOT NULL,
  `hst_status` varchar(255) NOT NULL,
  `comp_name` varchar(255) NOT NULL,
  `province` varchar(255) NOT NULL,
  `f_name` varchar(255) NOT NULL,
  `l_name` varchar(255) NOT NULL,
  `address` varchar(255) NOT NULL,
  `phone` bigint(14) NOT NULL,
  `postalcode` int(11) NOT NULL,
  `city` varchar(255) NOT NULL,
  `o_email` varchar(255) NOT NULL,
  `o_hst_status` varchar(255) NOT NULL,
  `o_comp_name` varchar(255) NOT NULL,
  `o_province` varchar(255) NOT NULL,
  `o_f_name` varchar(255) NOT NULL,
  `o_l_name` varchar(255) NOT NULL,
  `o_phone` bigint(14) NOT NULL,
  `o_address` varchar(255) NOT NULL,
  `o_postalcode` int(11) NOT NULL,
  `o_city` varchar(255) NOT NULL,
  `o_counsel` int(11) NOT NULL DEFAULT '0',
  `o_counsel_email` varchar(255) NOT NULL,
  `o_counsel_Fname` varchar(255) NOT NULL,
  `o_counsel_Lname` varchar(255) NOT NULL,
  `amount` varchar(255) NOT NULL,
  `claim_cs` int(11) NOT NULL,
  `date` date NOT NULL,
  `attend_hearing` int(11) NOT NULL DEFAULT '0',
  `desc_case` varchar(1000) NOT NULL,
  `message` varchar(1000) NOT NULL,
  PRIMARY KEY (`dos_id`)
) ENGINE=InnoDB  DEFAULT CHARSET=latin1 AUTO_INCREMENT=11 ;

--
-- Dumping data for table `dossiers`
--

INSERT INTO `dossiers` VALUES(1, '', '', '', '', '', '', '', 0, 0, '', '', '', '', '', '', '', 0, '', 0, '', 0, '', '', '', '', 0, '0000-00-00', 0, '', '');
INSERT INTO `dossiers` VALUES(2, 'admin@gmail.com', '', 'dfg', 'British Columbia', 'deepti', 'sa', 'ashbag', 6572225858, 462010, '', 'admin@gmail.com', '', 'sdf', 'British Columbia', 'deepti', 'n', 6572225858, 'ashbag', 462010, 'bhopal', 0, 'k@gmail.com', 'kjlb', 'kjb', '', 0, '0000-00-00', 0, '', '');
INSERT INTO `dossiers` VALUES(3, '', '', '', '', '', '', '', 0, 0, '', '', '', '', '', '', '', 0, '', 0, '', 0, '', '', '', '', 0, '0000-00-00', 0, '', '');
INSERT INTO `dossiers` VALUES(4, '', '', '', '', '', '', '', 0, 0, '', '', '', '', '', '', '', 0, '', 0, '', 0, '', '', '', '', 0, '0000-00-00', 0, '', '');
INSERT INTO `dossiers` VALUES(5, '', '', '', '', '', '', '', 0, 0, '', '', '', '', '', '', '', 0, '', 0, '', 0, '', '', '', '', 0, '0000-00-00', 0, '', '');
INSERT INTO `dossiers` VALUES(6, '', '', '', '', '', '', '', 0, 0, '', '', '', '', '', '', '', 0, '', 0, '', 0, '', '', '', '', 0, '0000-00-00', 0, '', '');
INSERT INTO `dossiers` VALUES(7, '', '', '', '', '', '', '', 0, 0, '', '', '', '', '', '', '', 0, '', 0, '', 0, '', '', '', '', 0, '0000-00-00', 0, '', '');
INSERT INTO `dossiers` VALUES(8, '', '', '', '', '', '', '', 0, 0, '', '', '', '', '', '', '', 0, '', 0, '', 0, '', '', '', '', 0, '0000-00-00', 0, '', '');
INSERT INTO `dossiers` VALUES(9, '', '', '', '', '', '', '', 0, 0, '', '', '', '', '', '', '', 0, '', 0, '', 0, '', '', '', '', 0, '0000-00-00', 0, '', '');
INSERT INTO `dossiers` VALUES(10, '', '', '', '', '', '', '', 0, 0, '', '', '', '', '', '', '', 0, '', 0, '', 0, '', '', '', '', 0, '0000-00-00', 0, '', '');

-- --------------------------------------------------------

--
-- Table structure for table `draft_msg`
--

CREATE TABLE `draft_msg` (
  `draft_id` int(11) NOT NULL AUTO_INCREMENT,
  `in_id` int(11) NOT NULL,
  `to_id` int(11) NOT NULL,
  `from_id` int(11) NOT NULL,
  `message` varchar(255) NOT NULL,
  `subject` varchar(1000) NOT NULL,
  `date_time` varchar(255) NOT NULL,
  PRIMARY KEY (`draft_id`)
) ENGINE=InnoDB  DEFAULT CHARSET=latin1 AUTO_INCREMENT=28 ;

--
-- Dumping data for table `draft_msg`
--

INSERT INTO `draft_msg` VALUES(1, 1, 1, 2, 'hi ', 'no', '2014-10-02 00:00:00');
INSERT INTO `draft_msg` VALUES(11, 10, 1, 7873, '', 'Check', '0000-00-00 00:00:00');
INSERT INTO `draft_msg` VALUES(14, 1, 2, 1, 'Hello Dear,<br /><br /><br />', 'Thanks', '0000-00-00 00:00:00');
INSERT INTO `draft_msg` VALUES(16, 1, 2, 1, 'Hello Dear,<br /><br /><br />', 'Thanks', '0000-00-00 00:00:00');
INSERT INTO `draft_msg` VALUES(17, 1, 7872, 1, 'Hello Dear,<br /><br /><br />', 'Thanks', '0000-00-00 00:00:00');
INSERT INTO `draft_msg` VALUES(19, 1, 2, 1, 'Hello Dear,<br /><br /><br />', 'Thanks', '0000-00-00 00:00:00');
INSERT INTO `draft_msg` VALUES(21, 10, 1, 7873, '', 'hiiiiiiiiiiiiiiiiiiii', '2014-10-05 00:00:00');
INSERT INTO `draft_msg` VALUES(23, 13, 1, 7873, 'hgn', 'tfh', '0000-00-00 00:00:00');
INSERT INTO `draft_msg` VALUES(27, 11, 2, 7873, 'baaaaaa', 'dddddddd', '2014-10-06 10:23:54');

-- --------------------------------------------------------

--
-- Table structure for table `event_calendar`
--

CREATE TABLE `event_calendar` (
  `id` int(11) NOT NULL AUTO_INCREMENT,
  `event_date` date NOT NULL,
  `title` varchar(250) NOT NULL,
  `description` text NOT NULL,
  PRIMARY KEY (`id`)
) ENGINE=InnoDB  DEFAULT CHARSET=latin1 AUTO_INCREMENT=3 ;

--
-- Dumping data for table `event_calendar`
--

INSERT INTO `event_calendar` VALUES(1, '2014-08-27', 'test event 1', 'Lorem ipsum dolor sit amet, consectetur adipiscing elit. Donec volutpat aliquet diam non tincidunt. Vivamus vitae ipsum ac justo elementum tempus.');
INSERT INTO `event_calendar` VALUES(2, '2014-08-15', 'test event 2', 'Aenean iaculis bibendum ullamcorper. In vulputate velit eu leo aliquet eu auctor magna vestibulum.');

-- --------------------------------------------------------

--
-- Table structure for table `events`
--

CREATE TABLE `events` (
  `event_id` int(11) NOT NULL AUTO_INCREMENT,
  `event_name` varchar(500) NOT NULL,
  `event_place` varchar(500) NOT NULL,
  `event_date` timestamp NOT NULL DEFAULT CURRENT_TIMESTAMP ON UPDATE CURRENT_TIMESTAMP,
  `user_id` int(11) NOT NULL,
  `status` varchar(11) NOT NULL,
  `image` varchar(5000) NOT NULL,
  PRIMARY KEY (`event_id`)
) ENGINE=InnoDB  DEFAULT CHARSET=latin1 AUTO_INCREMENT=3 ;

--
-- Dumping data for table `events`
--

INSERT INTO `events` VALUES(1, 'InterNations Victoria First Social and Business Mixer Friday July 25th', 'At Browns Socialhouse, Victoria', '2014-08-14 00:15:32', 1, 'Enabled', '');
INSERT INTO `events` VALUES(2, 'InterNations Chicago Sports & Fitness', 'Somewhere in Chicago', '2014-08-12 00:59:20', 2, 'Enabled', '');

-- --------------------------------------------------------

--
-- Table structure for table `form_1`
--

CREATE TABLE `form_1` (
  `form1_id` int(11) NOT NULL AUTO_INCREMENT,
  `email` varchar(255) NOT NULL,
  `hst_status` varchar(255) NOT NULL,
  `comp_name` varchar(255) NOT NULL,
  `province` varchar(255) NOT NULL,
  `f_name` varchar(255) NOT NULL,
  `l_name` varchar(255) NOT NULL,
  `address` varchar(255) NOT NULL,
  `phone` bigint(14) NOT NULL,
  `postalcode` int(11) NOT NULL,
  `city` varchar(255) NOT NULL,
  PRIMARY KEY (`form1_id`)
) ENGINE=InnoDB DEFAULT CHARSET=latin1 AUTO_INCREMENT=1 ;

--
-- Dumping data for table `form_1`
--


-- --------------------------------------------------------

--
-- Table structure for table `form_2`
--

CREATE TABLE `form_2` (
  `from2_id` int(11) NOT NULL AUTO_INCREMENT,
  `email` varchar(255) NOT NULL,
  `hst_status` varchar(255) NOT NULL,
  `comp_name` varchar(255) NOT NULL,
  `province` varchar(255) NOT NULL,
  `f_name` varchar(255) NOT NULL,
  `l_name` varchar(255) NOT NULL,
  `phone` bigint(14) NOT NULL,
  `address` varchar(255) NOT NULL,
  `postalcode` int(11) NOT NULL,
  `city` varchar(255) NOT NULL,
  `counsel` int(11) NOT NULL DEFAULT '0',
  `counsel_email` varchar(255) NOT NULL,
  `counsel_Fname` varchar(255) NOT NULL,
  `counsel_Lname` varchar(255) NOT NULL,
  PRIMARY KEY (`from2_id`)
) ENGINE=InnoDB DEFAULT CHARSET=latin1 AUTO_INCREMENT=1 ;

--
-- Dumping data for table `form_2`
--


-- --------------------------------------------------------

--
-- Table structure for table `form_3`
--

CREATE TABLE `form_3` (
  `form3_id` int(11) NOT NULL AUTO_INCREMENT,
  `amount` varchar(255) NOT NULL,
  `claim_cs` int(11) NOT NULL,
  `date` date NOT NULL,
  PRIMARY KEY (`form3_id`)
) ENGINE=InnoDB DEFAULT CHARSET=latin1 AUTO_INCREMENT=1 ;

--
-- Dumping data for table `form_3`
--


-- --------------------------------------------------------

--
-- Table structure for table `form_4`
--

CREATE TABLE `form_4` (
  `form4_id` int(11) NOT NULL AUTO_INCREMENT,
  `attend_hearing` int(11) NOT NULL DEFAULT '0',
  `desc_case` varchar(1000) NOT NULL,
  `message` varchar(1000) NOT NULL,
  PRIMARY KEY (`form4_id`)
) ENGINE=InnoDB DEFAULT CHARSET=latin1 AUTO_INCREMENT=1 ;

--
-- Dumping data for table `form_4`
--


-- --------------------------------------------------------

--
-- Table structure for table `fresh_invoice`
--

CREATE TABLE `fresh_invoice` (
  `fresh_id` int(11) NOT NULL AUTO_INCREMENT,
  `user_id` int(11) NOT NULL,
  `client_id` int(11) NOT NULL,
  `contact_id` int(11) NOT NULL,
  `password` varchar(150) NOT NULL,
  `organization` varchar(50) NOT NULL,
  `discription` varchar(100) NOT NULL,
  `invoice_id` int(11) NOT NULL,
  `in_number` int(11) NOT NULL,
  `po_order` int(11) NOT NULL,
  `unit_cost` int(11) NOT NULL,
  `quantity` int(11) NOT NULL,
  `item` varchar(50) NOT NULL,
  PRIMARY KEY (`fresh_id`)
) ENGINE=InnoDB  DEFAULT CHARSET=latin1 AUTO_INCREMENT=31 ;

--
-- Dumping data for table `fresh_invoice`
--

INSERT INTO `fresh_invoice` VALUES(1, 0, 238426, 0, '', '', '', 0, 0, 0, 0, 0, '');
INSERT INTO `fresh_invoice` VALUES(2, 0, 238431, 0, '', '', '', 0, 0, 0, 0, 0, '');
INSERT INTO `fresh_invoice` VALUES(3, 0, 238434, 0, '', '', '', 0, 0, 0, 0, 0, '');
INSERT INTO `fresh_invoice` VALUES(4, 0, 238438, 0, '', '', '', 0, 0, 0, 0, 0, '');
INSERT INTO `fresh_invoice` VALUES(5, 0, 238441, 0, '', '', '', 0, 0, 0, 0, 0, '');
INSERT INTO `fresh_invoice` VALUES(6, 0, 238444, 0, '', '', '', 0, 0, 0, 0, 0, '');
INSERT INTO `fresh_invoice` VALUES(7, 7924, 238468, 11397, '', '', '', 0, 0, 0, 0, 0, '');
INSERT INTO `fresh_invoice` VALUES(8, 7925, 238471, 11398, '', '', '', 0, 0, 0, 0, 0, '');
INSERT INTO `fresh_invoice` VALUES(9, 7935, 239308, 11454, 'fgOBJ_bz', '', '', 0, 0, 0, 0, 0, '');
INSERT INTO `fresh_invoice` VALUES(10, 7936, 239309, 11455, 'cWIRv^ra', '', '', 0, 0, 0, 0, 0, '');
INSERT INTO `fresh_invoice` VALUES(11, 7939, 239310, 11457, 'Gw*;hI4v', '', '', 0, 0, 0, 0, 0, '');
INSERT INTO `fresh_invoice` VALUES(12, 7941, 239311, 11458, '-Fj25$_p', '', '', 0, 0, 0, 0, 0, '');
INSERT INTO `fresh_invoice` VALUES(13, 7943, 239313, 11459, '*rz9O1Up', '', '', 0, 0, 0, 0, 0, '');
INSERT INTO `fresh_invoice` VALUES(14, 7944, 239324, 11462, '#GmWgp:a', '', '', 0, 0, 0, 0, 0, '');
INSERT INTO `fresh_invoice` VALUES(15, 7945, 239363, 11466, 'P?@t;RD3', 'Individuals/Families', '', 0, 0, 0, 0, 0, '');
INSERT INTO `fresh_invoice` VALUES(16, 7949, 239364, 11467, 'VK*^3ej#', 'Individuals/Families', '', 0, 0, 0, 0, 0, '');
INSERT INTO `fresh_invoice` VALUES(17, 7951, 239365, 11468, 'ltNSq=rK', 'Individuals/Families', '', 0, 0, 0, 0, 0, '');
INSERT INTO `fresh_invoice` VALUES(18, 7952, 239366, 11469, 'S9XLM)kG', 'Individuals/Families', '', 0, 0, 0, 0, 0, '');
INSERT INTO `fresh_invoice` VALUES(19, 7953, 239368, 11470, '(rK!M4Ix', 'Individuals/Families', 'erg', 78, 56, 3, 10, 1, '');
INSERT INTO `fresh_invoice` VALUES(20, 7956, 239375, 11471, 'SmRK9!#j', 'Individuals/Families', '', 0, 0, 0, 0, 0, '');
INSERT INTO `fresh_invoice` VALUES(21, 7957, 239377, 11472, '(xmL+T*d', 'Individuals/Families', '', 0, 0, 0, 0, 0, '');
INSERT INTO `fresh_invoice` VALUES(22, 7958, 239379, 11473, '+gerR:Oh', 'Individuals/Families', 'uyg', 154106, 65, 1212, 10, 1, '');
INSERT INTO `fresh_invoice` VALUES(23, 7960, 239380, 11474, 'xt+%PB?!', 'Individuals/Families', '', 0, 0, 0, 0, 0, '');
INSERT INTO `fresh_invoice` VALUES(24, 7961, 239381, 11475, '$x7^+F=:', 'Individuals/Families', '', 0, 0, 0, 0, 0, '');
INSERT INTO `fresh_invoice` VALUES(25, 7962, 239382, 11477, '72AexZO4', 'Individuals/Families', '', 0, 0, 0, 0, 0, '');
INSERT INTO `fresh_invoice` VALUES(26, 7963, 239386, 11478, 'x0=A!E4U', 'Individuals/Families', '', 0, 0, 0, 0, 0, '');
INSERT INTO `fresh_invoice` VALUES(27, 7964, 239387, 11479, '=uaN_HM:', 'Individuals/Families', '', 0, 0, 0, 0, 0, '');
INSERT INTO `fresh_invoice` VALUES(28, 7965, 239389, 11480, '*7R%ukid', 'Individuals/Families', '', 0, 0, 0, 0, 0, '');
INSERT INTO `fresh_invoice` VALUES(29, 7967, 239449, 11483, 'u%7oKA;?', 'Individuals/Families', 'Individuals/Families', 154113, 9999, 1212, 10, 1, '');
INSERT INTO `fresh_invoice` VALUES(30, 1, 239454, 11484, '#1P5xHon', 'Individuals/Families', 'Individuals/Families', 154120, 999, 1212, 10, 1, 'Payble Register');

-- --------------------------------------------------------

--
-- Table structure for table `frnd_req`
--

CREATE TABLE `frnd_req` (
  `frnd_id` int(11) NOT NULL AUTO_INCREMENT,
  `to_id` int(11) NOT NULL,
  `from_id` int(11) NOT NULL,
  `date_time` timestamp NOT NULL DEFAULT CURRENT_TIMESTAMP,
  `status` varchar(10) NOT NULL,
  PRIMARY KEY (`frnd_id`)
) ENGINE=InnoDB  DEFAULT CHARSET=latin1 AUTO_INCREMENT=63 ;

--
-- Dumping data for table `frnd_req`
--

INSERT INTO `frnd_req` VALUES(1, 7872, 1, '2014-08-27 05:20:09', 'pending');
INSERT INTO `frnd_req` VALUES(45, 7873, 1, '2014-08-29 03:29:21', 'pending');
INSERT INTO `frnd_req` VALUES(46, 2, 1, '2014-08-29 03:29:21', 'pending');
INSERT INTO `frnd_req` VALUES(50, 7873, 2, '2014-09-14 23:31:38', 'accepted');
INSERT INTO `frnd_req` VALUES(51, 1, 2, '2014-09-15 00:11:46', 'accepted');
INSERT INTO `frnd_req` VALUES(52, 1, 7876, '2014-09-15 00:11:46', 'accepted');
INSERT INTO `frnd_req` VALUES(53, 2, 7876, '2014-09-15 00:11:52', 'pending');
INSERT INTO `frnd_req` VALUES(54, 7872, 7876, '2014-09-15 00:11:52', 'pending');
INSERT INTO `frnd_req` VALUES(55, 7873, 7876, '2014-09-15 00:12:06', 'pending');
INSERT INTO `frnd_req` VALUES(56, 0, 1, '2014-11-04 03:22:34', 'pending');
INSERT INTO `frnd_req` VALUES(57, 0, 1, '2014-11-04 03:54:35', 'pending');
INSERT INTO `frnd_req` VALUES(58, 0, 57, '2014-11-04 03:56:03', 'pending');
INSERT INTO `frnd_req` VALUES(59, 0, 2, '2014-11-06 04:07:11', 'pending');
INSERT INTO `frnd_req` VALUES(60, 0, 59, '2014-11-06 04:07:19', 'pending');
INSERT INTO `frnd_req` VALUES(61, 0, 60, '2014-11-06 04:07:29', 'pending');
INSERT INTO `frnd_req` VALUES(62, 0, 61, '2014-11-06 04:07:42', 'pending');

-- --------------------------------------------------------

--
-- Table structure for table `gallery`
--

CREATE TABLE `gallery` (
  `img_id` int(11) NOT NULL AUTO_INCREMENT,
  `img_name` varchar(255) NOT NULL,
  `user_id` int(11) NOT NULL,
  PRIMARY KEY (`img_id`)
) ENGINE=InnoDB  DEFAULT CHARSET=latin1 AUTO_INCREMENT=9 ;

--
-- Dumping data for table `gallery`
--

INSERT INTO `gallery` VALUES(1, 'uploads/Desert.jpg', 1);
INSERT INTO `gallery` VALUES(2, 'uploads/Tulips.jpg', 1);
INSERT INTO `gallery` VALUES(3, 'uploads/Hydrangeas.jpg', 1);
INSERT INTO `gallery` VALUES(4, 'uploads/Penguins.jpg', 1);
INSERT INTO `gallery` VALUES(5, 'uploads/Lighthouse.jpg', 1);
INSERT INTO `gallery` VALUES(6, 'uploads/Koala.jpg', 1);
INSERT INTO `gallery` VALUES(7, 'uploads/Hydrangeas.jpg', 1);
INSERT INTO `gallery` VALUES(8, 'uploads/Jellyfish.jpg', 1);

-- --------------------------------------------------------

--
-- Table structure for table `int_cat`
--

CREATE TABLE `int_cat` (
  `int_cat_id` int(11) NOT NULL AUTO_INCREMENT,
  `int_cat_name` varchar(50) NOT NULL,
  PRIMARY KEY (`int_cat_id`)
) ENGINE=InnoDB  DEFAULT CHARSET=latin1 AUTO_INCREMENT=6 ;

--
-- Dumping data for table `int_cat`
--

INSERT INTO `int_cat` VALUES(1, 'Culture & Entertainment');
INSERT INTO `int_cat` VALUES(2, 'Dining & Nightlife');
INSERT INTO `int_cat` VALUES(3, 'Sports & Leisure');
INSERT INTO `int_cat` VALUES(4, 'Business & Networking');
INSERT INTO `int_cat` VALUES(5, 'Miscellaneous');

-- --------------------------------------------------------

--
-- Table structure for table `int_subcat`
--

CREATE TABLE `int_subcat` (
  `int_subCat_id` int(11) NOT NULL AUTO_INCREMENT,
  `int_subCate_name` varchar(255) NOT NULL,
  `int_cat_id` int(11) NOT NULL,
  PRIMARY KEY (`int_subCat_id`)
) ENGINE=InnoDB  DEFAULT CHARSET=latin1 AUTO_INCREMENT=11 ;

--
-- Dumping data for table `int_subcat`
--

INSERT INTO `int_subcat` VALUES(1, 'Sightseeing', 1);
INSERT INTO `int_subcat` VALUES(2, 'Arts', 1);
INSERT INTO `int_subcat` VALUES(3, 'Dining Out', 2);
INSERT INTO `int_subcat` VALUES(4, 'Lunch & Brunch', 2);
INSERT INTO `int_subcat` VALUES(5, 'Adventure Sports', 3);
INSERT INTO `int_subcat` VALUES(6, 'Hiking', 3);
INSERT INTO `int_subcat` VALUES(7, 'Professional Networking', 4);
INSERT INTO `int_subcat` VALUES(8, 'Engineering & Technology', 4);
INSERT INTO `int_subcat` VALUES(9, 'Women Only', 5);
INSERT INTO `int_subcat` VALUES(10, 'Families', 5);

-- --------------------------------------------------------

--
-- Table structure for table `invoice`
--

CREATE TABLE `invoice` (
  `voice_id` int(11) NOT NULL AUTO_INCREMENT,
  `invoice_id` varchar(250) NOT NULL,
  `user_id` int(11) NOT NULL,
  `unitprice` int(11) NOT NULL,
  `invoice_no` varchar(250) NOT NULL,
  `invoice_url` varchar(250) NOT NULL,
  `invoice_Fname` varchar(250) NOT NULL,
  `invoice_Lname` varchar(250) NOT NULL,
  `invoice_Bname` varchar(250) NOT NULL,
  `invoice_phone` bigint(14) NOT NULL,
  `invoice_fax` bigint(14) NOT NULL,
  `invoice_web` varchar(250) NOT NULL,
  `invoice_add1` varchar(250) NOT NULL,
  `invoice_add2` varchar(250) NOT NULL,
  `invoice_city` varchar(250) NOT NULL,
  `invoice_state` varchar(250) NOT NULL,
  `invoice_postalCode` varchar(250) NOT NULL,
  `invoice_countryCode` varchar(250) NOT NULL,
  `username` varchar(255) NOT NULL,
  `payer_url` varchar(250) NOT NULL,
  PRIMARY KEY (`voice_id`)
) ENGINE=InnoDB  DEFAULT CHARSET=latin1 AUTO_INCREMENT=12 ;

--
-- Dumping data for table `invoice`
--

INSERT INTO `invoice` VALUES(7, 'INV2-JJSG-WSG9-RYYC-4DRY', 1, 50, '1413378959', 'https://www.sandbox.paypal.com/us/cgi-bin/?cmd=_inv-details&id=INV2-JJSG-WSG9-RYYC-4DRY', 'deepti', 'sahu', '', 0, 0, '', '', '', '', '', '', '', '', 'https://www.sandbox.paypal.com/us/cgi_bin/webscr?cmd=_pay-inv&viewtype=altview&id=INV2-JJSG-WSG9-RYYC-4DRY');
INSERT INTO `invoice` VALUES(8, 'INV2-ZYXR-3K75-8SNS-YANJ', 2, 50, '1413380777', 'https://www.sandbox.paypal.com/us/cgi-bin/?cmd=_inv-details&id=INV2-ZYXR-3K75-8SNS-YANJ', '', '', '', 0, 0, '', '', '', '', '', '', '', '', 'https://www.sandbox.paypal.com/us/cgi_bin/webscr?cmd=_pay-inv&viewtype=altview&id=INV2-ZYXR-3K75-8SNS-YANJ');
INSERT INTO `invoice` VALUES(9, 'INV2-QG94-36VT-45UD-LGHZ', 7895, 0, '1414749251', 'https://www.sandbox.paypal.com/us/cgi-bin/?cmd=_inv-details&id=INV2-QG94-36VT-45UD-LGHZ', 'a1', 'a1', '', 0, 0, '', '', '', '', '', '', '', '', 'https://www.sandbox.paypal.com/us/cgi_bin/webscr?cmd=_pay-inv&viewtype=altview&id=INV2-QG94-36VT-45UD-LGHZ');
INSERT INTO `invoice` VALUES(10, 'INV2-LJ2N-NXRU-R3JW-SKQ8', 7895, 0, '1414749275', 'https://www.sandbox.paypal.com/us/cgi-bin/?cmd=_inv-details&id=INV2-LJ2N-NXRU-R3JW-SKQ8', 'a1', 'a1', '', 0, 0, '', '', '', '', '', '', '', '', 'https://www.sandbox.paypal.com/us/cgi_bin/webscr?cmd=_pay-inv&viewtype=altview&id=INV2-LJ2N-NXRU-R3JW-SKQ8');
INSERT INTO `invoice` VALUES(11, 'INV2-KCH6-NCEZ-ELH6-NAK8', 7897, 0, '1414749561', 'https://www.sandbox.paypal.com/us/cgi-bin/?cmd=_inv-details&id=INV2-KCH6-NCEZ-ELH6-NAK8', 'a1', 'a1', '', 0, 0, '', '', '', '', '', '', '', '', 'https://www.sandbox.paypal.com/us/cgi_bin/webscr?cmd=_pay-inv&viewtype=altview&id=INV2-KCH6-NCEZ-ELH6-NAK8');

-- --------------------------------------------------------

--
-- Table structure for table `leagal_areas`
--

CREATE TABLE `leagal_areas` (
  `la_id` int(11) NOT NULL AUTO_INCREMENT,
  `la_name` varchar(255) NOT NULL,
  PRIMARY KEY (`la_id`)
) ENGINE=InnoDB  DEFAULT CHARSET=latin1 AUTO_INCREMENT=31 ;

--
-- Dumping data for table `leagal_areas`
--

INSERT INTO `leagal_areas` VALUES(1, 'Accident & Injury');
INSERT INTO `leagal_areas` VALUES(2, 'Animal Bite');
INSERT INTO `leagal_areas` VALUES(3, 'Asbestos &amp; Mesothelioma');
INSERT INTO `leagal_areas` VALUES(4, 'Aviation Accident');
INSERT INTO `leagal_areas` VALUES(5, 'Car Accident');
INSERT INTO `leagal_areas` VALUES(6, 'Defamation &amp; Slander');
INSERT INTO `leagal_areas` VALUES(7, 'Malpractice');
INSERT INTO `leagal_areas` VALUES(8, 'Medical Malpractice');
INSERT INTO `leagal_areas` VALUES(9, 'Personal Injury');
INSERT INTO `leagal_areas` VALUES(10, 'Products Liability');
INSERT INTO `leagal_areas` VALUES(11, 'Property Damage');
INSERT INTO `leagal_areas` VALUES(12, 'Railroad Injury');
INSERT INTO `leagal_areas` VALUES(13, 'Slip &amp; Fall Accident');
INSERT INTO `leagal_areas` VALUES(14, 'Toxic Mold &amp; Tort');
INSERT INTO `leagal_areas` VALUES(15, 'Wrongful Death');
INSERT INTO `leagal_areas` VALUES(16, 'Bankruptcy &amp; Debt');
INSERT INTO `leagal_areas` VALUES(17, 'All Bankruptcy &amp; Deb');
INSERT INTO `leagal_areas` VALUES(18, 'Collection');
INSERT INTO `leagal_areas` VALUES(19, 'Credit &amp; Debt');
INSERT INTO `leagal_areas` VALUES(20, 'Reorganization');
INSERT INTO `leagal_areas` VALUES(21, 'Workout');
INSERT INTO `leagal_areas` VALUES(22, 'Workout');
INSERT INTO `leagal_areas` VALUES(23, 'Business');
INSERT INTO `leagal_areas` VALUES(24, 'All Business');
INSERT INTO `leagal_areas` VALUES(25, 'Administrative Law');
INSERT INTO `leagal_areas` VALUES(26, 'Antitrust');
INSERT INTO `leagal_areas` VALUES(27, 'Banking &amp; Finance');
INSERT INTO `leagal_areas` VALUES(28, 'Business Organization');
INSERT INTO `leagal_areas` VALUES(29, 'Contract');
INSERT INTO `leagal_areas` VALUES(30, 'Corporate');

-- --------------------------------------------------------

--
-- Table structure for table `non_reg`
--

CREATE TABLE `non_reg` (
  `non_re_id` int(11) NOT NULL AUTO_INCREMENT,
  `login_name` varchar(255) NOT NULL,
  `firm` varchar(500) NOT NULL,
  `f_name` varchar(255) NOT NULL,
  `l_name` varchar(255) NOT NULL,
  `email` varchar(255) NOT NULL,
  `organization` varchar(500) NOT NULL,
  `address` varchar(255) NOT NULL,
  `city` varchar(255) NOT NULL,
  `province_id` int(11) NOT NULL,
  `postal` int(11) NOT NULL,
  `country_id` int(11) NOT NULL,
  `phone` bigint(14) NOT NULL,
  `org_date` date NOT NULL,
  `occupation` varchar(255) NOT NULL,
  `hoobies` varchar(255) NOT NULL,
  `news` varchar(255) NOT NULL,
  `newsletter` int(1) NOT NULL DEFAULT '0',
  PRIMARY KEY (`non_re_id`)
) ENGINE=InnoDB DEFAULT CHARSET=latin1 AUTO_INCREMENT=1 ;

--
-- Dumping data for table `non_reg`
--


-- --------------------------------------------------------

--
-- Table structure for table `online_show`
--

CREATE TABLE `online_show` (
  `online_id` int(11) NOT NULL AUTO_INCREMENT,
  `user_id` int(11) NOT NULL,
  `status` varchar(10) NOT NULL,
  PRIMARY KEY (`online_id`)
) ENGINE=InnoDB  DEFAULT CHARSET=latin1 AUTO_INCREMENT=35 ;

--
-- Dumping data for table `online_show`
--

INSERT INTO `online_show` VALUES(1, 1, 'off');
INSERT INTO `online_show` VALUES(2, 2, 'on');
INSERT INTO `online_show` VALUES(3, 7873, 'off');
INSERT INTO `online_show` VALUES(4, 7872, 'off');
INSERT INTO `online_show` VALUES(32, 1, 'on');
INSERT INTO `online_show` VALUES(33, 0, 'on');
INSERT INTO `online_show` VALUES(34, 0, 'on');

-- --------------------------------------------------------

--
-- Table structure for table `prof_service`
--

CREATE TABLE `prof_service` (
  `service_id` int(11) NOT NULL AUTO_INCREMENT,
  `service_name` varchar(255) NOT NULL,
  PRIMARY KEY (`service_id`)
) ENGINE=InnoDB  DEFAULT CHARSET=latin1 AUTO_INCREMENT=34 ;

--
-- Dumping data for table `prof_service`
--

INSERT INTO `prof_service` VALUES(1, 'General Arbitration');
INSERT INTO `prof_service` VALUES(2, 'Property, boundary disputes, trespass');
INSERT INTO `prof_service` VALUES(3, 'Labour Law');
INSERT INTO `prof_service` VALUES(4, 'Grievance arbitration');
INSERT INTO `prof_service` VALUES(5, 'Pay equity hearings');
INSERT INTO `prof_service` VALUES(6, 'Workplace Safety and Insurance Appeals Tribunal');
INSERT INTO `prof_service` VALUES(7, 'Human Rights Tribunals (federal and provincial)');
INSERT INTO `prof_service` VALUES(8, 'Employment Standards adjudications');
INSERT INTO `prof_service` VALUES(9, 'Employment Insurance hearings and appeals');
INSERT INTO `prof_service` VALUES(10, 'Public Service Labour Relations Board');
INSERT INTO `prof_service` VALUES(11, 'Judicial review');
INSERT INTO `prof_service` VALUES(12, 'Wrongful dismissal litigation<');
INSERT INTO `prof_service` VALUES(13, 'Occupational Health and Safety prosecutions');
INSERT INTO `prof_service` VALUES(14, 'Drafting employment contracts');
INSERT INTO `prof_service` VALUES(15, 'Drafting workplace policies');
INSERT INTO `prof_service` VALUES(16, 'Privacy law');
INSERT INTO `prof_service` VALUES(17, 'Work-related disputes - unfair dismissal, personal injury');
INSERT INTO `prof_service` VALUES(18, 'Defamation of character');
INSERT INTO `prof_service` VALUES(19, 'Consumer disputes - Faulty goods, ''trades description'' offences');
INSERT INTO `prof_service` VALUES(20, 'Intellectual Property Law');
INSERT INTO `prof_service` VALUES(21, 'Internet Disputes');
INSERT INTO `prof_service` VALUES(22, 'Contract Law');
INSERT INTO `prof_service` VALUES(23, 'Construction Law');
INSERT INTO `prof_service` VALUES(24, 'Family Law & Divorces');
INSERT INTO `prof_service` VALUES(25, 'Business Law');
INSERT INTO `prof_service` VALUES(26, 'Environmental Law');
INSERT INTO `prof_service` VALUES(27, 'Entertainment Law');
INSERT INTO `prof_service` VALUES(28, 'Immigration');
INSERT INTO `prof_service` VALUES(29, 'Insurance');
INSERT INTO `prof_service` VALUES(30, 'Sports Law');
INSERT INTO `prof_service` VALUES(31, 'Trusts & Estates');
INSERT INTO `prof_service` VALUES(32, 'Wills & Probate');
INSERT INTO `prof_service` VALUES(33, 'Other Legal Professional');

-- --------------------------------------------------------

--
-- Table structure for table `professional`
--

CREATE TABLE `professional` (
  `prof_id` int(25) NOT NULL AUTO_INCREMENT,
  `prof_name` varchar(255) NOT NULL,
  PRIMARY KEY (`prof_id`)
) ENGINE=InnoDB  DEFAULT CHARSET=latin1 AUTO_INCREMENT=8 ;

--
-- Dumping data for table `professional`
--

INSERT INTO `professional` VALUES(1, 'judges');
INSERT INTO `professional` VALUES(2, 'lawyers');
INSERT INTO `professional` VALUES(3, 'attorneys');
INSERT INTO `professional` VALUES(4, 'barristers');
INSERT INTO `professional` VALUES(5, 'sollicitor');
INSERT INTO `professional` VALUES(6, 'notaries');
INSERT INTO `professional` VALUES(7, 'bailiffs');

-- --------------------------------------------------------

--
-- Table structure for table `province`
--

CREATE TABLE `province` (
  `province_id` int(11) NOT NULL AUTO_INCREMENT,
  `province_name` varchar(255) NOT NULL,
  `GST/HST_tax` varchar(255) NOT NULL,
  `PST_tax` int(11) NOT NULL,
  PRIMARY KEY (`province_id`)
) ENGINE=InnoDB  DEFAULT CHARSET=latin1 AUTO_INCREMENT=14 ;

--
-- Dumping data for table `province`
--

INSERT INTO `province` VALUES(1, 'Alberta', '5', 0);
INSERT INTO `province` VALUES(2, 'British Columbia', '5', 7);
INSERT INTO `province` VALUES(3, 'Manitoba', '5', 8);
INSERT INTO `province` VALUES(4, 'New Brunswick', '13', 0);
INSERT INTO `province` VALUES(5, 'New Foundland and Labrador', '13', 0);
INSERT INTO `province` VALUES(6, 'North West Territories', '5', 0);
INSERT INTO `province` VALUES(7, 'Nova Scotia', '15', 0);
INSERT INTO `province` VALUES(8, 'Nunavut', '5', 0);
INSERT INTO `province` VALUES(9, 'Ontario', '13', 0);
INSERT INTO `province` VALUES(10, 'Prince Edward Island', ' 14', 0);
INSERT INTO `province` VALUES(11, 'Quebec', '5', 10);
INSERT INTO `province` VALUES(12, 'Saskatchewan', '5', 5);
INSERT INTO `province` VALUES(13, 'Yukon', '5', 5);

-- --------------------------------------------------------

--
-- Table structure for table `reg_type`
--

CREATE TABLE `reg_type` (
  `reg_type_id` int(11) NOT NULL AUTO_INCREMENT,
  `reg_type_name` varchar(255) NOT NULL,
  `reg_type_content` varchar(500) NOT NULL,
  `image` varchar(1000) NOT NULL,
  `status` varchar(11) NOT NULL,
  `reg_type_code` varchar(10) NOT NULL,
  PRIMARY KEY (`reg_type_id`)
) ENGINE=InnoDB  DEFAULT CHARSET=latin1 AUTO_INCREMENT=14 ;

--
-- Dumping data for table `reg_type`
--

INSERT INTO `reg_type` VALUES(1, 'Individuals/Families', ' life-time $100"', 'indivisual', 'Enabled', 'IN');
INSERT INTO `reg_type` VALUES(2, 'Companies/Corporations/Other Organizations', 'life-time $800 . The entity must be an "registered" under the Canada Business Act.', 'company_org', 'Enabled', 'CO');
INSERT INTO `reg_type` VALUES(3, 'Legal Professionals ', 'life-time $500" This membership gives you the "right" to represent your client via the e-Court system. Note : you must be an "individual" practioner ( Professionals representing their firm should register via Legal Firm).\n', 'leagel', 'Enabled', 'LP');
INSERT INTO `reg_type` VALUES(4, 'Solicitors/Notaries ', '', 'indivisual', 'Disabled', '');
INSERT INTO `reg_type` VALUES(5, 'Individ Bailiffs', '', 'bailiff', 'Disabled', '');
INSERT INTO `reg_type` VALUES(6, 'Judges/Arbitrators', '', 'judge_arbotrator', 'Enabled', '');
INSERT INTO `reg_type` VALUES(7, 'E-Court Clerk', '', 'court_clerk_member', 'Enabled', '');
INSERT INTO `reg_type` VALUES(8, 'Selection Board', '', 'selection_board', 'Enabled', '');
INSERT INTO `reg_type` VALUES(9, 'e-Court Directorate', '', 'directorate', 'Enabled', '');
INSERT INTO `reg_type` VALUES(10, 'Supervisory Board', '', 'supervisory', 'Enabled', '');
INSERT INTO `reg_type` VALUES(11, 'Advisory Council ', '', 'advisory', 'Enabled', '');
INSERT INTO `reg_type` VALUES(12, 'Special Invitaion', 'As soon as we received your completed registration form with full motivational information you receive our email with your "access" e-Court membership details.', 'non-member', 'Enabled', '');
INSERT INTO `reg_type` VALUES(13, 'Legal Firm - Company -Partnership', 'life-time $800" . This membership gives your organization the "right" to represent clients via the e-Court system. Note : you must be an "registered" organization under the Canada Business Act.\r\n', 'leagel_firm', 'Enabled', 'LF');

-- --------------------------------------------------------

--
-- Table structure for table `state`
--

CREATE TABLE `state` (
  `state_id` int(11) NOT NULL AUTO_INCREMENT,
  `state_name` varchar(30) CHARACTER SET utf8 NOT NULL,
  `state_ab` varchar(5) CHARACTER SET utf8 NOT NULL,
  `status` varchar(10) CHARACTER SET utf8 NOT NULL,
  PRIMARY KEY (`state_id`)
) ENGINE=InnoDB  DEFAULT CHARSET=latin1 AUTO_INCREMENT=53 ;

--
-- Dumping data for table `state`
--

INSERT INTO `state` VALUES(1, 'Alabama', 'AL', 'Enable');
INSERT INTO `state` VALUES(2, 'Alaska', 'AK', 'Enable');
INSERT INTO `state` VALUES(3, 'Arizona', 'AZ', 'Enable');
INSERT INTO `state` VALUES(4, 'Arkansas', 'AR', 'Enable');
INSERT INTO `state` VALUES(5, 'California', 'CA', 'Enable');
INSERT INTO `state` VALUES(6, 'Colorado', 'CO', 'Enable');
INSERT INTO `state` VALUES(7, 'Connecticut', 'CT', 'Enable');
INSERT INTO `state` VALUES(8, 'Delaware', 'DE', 'Enable');
INSERT INTO `state` VALUES(9, 'Florida', 'FL', 'Enable');
INSERT INTO `state` VALUES(10, 'Georgia', 'GA', 'Enable');
INSERT INTO `state` VALUES(11, 'Hawaii', 'HI', 'Enable');
INSERT INTO `state` VALUES(12, 'Idaho', 'ID', 'Enable');
INSERT INTO `state` VALUES(13, 'Illinois', 'IL', 'Enable');
INSERT INTO `state` VALUES(14, 'Indiana', 'IN', 'Enable');
INSERT INTO `state` VALUES(15, 'Iowa', 'IA', 'Enable');
INSERT INTO `state` VALUES(16, 'Kansas', 'KS', 'Enable');
INSERT INTO `state` VALUES(17, 'Kentucky', 'KY', 'Enable');
INSERT INTO `state` VALUES(18, 'Louisiana', 'LA', 'Enable');
INSERT INTO `state` VALUES(19, 'Maine', 'ME', 'Enable');
INSERT INTO `state` VALUES(20, 'Maryland', 'MD', 'Enable');
INSERT INTO `state` VALUES(21, 'Massachusetts', 'MA', 'Enable');
INSERT INTO `state` VALUES(22, 'Michigan', 'MI', 'Enable');
INSERT INTO `state` VALUES(23, 'Minnesota', 'MN', 'Enable');
INSERT INTO `state` VALUES(24, 'Mississippi', 'MS', 'Enable');
INSERT INTO `state` VALUES(25, 'Missouri', 'MO', 'Enable');
INSERT INTO `state` VALUES(26, 'Montana', 'MT', 'Enable');
INSERT INTO `state` VALUES(27, 'Nebraska', 'NE', 'Enable');
INSERT INTO `state` VALUES(28, 'Nevada', 'NV', 'Enable');
INSERT INTO `state` VALUES(29, 'New Hampshire', 'NH', 'Enable');
INSERT INTO `state` VALUES(30, 'New Jersey', 'NJ', 'Enable');
INSERT INTO `state` VALUES(31, 'New Mexico', 'NM', 'Enable');
INSERT INTO `state` VALUES(32, 'New York', 'NY', 'Enable');
INSERT INTO `state` VALUES(33, 'North Carolina', 'NC', 'Enable');
INSERT INTO `state` VALUES(34, 'North Dakota', 'ND', 'Enable');
INSERT INTO `state` VALUES(35, 'Ohio', 'OH', 'Enable');
INSERT INTO `state` VALUES(36, 'Oklahoma', 'OK', 'Enable');
INSERT INTO `state` VALUES(37, 'Oregon', 'OR', 'Enable');
INSERT INTO `state` VALUES(38, 'Pennsylvania', 'PA', 'Enable');
INSERT INTO `state` VALUES(39, 'Rhode Island', 'RI', 'Enable');
INSERT INTO `state` VALUES(40, 'South Carolina', 'SC', 'Enable');
INSERT INTO `state` VALUES(41, 'South Dakota', 'SD', 'Enable');
INSERT INTO `state` VALUES(42, 'Tennessee', 'TN', 'Enable');
INSERT INTO `state` VALUES(43, 'Texas', 'TX', 'Enable');
INSERT INTO `state` VALUES(44, 'Utah', 'UT', 'Enable');
INSERT INTO `state` VALUES(45, 'Vermont', 'VT', 'Enable');
INSERT INTO `state` VALUES(46, 'Virginia', 'VA', 'Enable');
INSERT INTO `state` VALUES(47, 'Washington', 'WA', 'Enable');
INSERT INTO `state` VALUES(48, 'West Virginia', 'WV', 'Enable');
INSERT INTO `state` VALUES(49, 'Wisconsin', 'WI', 'Enable');
INSERT INTO `state` VALUES(50, 'Wyoming', 'WY', 'Enable');
INSERT INTO `state` VALUES(51, 'District of Columbia', 'DC', 'Enable');
INSERT INTO `state` VALUES(52, 'New Brunswick', 'NB', 'Enable');

-- --------------------------------------------------------

--
-- Table structure for table `std_li`
--

CREATE TABLE `std_li` (
  `std_id` int(11) NOT NULL AUTO_INCREMENT,
  `user_id` int(11) NOT NULL,
  `arb_name` varchar(20) NOT NULL,
  `arb_num` int(11) NOT NULL,
  `tot_fees` int(11) NOT NULL,
  `tot_taxes` int(11) NOT NULL,
  `grand_fees` int(11) NOT NULL,
  `form_copy` varchar(5) NOT NULL DEFAULT 'No',
  PRIMARY KEY (`std_id`)
) ENGINE=InnoDB  DEFAULT CHARSET=latin1 AUTO_INCREMENT=3 ;

--
-- Dumping data for table `std_li`
--

INSERT INTO `std_li` VALUES(1, 1, 'deep', 0, 4576, 229, 4805, 'Yes');
INSERT INTO `std_li` VALUES(2, 1, 'w', 0, 3305, 165, 3470, 'Yes');

-- --------------------------------------------------------

--
-- Table structure for table `tbl_article`
--

CREATE TABLE `tbl_article` (
  `article_id` int(11) NOT NULL AUTO_INCREMENT,
  `subpage_id` text NOT NULL,
  `article_title` varchar(500) CHARACTER SET utf8 NOT NULL,
  `article_info` text CHARACTER SET utf8 NOT NULL,
  `article_image` varchar(300) CHARACTER SET utf8 NOT NULL,
  `add_date` text NOT NULL,
  `meta_title` text NOT NULL,
  `meta_keyword` text NOT NULL,
  `meta_des` text NOT NULL,
  `status` varchar(10) NOT NULL,
  PRIMARY KEY (`article_id`)
) ENGINE=InnoDB  DEFAULT CHARSET=latin1 AUTO_INCREMENT=15 ;

--
-- Dumping data for table `tbl_article`
--

INSERT INTO `tbl_article` VALUES(12, 'introduction', 'Competent, Affordable, Transparent and Speedy Justice for Everyone', '<p>e-Court.ca Legal Services International Inc.( hereafter referred as e-Court ) is an independent group of experienced professionals like (former) lawyers, barristers, solicitors or attorneys, judges, university professors, industry and other legal interest groups. e-Court aims to provide competent, affordable, secure, transparent and speedy justice for everyone. e-Court also provides an uniform litigation system throughout Canada without the need to understand the peculiarities existing in each provincial legislative system.</p>\r\n\r\n<p>Labor disputes and other <a href="https://e-court.ca/about/scope.php"><u>civil disputes</u></a> between businesses and/or individuals can be submitted to a real Internet court. The new private court, which is called e-Court, guarantees ruling within six weeks after notification of the case. The verdict of e-Court is based on contract principles ( e.g binding arbitration ). View also <a href="https://e-court.ca/how_it_works/a_real_sentence.php"><u>a legally</u></a> binding verdict. e-Court cases take no more than six weeks (excluding any appeal of four weeks). This makes the process to cost much less than ordinary courts, which to obtain a ruling in Canada take on average between 70-90 weeks. Moreover, private individuals and businesses agree upfront with their attorneys the maximum period in advance and total costs. This will ensure that e-Court does not result in financial surprises. It is important to note that e-Court is extremely flexible because the individual or company can start a case using e-Court with/without the assistance of a legal professional. In many situations the claimant and/or defendant feel they wish to avoid legal expenses and obtain justice without expenses from legal counsel. See also <a href="https://e-court.ca/how_it_works/how.php"><u>How we work</u></a></p>\r\n', '9729Ottawa.jpg', '13-September-2014', 'Competent, Affordable, Transparent and Speedy Justice for Everyone', 'Competent, Affordable, Transparent and Speedy Justice for Everyone', 'Competent, Affordable, Transparent and Speedy Justice for Everyone', 'Enabled');
INSERT INTO `tbl_article` VALUES(13, 'introduction', 'Lawyers, make room for nonlawyers', '<p>Groping in the dark</p>\r\n\r\n<p>Groping in the dark. Did you know that more than 95% of all litigations never reach the traditional courts but get settled by both parties without upfront knowledge of size of legal fees and duration of negotiations, etc ? Does it not make more sense to settle disputes via e-Court ( with full &amp; transparent upfront knowledge of legal fees and duration for settlement ).</p>\r\n\r\n<p>In North America and the majority of western democracies, lawyers and judges regulate their own markets. The upshot is that getting legal help is enormously expensive and out of reach for the vast majority of Americans. Anyone faced with a contract dispute, family crisis, foreclosure or eviction must pay a lawyer with a JD degree to provide service one-on-one in the same way lawyers have done business for hundreds of years.</p>\r\n\r\n<p>Increasingly, the only &quot;persons&quot; with access to legal help are &quot;artificial persons&quot; -- corporations, organizations and governments. No wonder that in a 2010 New York study, it was shown 95% of people in housing court are unrepresented. The same is true in consumer credit and child support cases; 44% of people in foreclosures are representing themselves&mdash;against a well-represented bank, no small number of whom engaged in robo-signing and sued people based on faulty information. These numbers are just the tip of the iceberg. For every person who is unrepresented in court there are probably tens of thousands who didn&#39;t have any legal advice when they did the things that landed them in hot water in the first place. Who can afford $200 to $300 an hour to get advice on local small business regulations, the fine print in a mortgage document, or how not to make mistakes that will cost you in court when fighting over kids and money with your soon-to-be ex-spouse?</p>\r\n', '7250justice-photo2.jpg', '13-September-2014', 'Lawyers, make room for nonlawyers', 'Lawyers, make room for nonlawyers', 'Lawyers, make room for nonlawyers', 'Enabled');
INSERT INTO `tbl_article` VALUES(14, 'registration', 'Each Canadian Individual and/or Company in good standing shall be eligible for membership ( or endorser status )', '<p>Each Canadian Individual and/or Company in good standing ( without a criminal past ) as well as legal professionals in good standing with their respective provincial bar association shall be eligible for membership. The &quot;lifetime&quot; one-time fee categories range from $300 to $800 and does not include actual <a href="https://e-court.ca/costs/index.php">litigation</a> expenses. Inorder to use the e-Court services it is mandatory that you are a member. What to expect once you registered ? You will receive a message within 24 hrs. acknowledging your payment including a confidential formal registration link relevant to the membership type. e-Court social networking is not restricted to Canada but also applicable to countries like the USA, the UK, Australia, etc .</p>\n\n<ol>\n	<li><a href="http://swatiweb.com/Demo/E_Court/Changes/register.php?regis_id=1"><span style="color:#0000FF">Individuals/Families</span></a> &nbsp; life-time $100&quot;</li>\n	<br />\n	<li><a href="http://swatiweb.com/Demo/E_Court/Changes/register.php?regis_id=2"><span style="color:#0000FF">Companies/Corporations/Other Organizations</span></a> &nbsp; life-time $800 . The entity must be an &quot;registered&quot; under the Canada Business Act.</li>\n	<br />\n	<li><a href="http://swatiweb.com/Demo/E_Court/Changes/register.php?regis_id=3"><span style="color:#0000FF">Legal Professionals </span></a> &nbsp; life-time $500&quot; This membership gives you the &quot;right&quot; to represent your client via the e-Court system. Note : you must be an &quot;individual&quot; practioner ( Professionals representing their firm should register via Legal Firm).</li>\n	<br />\n	<li><a href="http://swatiweb.com/Demo/E_Court/Changes/register.php?regis_id=6"><span style="color:#0000FF">Judges/Arbitrators</span></a><span style="color:#0000FF"> &nbsp;</span></li>\n	<br />\n	<li><a href="http://swatiweb.com/Demo/E_Court/Changes/register.php?regis_id=7"><span style="color:#0000FF">E-Court Clerk</span></a><span style="color:#0000FF"> &nbsp;</span></li>\n	<br />\n	<li><a href="http://swatiweb.com/Demo/E_Court/Changes/register.php?regis_id=8"><span style="color:#0000FF">Selection Board</span></a><span style="color:#0000FF"> &nbsp;</span></li>\n	<br />\n	<li><a href="http://swatiweb.com/Demo/E_Court/Changes/register.php?regis_id=9"><span style="color:#0000FF">e-Court Directorate</span></a><span style="color:#0000FF"> &nbsp;</span></li>\n	<br />\n	<li><a href="http://swatiweb.com/Demo/E_Court/Changes/register.php?regis_id=10"><span style="color:#0000FF">Supervisory Board</span></a><span style="color:#0000FF"> &nbsp;</span></li>\n	<br />\n	<li><a href="http://swatiweb.com/Demo/E_Court/Changes/register.php?regis_id=11"><span style="color:#0000FF">Advisory Council </span></a><span style="color:#0000FF"> &nbsp;</span></li>\n	<br />\n	<li><a href="http://swatiweb.com/Demo/E_Court/Changes/register.php?regis_id=12"><span style="color:#0000FF">Special Invitaion</span></a> &nbsp; As soon as we received your completed registration form with full motivational information you receive our email with your &quot;access&quot; e-Court membership details.</li>\n	<br />\n	<li><a href="http://swatiweb.com/Demo/E_Court/Changes/register.php?regis_id=13"><span style="color:#0000FF">Legal Firm - Company -Partnership</span></a> &nbsp; life-time $800&quot; . This membership gives your organization the &quot;right&quot; to represent clients via the e-Court system. Note : you must be an &quot;registered&quot; organization under the Canada Business Act.</li>\n</ol>\n\n<p>&nbsp;</p>\n\n<p>&nbsp;</p>\n', '5838e-CourtPIcs2.jpg.png', '13-September-2014', 'Each Canadian Individual and/or Company in good standing shall be eligible for membership ( or endorser status )', 'Each Canadian Individual and/or Company in good standing shall be eligible for membership ( or endorser status )', 'Each Canadian Individual and/or Company in good standing shall be eligible for membership ( or endorser status )', 'Enabled');

-- --------------------------------------------------------

--
-- Table structure for table `tbl_pages`
--

CREATE TABLE `tbl_pages` (
  `page_id` int(11) NOT NULL AUTO_INCREMENT,
  `page_name` varchar(222) NOT NULL,
  `page_link` varchar(50) NOT NULL,
  `page_content` text NOT NULL,
  `page_menu_position` int(11) NOT NULL,
  `whitepaper` varchar(250) NOT NULL,
  `meta_title` text NOT NULL,
  `meta_keyword` text NOT NULL,
  `meta_des` text NOT NULL,
  `status` varchar(10) NOT NULL,
  PRIMARY KEY (`page_id`)
) ENGINE=MyISAM  DEFAULT CHARSET=utf8 AUTO_INCREMENT=656 ;

--
-- Dumping data for table `tbl_pages`
--

INSERT INTO `tbl_pages` VALUES(43, 'Home', 'index', '', 1, '', 'E-court Canada', 'E-court Canada', 'E-court Canada', 'Enabled');
INSERT INTO `tbl_pages` VALUES(44, 'About Us', 'https://e-court.ca/about/index.php', 'ABOUT US', 2, '', '', '', '', 'Enabled');
INSERT INTO `tbl_pages` VALUES(48, 'Contact Us', 'contact_us', 'My Contact is', 8, '', '', '', '', 'Enabled');
INSERT INTO `tbl_pages` VALUES(60, 'How', 'https://e-court.ca/how_it_works/index.php', 'How to work it??', 3, '', '', '', '', 'Enabled');
INSERT INTO `tbl_pages` VALUES(61, 'Arbitration', 'https://e-court.ca/find_a_lawyer/index.php', '', 4, '', '', '', '', 'Enabled');
INSERT INTO `tbl_pages` VALUES(62, 'Cost', 'https://e-court.ca/registration/index.php', '', 5, '', '', '', '', 'Enabled');
INSERT INTO `tbl_pages` VALUES(63, 'Registration & Login', 'https://e-court.ca/registration/index.php', '<p>vcxgdfgdfgdfgdfgdff</p>\r\n', 6, '6732835742-1.jpg', 'sfdgdfsg', 'sdfgdfsg', 'dsdfgdfgdfg', 'Enabled');
INSERT INTO `tbl_pages` VALUES(65, 'Registration', 'register', '', 5, '', '', '', '', 'Enabled');
INSERT INTO `tbl_pages` VALUES(66, 'Faq', 'faq', '', 9, '', '', '', '', 'Enabled');
INSERT INTO `tbl_pages` VALUES(67, 'Demo''s', 'demo', '', 10, '', '', '', '', 'Enabled');
INSERT INTO `tbl_pages` VALUES(68, 'Member Login', 'login', '', 11, '', '', '', '', 'Enabled');
INSERT INTO `tbl_pages` VALUES(69, 'Priliminary Info', 'index', '', 7, '', '', '', '', 'Enabled');

-- --------------------------------------------------------

--
-- Table structure for table `tbl_settings`
--

CREATE TABLE `tbl_settings` (
  `id` int(11) NOT NULL AUTO_INCREMENT,
  `google_analytics` longtext NOT NULL,
  `seo_urls` varchar(10) DEFAULT NULL,
  `site_status` int(11) DEFAULT NULL,
  `username` text NOT NULL,
  `password` varchar(100) DEFAULT NULL,
  `sitename` varchar(100) DEFAULT NULL,
  `slogen` varchar(255) NOT NULL,
  `email` varchar(100) DEFAULT NULL,
  `favicon` varchar(100) NOT NULL,
  `url` varchar(100) NOT NULL,
  `logo` varchar(100) DEFAULT NULL,
  `director_img` varchar(255) NOT NULL,
  `meta_title` varchar(255) DEFAULT NULL,
  `meta_keywords` longtext,
  `meta_description` longtext,
  `phone_no` varchar(255) NOT NULL,
  `mobile` varchar(255) NOT NULL,
  `address` text NOT NULL,
  `city` varchar(222) NOT NULL,
  `state` varchar(255) NOT NULL,
  `pin` int(11) NOT NULL,
  `last_login` varchar(222) NOT NULL,
  PRIMARY KEY (`id`)
) ENGINE=MyISAM  DEFAULT CHARSET=latin1 AUTO_INCREMENT=4 ;

--
-- Dumping data for table `tbl_settings`
--

INSERT INTO `tbl_settings` VALUES(3, '', '', 1, 'admin', 'Abhay@123456', 'E Court', 'E Court', 'ashish.sws@gmail.com', 'envelope.jpg', 'http://ecourt.ca', 'envelope.jpg', '', '', '', '', '+61 (4) 8134 9348', '+61 (4) 8134 9348', 'Australia', '', 'Australia', 2210, '');

-- --------------------------------------------------------

--
-- Table structure for table `tbl_social`
--

CREATE TABLE `tbl_social` (
  `s_id` int(11) NOT NULL AUTO_INCREMENT,
  `menu_position` int(11) NOT NULL,
  `s_title` varchar(255) NOT NULL,
  `image` varchar(255) NOT NULL,
  `s_link` text NOT NULL,
  `status` varchar(255) NOT NULL,
  PRIMARY KEY (`s_id`)
) ENGINE=InnoDB  DEFAULT CHARSET=latin1 AUTO_INCREMENT=11 ;

--
-- Dumping data for table `tbl_social`
--

INSERT INTO `tbl_social` VALUES(1, 2, 'facebook', 'fb.png', 'https://www.facebook.com/pages/e-Court/287049504737', 'Enabled');
INSERT INTO `tbl_social` VALUES(2, 4, 'Twitter', 'twitter.png', 'https://twitter.com/ecourtca', 'Enabled');
INSERT INTO `tbl_social` VALUES(6, 3, 'linkedin', 'linkedin.png', 'https://www.linkedin.com/groups/eCourtca-3071115', 'Enabled');
INSERT INTO `tbl_social` VALUES(8, 1, 'e-court.global', 'global.jpg', '', 'Enabled');
INSERT INTO `tbl_social` VALUES(9, 6, 'webstats', 'logo.gif', '', 'Enabled');
INSERT INTO `tbl_social` VALUES(10, 5, '', 'rss.jpg', 'https://ecourtcanada.wordpress.com/', 'Enabled');

-- --------------------------------------------------------

--
-- Table structure for table `tbl_subpages`
--

CREATE TABLE `tbl_subpages` (
  `subpage_id` int(6) NOT NULL AUTO_INCREMENT,
  `page_id` int(5) NOT NULL,
  `page_link` varchar(200) CHARACTER SET utf8 NOT NULL,
  `subpage_name` varchar(255) NOT NULL,
  `subpage_content` text NOT NULL,
  `subpage_menu_position` int(4) NOT NULL,
  `whitepaper` varchar(250) NOT NULL,
  `image_url` text CHARACTER SET utf8 NOT NULL,
  `meta_title` varchar(222) NOT NULL,
  `meta_keyword` text NOT NULL,
  `meta_des` text NOT NULL,
  `status` varchar(11) NOT NULL,
  PRIMARY KEY (`subpage_id`)
) ENGINE=InnoDB  DEFAULT CHARSET=latin1 AUTO_INCREMENT=112 ;

--
-- Dumping data for table `tbl_subpages`
--

INSERT INTO `tbl_subpages` VALUES(49, 44, 'introduction', 'introduction', '', 0, '', '', '', '', '', '');
INSERT INTO `tbl_subpages` VALUES(50, 44, 'https://e-court.ca/about/benefits.php', 'Benefits', 'Benifits with us', 0, '', '', 'E-Court Benefits', 'E-Court Benefits', 'E-Court Benefits', 'Enabled');
INSERT INTO `tbl_subpages` VALUES(51, 44, 'https://e-court.ca/about/scope.php', 'Scope-Legal', '', 0, '', '', 'Scope - Legal', 'Scope - Legal', 'Scope - Legal', 'Enabled');
INSERT INTO `tbl_subpages` VALUES(52, 44, 'https://e-court.ca/about/directorate.php', 'Directorate', '', 0, '', '', 'Directorate', 'Directorate', 'Directorate', 'Enabled');
INSERT INTO `tbl_subpages` VALUES(53, 44, 'https://e-court.ca/about/supervisory-board.php', 'Supervisory', '', 0, '', '', 'Supervisory ', 'Supervisory ', 'Supervisory ', 'Enabled');
INSERT INTO `tbl_subpages` VALUES(54, 44, 'https://e-court.ca/about/committee_of_recommendation.php', 'Advisory Council', '', 0, '', '', 'Advisory Council', 'Advisory Council', 'Advisory Council', 'Enabled');
INSERT INTO `tbl_subpages` VALUES(55, 44, 'https://e-court.ca/about/originating_partners.php', 'Origin Partners', '', 0, '', '', 'Origin - Partners', 'Origin - Partners', 'Origin - Partners', 'Enabled');
INSERT INTO `tbl_subpages` VALUES(56, 44, 'https://e-court.ca/about/partners5.php', 'e-Court & ADR', '', 0, '', '', 'e-Court & ADR ', 'e-Court & ADR ', 'e-Court & ADR ', 'Enabled');
INSERT INTO `tbl_subpages` VALUES(57, 44, 'https://e-court.ca/about/general_conditions.php', 'Articles', '', 0, '', '', 'Articles', 'Articles', 'Articles', 'Enabled');
INSERT INTO `tbl_subpages` VALUES(58, 44, 'https://e-court.ca/about/privacy.php', 'Privacy', '', 0, '', '', 'Privacy', 'Privacy', 'Privacy', 'Enabled');
INSERT INTO `tbl_subpages` VALUES(59, 44, 'https://e-court.ca/about/legal.php', 'Legal Info', '', 0, '', '', 'Legal Info', 'Legal Info', 'Legal Info', 'Enabled');
INSERT INTO `tbl_subpages` VALUES(60, 44, 'https://e-court.ca/about/copyright.php', 'Copyright', '', 0, '', '', 'Copyright', 'Copyright', 'Copyright', 'Enabled');
INSERT INTO `tbl_subpages` VALUES(61, 44, 'https://e-court.ca/about/in_the_news.php', 'In the News', '', 0, '', '', 'In the News', 'In the News', 'In the News', 'Enabled');
INSERT INTO `tbl_subpages` VALUES(62, 44, 'https://e-court.ca/about/ADR-ECOURT.php', 'e-Court vs ADR', '', 0, '', '', 'e-Court vs.ADR', 'e-Court vs.ADR', 'e-Court vs.ADR', 'Enabled');
INSERT INTO `tbl_subpages` VALUES(63, 60, 'https://e-court.ca/how_it_works/index.php', 'INTRODUCTION', 'Work like it', 0, '', '', 'INTRODUCTION', 'INTRODUCTION', 'INTRODUCTION', 'Enabled');
INSERT INTO `tbl_subpages` VALUES(64, 60, 'https://e-court.ca/how_it_works/smallclaims.php', 'Small Claims', '', 0, '', '', 'Small Claims', 'Small Claims', 'Small Claims', 'Enabled');
INSERT INTO `tbl_subpages` VALUES(65, 60, 'https://e-court.ca/how_it_works/how.php', 'How it works', '', 0, '', '', 'How it works', 'How it works', 'How it works', 'Enabled');
INSERT INTO `tbl_subpages` VALUES(66, 60, 'https://e-court.ca/how_it_works/civil_cases.php', 'Civil Law', '', 0, '', '', 'Civil Law', 'Civil Law', 'Civil Law', 'Enabled');
INSERT INTO `tbl_subpages` VALUES(67, 60, 'https://e-court.ca/how_it_works/standard_procedure.php', 'Standard', '', 0, '', '', 'Standard', 'Standard', 'Standard', 'Enabled');
INSERT INTO `tbl_subpages` VALUES(68, 60, 'https://e-court.ca/how_it_works/appeal_process.php', 'Appeals', '', 0, '', '', 'Appeals', 'Appeals', 'Appeals', 'Enabled');
INSERT INTO `tbl_subpages` VALUES(69, 60, 'https://e-court.ca/how_it_works/a_real_sentence.php', 'Legally Binding', '', 0, '', '', 'Legally Binding', 'Legally Binding', 'Legally Binding', 'Enabled');
INSERT INTO `tbl_subpages` VALUES(70, 60, 'https://e-court.ca/how_it_works/member_of_e-Court.php', 'Membership', '', 0, '', '', 'Membership', 'Membership', 'Membership', 'Enabled');
INSERT INTO `tbl_subpages` VALUES(71, 60, 'https://e-court.ca/how_it_works/join.php', 'Join us', '', 0, '', '', 'Join us', 'Join us', 'Join us', 'Enabled');
INSERT INTO `tbl_subpages` VALUES(72, 60, 'https://e-court.ca/how_it_works/regulation.php', 'Regulations', '', 0, '', '', 'Regulations', 'Regulations', 'Regulations', 'Enabled');
INSERT INTO `tbl_subpages` VALUES(73, 60, 'https://e-court.ca/how_it_works/FindaLawyer5.php', 'Find Arbitrator', '', 0, '', '', 'Find Arbitrator', 'Find Arbitrator', 'Find Arbitrator', 'Enabled');
INSERT INTO `tbl_subpages` VALUES(74, 61, 'https://e-court.ca/find_a_lawyer/index.php', 'INTRODUCTION', '', 0, '', '', 'INTRODUCTION', 'INTRODUCTION', 'INTRODUCTION', 'Enabled');
INSERT INTO `tbl_subpages` VALUES(75, 61, 'https://e-court.ca/EthicalPrinciples.pdf', 'Ethics', '', 0, '', '', 'Ethics', 'Ethics', 'Ethics', 'Enabled');
INSERT INTO `tbl_subpages` VALUES(76, 61, 'https://e-court.ca/find_a_lawyer/profiles.php', 'Profiles', '', 0, '', '', 'Profiles', 'Profiles', 'Profiles', 'Enabled');
INSERT INTO `tbl_subpages` VALUES(77, 61, 'https://e-court.ca/find_a_lawyer/selectionboard.php', 'Selection', '', 0, '', '', 'Selection', 'Selection', 'Selection', 'Enabled');
INSERT INTO `tbl_subpages` VALUES(78, 61, 'https://e-court.ca/find_a_lawyer/selectionprocedures.php', 'Procedures', '', 0, '', '', 'Procedures', 'Procedures', 'Procedures', 'Enabled');
INSERT INTO `tbl_subpages` VALUES(79, 61, 'https://e-court.ca/find_a_lawyer/first-choice.php', 'Listing', '', 0, '', '', 'Listing', 'Listing', 'Listing', 'Enabled');
INSERT INTO `tbl_subpages` VALUES(80, 61, 'https://e-court.ca/how_it_works/FindaLawyer5.php', 'Find Arbitrator', '', 0, '', '', 'Find Arbitrator', 'Find Arbitrator', 'Find Arbitrator', 'Enabled');
INSERT INTO `tbl_subpages` VALUES(81, 62, 'https://e-court.ca/costs/index.php', 'INTRODUCTION', '', 0, '', '', 'INTRODUCTION', 'INTRODUCTION', 'INTRODUCTION', 'Enabled');
INSERT INTO `tbl_subpages` VALUES(82, 62, 'https://e-court.ca/costs/membership5.php', 'Membership', '', 0, '', '', 'Membership', 'Membership', 'Membership', 'Enabled');
INSERT INTO `tbl_subpages` VALUES(83, 62, 'https://e-court.ca/costs/court_fee.php', 'Court Fees', '', 0, '', '', 'Court Fees', 'Court Fees', 'Court Fees', 'Enabled');
INSERT INTO `tbl_subpages` VALUES(84, 62, 'https://e-court.ca/costs/escrow5.php', 'Escrow', '', 0, '', '', 'Escrow', 'Escrow', 'Escrow', 'Enabled');
INSERT INTO `tbl_subpages` VALUES(85, 62, 'https://e-court.ca/costs/costs_hearings.php', 'Hearing Costs', '', 0, '', '', 'Hearing Costs', 'Hearing Costs', 'Hearing Costs', 'Enabled');
INSERT INTO `tbl_subpages` VALUES(86, 62, 'https://e-court.ca/costs/attestations.php', 'Attestation', '', 0, '', '', 'Attestation', 'Attestation', 'Attestation', 'Enabled');
INSERT INTO `tbl_subpages` VALUES(87, 62, 'https://e-court.ca/costs/extrajudicial.php', 'Extra Judicial', '', 0, '', '', 'Extra Judicial', 'Extra Judicial', 'Extra Judicial', 'Enabled');
INSERT INTO `tbl_subpages` VALUES(88, 62, 'https://e-court.ca/costs/judicial.php', 'Judicial', '', 0, '', '', 'Judicial', 'Judicial', 'Judicial', 'Enabled');
INSERT INTO `tbl_subpages` VALUES(89, 62, 'https://e-court.ca/costs/other.php', 'Other', '', 0, '', '', 'Other', 'Other', 'Other', 'Enabled');
INSERT INTO `tbl_subpages` VALUES(90, 63, 'https://e-court.ca/registration/index.php', 'INTRODUCTION', '', 0, '', '', 'INTRODUCTION', 'INTRODUCTION', 'INTRODUCTION', 'Enabled');
INSERT INTO `tbl_subpages` VALUES(91, 63, 'https://e-court.ca/registration/member_of_e-Court.php', 'Member', '', 0, '', '', 'Member', 'Member', 'Member', 'Enabled');
INSERT INTO `tbl_subpages` VALUES(92, 63, 'https://e-court.ca/registration/register.php', 'REGISTRATION', '', 0, '', '', 'REGISTRATION', 'REGISTRATION', 'REGISTRATION', 'Enabled');
INSERT INTO `tbl_subpages` VALUES(93, 63, 'demos', 'Demos', '', 0, '', '', 'Demo''s', 'Demo''s', 'Demo''s', 'Enabled');
INSERT INTO `tbl_subpages` VALUES(94, 63, 'login', 'LOGIN', '', 0, '', '', 'LOGIN ', 'LOGIN ', 'LOGIN ', 'Enabled');
INSERT INTO `tbl_subpages` VALUES(95, 63, 'https://e-court.ca/faq/index.php', 'FAQ', '', 0, '', '', 'FAQ', 'FAQ', 'FAQ', 'Enabled');
INSERT INTO `tbl_subpages` VALUES(96, 65, 'introduction', 'Introduction', '', 0, '', '', '', '', '', 'Enabled');
INSERT INTO `tbl_subpages` VALUES(97, 65, 'reg_member', 'Member', '', 0, '', '', '', '', '', 'Enabled');
INSERT INTO `tbl_subpages` VALUES(98, 65, 'register', 'Registration', '', 0, '', '', '', '', '', 'Enabled');
INSERT INTO `tbl_subpages` VALUES(99, 66, 'introduction', 'INTRODUCTION', '', 0, '', '', '', '', '', 'Enabled');
INSERT INTO `tbl_subpages` VALUES(100, 66, 'bench lawyers', 'Bench Lawyers', '', 0, '', '', '', '', '', 'Enabled');
INSERT INTO `tbl_subpages` VALUES(101, 66, 'arbitrators', 'Arbitrators', '', 0, '', '', '', '', '', 'Enabled');
INSERT INTO `tbl_subpages` VALUES(102, 66, 'notaries', 'Notaries', '', 0, '', '', '', '', '', 'Enabled');
INSERT INTO `tbl_subpages` VALUES(103, 66, 'insurance co''s', 'Insurance Co''s', '', 0, '', '', '', '', '', 'Enabled');
INSERT INTO `tbl_subpages` VALUES(104, 66, 'companies', 'Companies', '', 0, '', '', '', '', '', 'Enabled');
INSERT INTO `tbl_subpages` VALUES(105, 66, 'private', 'Private', '', 0, '', '', '', '', '', 'Enabled');
INSERT INTO `tbl_subpages` VALUES(106, 66, 'bailiffs', 'Bailiffs', '', 0, '', '', '', '', '', 'Enabled');
INSERT INTO `tbl_subpages` VALUES(107, 66, 'security', 'Security', '', 0, '', '', '', '', '', 'Enabled');
INSERT INTO `tbl_subpages` VALUES(108, 67, 'myDossiers', 'Demo - Start', '', 0, '', '', '', '', '', 'Enabled');
INSERT INTO `tbl_subpages` VALUES(109, 67, 'standardProcedure', 'Demo - Standard', '', 0, '', '', '', '', '', 'Enabled');
INSERT INTO `tbl_subpages` VALUES(110, 67, 'appealProcedure', 'Demo - Appeal', '', 0, '', '', '', '', '', 'Enabled');
INSERT INTO `tbl_subpages` VALUES(111, 60, 'https://e-court.ca/hearings/index.php', 'Hearing', '', 0, '', '', '', '', '', '');

-- --------------------------------------------------------

--
-- Table structure for table `tbl_team_member`
--

CREATE TABLE `tbl_team_member` (
  `member_id` int(11) NOT NULL AUTO_INCREMENT,
  `email` varchar(500) NOT NULL,
  `fullname` varchar(255) NOT NULL,
  `images` varchar(5000) NOT NULL,
  `phone` bigint(14) NOT NULL,
  `cover_photo` varchar(1000) NOT NULL,
  `about_me` varchar(500) NOT NULL,
  `facebook_link` text CHARACTER SET utf8 NOT NULL,
  `twitter_link` text CHARACTER SET utf8 NOT NULL,
  `pinterest_link` text CHARACTER SET utf8 NOT NULL,
  `google_plus_link` text CHARACTER SET utf8 NOT NULL,
  `linkedin_link` text CHARACTER SET utf8 NOT NULL,
  `instagram_link` text CHARACTER SET utf8 NOT NULL,
  `skype_id` text CHARACTER SET utf8 NOT NULL,
  `youtube_link` text CHARACTER SET utf8 NOT NULL,
  `status` varchar(10) CHARACTER SET utf8 NOT NULL,
  PRIMARY KEY (`member_id`)
) ENGINE=InnoDB  DEFAULT CHARSET=latin1 AUTO_INCREMENT=4 ;

--
-- Dumping data for table `tbl_team_member`
--

INSERT INTO `tbl_team_member` VALUES(1, 'ashish.sws@gmail.com', 'Ashish Sharma', '67136457a1.jpg', 999999999, '', '<p>adfdsf dfdasfdsfsadfdsf dfdasfdsfsadfdsf dfdasfdsfsadfdsf dfdasfdsfsadfdsf dfdasfdsfsadfdsf dfdasfdsfsadfdsf dfdasfdsfs</p>\r\n', 'http://facebook.com', 'http://twitter.com', 'http://twitter.com', 'google.com', 'http://twitter.com', 'http://twitter.com', 'http://twitter.com', 'http://twitter.com', 'Enabled');
INSERT INTO `tbl_team_member` VALUES(2, 'adsfdsfdsfd@gmail.com', 'Manj', '49967374a3.jpg', 999999999, '', '<p>dsf dfdsf dfsfddsfdsf dfdsf dfsfddsfdsf dfdsf dfsfddsfdsf dfdsf dfsfddsfdsf dfdsf dfsfddsfdsf dfdsf dfsfddsfdsf dfdsf dfsfddsfdsf dfdsf dfsfddsfdsf dfdsf dfsfddsfdsf dfdsf dfsfddsfdsf dfdsf dfsfddsfdsf dfdsf dfsfddsfdsf dfdsf dfsfddsfdsf dfdsf dfsfddsf</p>\r\n', 'http://facebook.com', 'http://twitter.com', 'http://twitter.com', 'google.com', 'http://twitter.com', 'http://twitter.com', 'http://twitter.com', 'http://twitter.com', 'Enabled');
INSERT INTO `tbl_team_member` VALUES(3, 'IthenPeter@gmail.com', 'Ithen Peter', '5902a5.jpg', 0, '', '<p>Ithen PeterIthen PeterIthen PeterIthen PeterIthen PeterIthen PeterIthen PeterIthen PeterIthen PeterIthen PeterIthen PeterIthen PeterIthen PeterIthen PeterIthen Peter</p>\r\n', 'http://facebook.com', 'http://twitter.com', 'http://pinterest.com', 'http://google.com', 'http://linkedin.com', '', '', '', 'Enabled');

-- --------------------------------------------------------

--
-- Table structure for table `tbl_testimonial`
--

CREATE TABLE `tbl_testimonial` (
  `test_id` int(7) NOT NULL AUTO_INCREMENT,
  `cl_name` varchar(20) NOT NULL,
  `content` text NOT NULL,
  `images` varchar(500) NOT NULL,
  `designation` varchar(20) NOT NULL,
  `website` varchar(200) CHARACTER SET utf8 NOT NULL,
  `facebook_link` text CHARACTER SET utf8 NOT NULL,
  `twitter_link` text CHARACTER SET utf8 NOT NULL,
  `linkeding_link` text CHARACTER SET utf8 NOT NULL,
  `google_plus` text CHARACTER SET utf8 NOT NULL,
  `status` varchar(20) NOT NULL,
  PRIMARY KEY (`test_id`)
) ENGINE=InnoDB  DEFAULT CHARSET=latin1 AUTO_INCREMENT=15 ;

--
-- Dumping data for table `tbl_testimonial`
--

INSERT INTO `tbl_testimonial` VALUES(9, 'Ashish Sharma', '<p>Lorem Ipsum is simply dummy text of the printing and typesetting industry. Lorem Ipsum has been the industry&#39;s standard dummy</p>\r\n', '6457a1.jpg', 'CEO', 'http://ashish.com', 'http://facebook.com', 'http://twitter.com', 'http://linkedin.com', 'http://google.com', 'Enabled');
INSERT INTO `tbl_testimonial` VALUES(10, 'Abhay Pandey', '<p>Lorem Ipsum is simply dummy text of the printing and typesetting industry. Lorem Ipsum has been the industry&#39;s standard dummy</p>\r\n', '7992a2.jpg', 'CEO', 'http://swatiwebtechnologies.com', 'http://facebook.com', 'http://twitter.com', 'http://linkedin.com', 'http://google.com', 'Enabled');
INSERT INTO `tbl_testimonial` VALUES(11, 'John Player', '<p>Lorem Ipsum is simply dummy text of the printing and typesetting industry. Lorem Ipsum has been the industry&#39;s standard dummy</p>\r\n', '4321a4.jpg', 'CEO', 'http://ashish.com', 'http://facebook.com', 'http://twitter.com', 'http://linkedin.com', 'http://google.com', 'Enabled');
INSERT INTO `tbl_testimonial` VALUES(12, 'Jennifer Lopez', '<p>Lorem Ipsum is simply dummy text of the printing and typesetting industry. Lorem Ipsum has been the industry&#39;s standard dummy</p>\r\n', '3562a3.jpg', 'CEO', 'http://ashish.com', 'http://facebook.com', 'http://twitter.com', 'http://linkedin.com', 'http://google.com', 'Enabled');
INSERT INTO `tbl_testimonial` VALUES(13, 'Peter Colins', '<p>Lorem Ipsum is simply dummy text of the printing and typesetting industry. Lorem Ipsum has been the industry&#39;s standard dummy</p>\r\n', '2287a7.jpg', 'MD', 'http://ashish.com', 'http://facebook.com', 'http://twitter.com', 'http://linkedin.com', 'http://google.com', 'Enabled');
INSERT INTO `tbl_testimonial` VALUES(14, 'Jully Jane', '<p>Lorem Ipsum is simply dummy text of the printing and typesetting industry. Lorem Ipsum has been the industry&#39;s standard dummy</p>\r\n', '2899a6.jpg', 'MD', 'http://ashish.com', 'http://facebook.com', 'http://twitter.com', 'http://linkedin.com', 'http://google.com', 'Enabled');

-- --------------------------------------------------------

--
-- Table structure for table `trash_msg`
--

CREATE TABLE `trash_msg` (
  `trash_id` int(11) NOT NULL AUTO_INCREMENT,
  `in_id` int(11) NOT NULL,
  `to_id` int(11) NOT NULL,
  `from_id` int(11) NOT NULL,
  `message` varchar(255) NOT NULL,
  `subject` varchar(1000) NOT NULL,
  `date_time` datetime NOT NULL,
  PRIMARY KEY (`trash_id`)
) ENGINE=InnoDB  DEFAULT CHARSET=latin1 AUTO_INCREMENT=3 ;

--
-- Dumping data for table `trash_msg`
--

INSERT INTO `trash_msg` VALUES(1, 9, 1, 7876, 'hiiiiiiiiiiiiiiiiiiii', '', '2014-09-18 00:00:00');
INSERT INTO `trash_msg` VALUES(2, 10, 1, 7873, 'hiiiiiiiiiiiiiiiiiiii', '', '2014-09-18 00:00:00');

-- --------------------------------------------------------

--
-- Table structure for table `user`
--

CREATE TABLE `user` (
  `user_id` int(11) NOT NULL AUTO_INCREMENT,
  `username` varchar(255) NOT NULL,
  `password` varchar(255) NOT NULL,
  `u_user` varchar(255) NOT NULL,
  `u_pw` varchar(255) NOT NULL,
  `email` varchar(500) NOT NULL,
  `images` varchar(5000) NOT NULL,
  `firstname` varchar(255) NOT NULL,
  `lastname` varchar(255) NOT NULL,
  `adress` varchar(255) NOT NULL,
  `city` varchar(255) NOT NULL,
  `state_id` int(11) NOT NULL,
  `postcode` int(11) NOT NULL,
  `country_id` int(11) DEFAULT NULL,
  `phone` varchar(20) NOT NULL,
  `dob` date NOT NULL,
  `gender` varchar(10) NOT NULL,
  `maritalstatus` varchar(10) NOT NULL,
  `occupation` varchar(255) NOT NULL,
  `fav_quotes` varchar(255) NOT NULL,
  `hobbies` varchar(255) NOT NULL,
  `news` varchar(255) NOT NULL,
  `homepage` varchar(255) NOT NULL,
  `cover_photo` varchar(1000) NOT NULL,
  `about_me` varchar(500) NOT NULL,
  `reg_type_id` int(11) NOT NULL,
  `firm` varchar(255) NOT NULL,
  `org_date` date NOT NULL,
  `newsletter` varchar(5) NOT NULL,
  `province_id` int(11) NOT NULL,
  `legal_type` varchar(255) NOT NULL,
  `admin_exp` varchar(1000) NOT NULL,
  `pro_desc` varchar(1000) NOT NULL,
  `service_id` int(11) NOT NULL,
  `reg_date` timestamp NULL DEFAULT CURRENT_TIMESTAMP,
  `skype_id` varchar(255) NOT NULL,
  `motivation` varchar(500) NOT NULL,
  `profession` varchar(255) NOT NULL,
  `la_id` int(11) NOT NULL,
  `Aca_title` varchar(10) NOT NULL,
  `Aca_degree` varchar(100) NOT NULL,
  `all_languages` varchar(255) NOT NULL,
  `global_mind` varchar(255) NOT NULL,
  `int_subCat_id` varchar(255) NOT NULL,
  `fax` varchar(255) NOT NULL,
  `mob_phone` varchar(20) NOT NULL,
  `birth_place` varchar(50) NOT NULL,
  `work_field` varchar(500) NOT NULL,
  `work_address` varchar(500) NOT NULL,
  `work_email` varchar(100) NOT NULL,
  `work_phone` varchar(20) NOT NULL,
  `work_mob_phone` varchar(20) NOT NULL,
  `work_fax` int(11) NOT NULL,
  `role_model` varchar(100) NOT NULL,
  `family` varchar(500) NOT NULL,
  `other` varchar(1000) NOT NULL,
  `prof_id` int(11) NOT NULL,
  `street` varchar(255) NOT NULL,
  `work_street` varchar(255) NOT NULL,
  `work_province` int(11) NOT NULL,
  `work_town` varchar(100) NOT NULL,
  `work_postcode` bigint(14) NOT NULL,
  `comp_name` varchar(255) NOT NULL,
  `comp_website` varchar(100) NOT NULL,
  `CHECKBOX` int(11) NOT NULL DEFAULT '0',
  PRIMARY KEY (`user_id`)
) ENGINE=InnoDB  DEFAULT CHARSET=latin1 AUTO_INCREMENT=7906 ;

--
-- Dumping data for table `user`
--

INSERT INTO `user` VALUES(1, 'deepti123', 'deepti123', 'admin_court', 'useradmin', 'admin@gmail.com', 'profile_small.jpg', 'Deepti', 'Sahu', 'Bhopal', 'Bhopal', 8, 453546, 1, '755-4565461', '1970-05-21', 'Female', '', '', '', '', '', 'www.abcworld.com', 's1.jpg', 'Web Developer', 1, '', '0000-00-00', '0', 1, '1', '', '', 0, '2014-08-31 10:36:16', 'deepti.sahu96', '', '', 1, '', '', '', 'abc', '2', '456456', '+91-000000000', 'Ottawa', '', '', '', '', '', 0, '', '', '', 1, '', '', 0, '', 0, 'Swati web', '', 1);
INSERT INTO `user` VALUES(2, 'Deepti987', 'Deepti987', '', '', 'Deepti@gmail.com', '5.png', 'Jagruti', 'Sahu', '795 Folsom Ave, Suite 600', '', 24, 123456, 56, '9865524109', '1970-01-25', 'Female', '', '', '', '', '', '', 'p3.jpg', 'I am a Lawyer', 2, '', '0000-00-00', '0', 12, '5', '', '', 0, '2014-09-02 10:36:16', 'Jagruti1970', '', '', 5, '', '', '', '', '0', '', '0', '', '', '', '', '', '', 0, '', '', '', 2, '', '', 0, '', 0, 'e-Court', '', 0);
INSERT INTO `user` VALUES(7872, 'john', 'smith123', '', '', 'ad@gmail.com', '4.png', 'John', 'Smith', 'New York', '', 10, 111458, 10, '8245570699', '1976-08-09', 'Male', '', '', '', '', '', '', 'p4.jpg', 'Lorem Ipsum is simply dummy text of the printing and typesetting industry. Lorem Ipsum has been the industry''s standard dummy text ever since the 1500s.', 3, '', '0000-00-00', '0', 5, '3', '', '', 0, '2014-08-28 10:36:16', 'John.1976', '', '', 3, '', '', '', '', '0', '', '0', '', '', '', '', '', '', 0, '', '', '', 3, '', '', 0, '', 0, '', '', 0);
INSERT INTO `user` VALUES(7873, 'zimber', 'mic@123', '', '', '45@gmail.com', '3.png', 'Michael ', 'Zimber', 'US', '', 8, 45378, 5, '7522685109', '1976-04-11', 'Male', '', '', '', '', '', '', 'p5.jpg', 'Lorem Ipsum is simply dummy text of the printing and typesetting industry.', 6, '', '0000-00-00', '0', 9, '0', '', '', 0, '2014-08-30 10:36:16', 'michael.1976', '', '', 0, '', '', '', '', '0', '', '0', '', '', '', '', '', '', 0, '', '', '', 0, '', '', 0, '', 0, '', '', 0);
INSERT INTO `user` VALUES(7876, 'ad918273', '123456', '', '', '123@gmail.com', 'profile_small.jpg', 'Arianna ', 'Morris', 'dfg', 'bhopal', 25, 462010, 99, '6572225858', '1978-03-30', 'Female', '', '', '', 'sfdg', 'dgf', 'http://eyemedianetwork.com/', '', '', 7, 'dfg', '0000-00-00', '0', 6, '0', 'srfg', '', 0, '2014-09-10 10:36:16', 'Arianna848', '', '', 0, '', '', '', '', '0', '', '0', '', '', '', '', '', '', 0, '', '', '', 0, '', '', 0, '', 0, '', '', 0);
INSERT INTO `user` VALUES(7877, 'Andrew', '9898989', '', '', 'andrew@gmail.com', '3.png', 'Aandrew', 'Thompson', '', '', 41, 4562, 56, '9854562710', '1978-03-30', 'Male', '', '', '', '', '', '', '', '', 12, '', '0000-00-00', '', 10, '', '', '', 0, '2014-09-22 17:16:03', 'Thompson.989898', '', '', 0, '', '', '', '', '0', '', '0', '', '', '', '', '', '', 0, '', '', '', 0, '', '', 0, '', 0, '', '', 0);
INSERT INTO `user` VALUES(7878, 'Kevin', 'abcdef', '', '', 'kevin@gmail.com', 'a7.jpg', 'kevin', 'dew', '', '', 10, 8987, 32, '9685541289', '1976-04-11', 'Male', '', '', '', '', '', '', '', '', 13, '', '0000-00-00', '', 11, '', '', '', 0, '2014-09-22 17:16:03', 'kevin.dew', '', '', 0, '', '', '', '', '0', '', '0', '', '', '', '', '', '', 0, '', '', '', 0, '', '', 0, '', 0, '', '', 0);
INSERT INTO `user` VALUES(7879, 'amol', 'amol123456', '', '', 'amiol@gmail.com', 'a1.jpg', 'amol', 'smith', '', '', 30, 5200, 65, '9987456219', '1976-08-09', 'Male', '', '', '', '', '', '', '', '', 8, '', '0000-00-00', '', 13, '', '', '', 0, '2014-09-24 16:40:42', '88amol', '', '', 0, '', '', '', '', '0', '', '0', '', '', '', '', '', '', 0, '', '', '', 0, '', '', 0, '', 0, '', '', 0);
INSERT INTO `user` VALUES(7880, 'stuart', 'user123123', '', '', 'stuart@gmail.com', 'a2.jpg', 'stuart', 'Essis', '', '', 39, 5965, 89, '9788546288', '1976-08-09', 'Male', '', '', '', '', '', '', '', '', 8, '', '0000-00-00', '', 3, '', '', '', 0, '2014-09-24 16:45:35', 'EssisABC', '', '', 0, '', '', '', '', '0', '', '0', '', '', '', '', '', '', 0, '', '', '', 0, '', '', 0, '', 0, '', '', 0);
INSERT INTO `user` VALUES(7881, 'abcxyz', 'albina954', '', '', 'albina@gmail.com', '1.png', 'albina', 'emma', '', '', 25, 9515, 32, '9987456321', '1970-05-21', 'Female', '', '', '', '', '', '', '', '', 9, '', '0000-00-00', '', 4, '', '', '', 0, '2014-09-24 16:45:35', '357albina', '', '', 0, '', '', '', '', '0', '', '0', '', '', '', '', '', '', 0, '', '', '', 0, '', '', 0, '', 0, '', '', 0);
INSERT INTO `user` VALUES(7882, 'huzen', '9798798', '', '', 'huzen@gmail.com', 'sunny.png', 'huzen', 'essis', '', '', 37, 6354, 32, '9898454520', '1970-01-25', 'Male', '', '', '', '', '', '', '', '', 10, '', '0000-00-00', '', 7, '', '', '', 0, '2014-09-24 16:45:58', 'huzenSunny', '', '', 0, '', '', '', '', '0', '', '0', '', '', '', '', '', '', 0, '', '', '', 0, '', '', 0, '', 0, '', '', 0);
INSERT INTO `user` VALUES(7883, 'chris', 'abcdefghij', '', '', 'chris@gmail.com', 'a4.jpg', 'chris', 'thomson', '', '', 41, 5345, 100, '9654821375', '1976-08-09', 'Male', '', '', '', '', '', '', '', '', 11, '', '0000-00-00', '', 2, '', '', '', 0, '2014-09-24 16:45:58', 'chris@123', '', '', 0, '', '', '', '', '0', '', '0', '', '', '', '', '', '', 0, '', '', '', 0, '', '', 0, '', 0, '', '', 0);
INSERT INTO `user` VALUES(7889, 'deepti', '$gsqE0PU', '', '', 'jagruti4610gmail.com', '3541Chrysanthemum.jpg', 'deepti', 'sahu', 'bhopal', 'Bhopal', 7, 462010, 89, '9898989889', '1998-02-03', 'Female', '', 'web developer', 'Alwz Smile', '', 'nothing', 'www.abc.com', '', '', 1, '', '0000-00-00', 'yes', 2, '', '', '', 0, '2014-10-14 16:17:53', 'deepti1990', '', '', 0, '', '', '', '', '0', '', '0', '', '', '', '', '', '', 0, '', '', '', 0, '', '', 0, '', 0, '', '', 0);
INSERT INTO `user` VALUES(7890, 'annie', '0$Y76K3q', '', '', 'jagruti4610gmail.com', 'annie.jpg', 'Annie', 'Arnold', '', '', 36, 5646, 2, '9856455074', '1982-02-18', 'Female', '', '', '', '', '', '', '', '', 1, '', '0000-00-00', '', 1, '', '', '', 0, '2014-10-14 17:45:58', 'numAnnie', '', '', 0, '', '', '', '', '0', '', '0', '', '', '', '', '', '', 0, '', '', '', 0, '', '', 0, '', 0, '', '', 0);
INSERT INTO `user` VALUES(7891, 'ellen', 'r(pKw)ZF', '', '', 'deepti129.swt@gmail.com', 'ellen.jpg', 'Ellen', 'Arnold', '', '', 42, 9987, 18, '9986152207', '1981-09-18', 'Female', '', '', '', '', '', '', '', '', 1, '', '0000-00-00', '', 2, '', '', '', 0, '2014-10-14 18:16:17', 'EllenArnold', '', '', 0, '', '', '', '', '0', '', '0', '', '', '', '', '', '', 0, '', '', '', 0, '', '', 0, '', 0, '', '', 0);
INSERT INTO `user` VALUES(7901, 'petrick', 'petrick987', '', '', 'a1@gmail.com', '1989Chrysanthemum.jpg', 'Petrick', 'Corden', 'a1', 'a1', 9, 453546, 4, '6572225858', '1984-05-28', 'Male', '', '', '', '', '', 'a1', '', '', 1, '', '0000-00-00', '', 2, '', '', '', 0, '2014-10-31 02:55:34', 'petrick0101', '', '', 0, '', '', '', '', '', '', '', '', '', '', '', '', '', 0, '', '', '', 0, '', '', 0, '', 0, '', '', 0);
INSERT INTO `user` VALUES(7902, 'nyla', 'nyla123', '', '', 'nyla@gmail.com', 'nyla.jpg', 'Nyla ', 'Gagnon', 'arb canada', 'canada', 11, 9898, 69, '9999999999', '1987-06-12', 'Female', '', '', '', '', 'nothng\r\n', 'www.arb.com', '', '', 6, '', '0000-00-00', 'yes', 10, '', 'arb desc.', '', 0, '2014-11-03 23:35:28', 'nyla_gagnon', '', '', 15, '', '', '', '', '', '', '', '', '', '', '', '', '', 0, '', '', '', 0, '', '', 0, '', 0, '', '', 0);
INSERT INTO `user` VALUES(7903, 'brandon', '?o&a(jU.', '', '', 'brandon@gmail.com', 'brandon.jpg', 'Brandon', 'Lee', 'a1', 'a1', 32, 3434, 84, '9898989898', '1981-12-19', 'Male', '', '', '', '', 'asdfghj', 'www.arb.com', '', '', 6, '', '0000-00-00', '', 11, '', 'sdfhjk', '', 0, '2014-11-03 23:39:39', 'brandonLee', '', '', 30, '', '', '', '', '', '', '', '', '', '', '', '', '', 0, '', '', '', 0, '', '', 0, '', 0, '', '', 0);
INSERT INTO `user` VALUES(7904, 'petrick', 'wlRvhKg;', '', '', 'petrick@gmail.com', 'm_ad.jpg', 'Michael ', 'Adamthwaite', 'a1', 'a1', 13, 3434, 84, '9898989898', '1981-12-19', 'Male', '', '', '', '', 'asdfghj', 'www.arb.com', '', '', 6, '', '0000-00-00', '', 11, '', 'sdfhjk', '', 0, '2014-11-03 23:41:53', 'adom_09876', '', '', 30, '', '', '', '', '', '', '', '', '', '', '', '', '', 0, '', '', '', 0, '', '', 0, '', 0, '', '', 0);
INSERT INTO `user` VALUES(7905, 'm_douglas', ')3U,C+-Y', '', '', 'douglas@gmail.com', '1989Chrysanthemum.jpg', 'Michael ', 'Douglas', '', '', 44, 1119, 200, '9887455503', '1975-01-12', 'Male', '', '', '', '', '', '', '', '', 6, '', '0000-00-00', '', 8, '', '', '', 0, '2014-11-03 23:43:22', 'douglas_1991', '', '', 4, '', '', '', '', '', '', '', '', '', '', '', '', '', 0, '', '', '', 0, '', '', 0, '', 0, '', '', 0);

-- --------------------------------------------------------

--
-- Table structure for table `user_inbox`
--

CREATE TABLE `user_inbox` (
  `in_id` bigint(20) NOT NULL AUTO_INCREMENT,
  `from_id` bigint(20) NOT NULL,
  `to_id` bigint(20) NOT NULL,
  `subject` varchar(500) NOT NULL,
  `message` tinytext NOT NULL,
  `status` varchar(11) NOT NULL,
  `date_time` timestamp NOT NULL DEFAULT CURRENT_TIMESTAMP,
  PRIMARY KEY (`in_id`)
) ENGINE=InnoDB  DEFAULT CHARSET=latin1 AUTO_INCREMENT=9 ;

--
-- Dumping data for table `user_inbox`
--

INSERT INTO `user_inbox` VALUES(1, 2, 1, 'Thanks', 'Hello Dear,<br /><br /><br />', 'read', '2014-08-11 23:31:37');
INSERT INTO `user_inbox` VALUES(2, 2, 1, 'you are', 'how r u?', 'unread', '2014-08-12 23:33:22');
INSERT INTO `user_inbox` VALUES(3, 1, 2, 'test 2', 'Just Check', 'unread', '2014-08-29 00:04:05');
INSERT INTO `user_inbox` VALUES(4, 7872, 1, 'Test3', 'hiiiiiii', 'unread', '2014-08-28 23:37:35');
INSERT INTO `user_inbox` VALUES(5, 7873, 1, 'test4', 'hello, this is test message', 'unread', '2014-08-29 23:37:35');
INSERT INTO `user_inbox` VALUES(6, 1, 7872, 'test 5', 'Lorem ipsum 1', 'unread', '2014-08-30 00:05:15');
INSERT INTO `user_inbox` VALUES(7, 1, 7873, 'test6', 'Lorem ipsum 2', 'unread', '2014-08-30 00:07:51');
INSERT INTO `user_inbox` VALUES(8, 7, 7873, 'test6', 'Lorem ipsum 3', 'unread', '2014-08-30 00:08:15');
